{"id":18667,"date":"2014-07-16T12:02:56","date_gmt":"2014-07-16T09:02:56","guid":{"rendered":"http:\/\/the7.dream-demo.com\/?page_id=18667"},"modified":"2020-06-22T09:16:04","modified_gmt":"2020-06-22T07:16:04","slug":"twoj-koszyk","status":"publish","type":"page","link":"https:\/\/www.fabrykachlodu.pl\/sklep\/twoj-koszyk\/","title":{"rendered":"Tw\u00f3j koszyk"},"content":{"rendered":"<div class=\"wpb-content-wrapper\">[vc_row][vc_column][vc_cta h2=&#8221;Hey! Bo z nami si\u0119 op\u0142aca!&#8221; style=&#8221;outline&#8221; css_animation=&#8221;none&#8221; css=&#8221;.vc_custom_1592810159810{background-color: #ffffff !important;}&#8221;]<strong>Tylko teraz<\/strong> &#8211; kod zni\u017ckowy na filtry do klimatyzator\u00f3w marki GREE, HAIER, MIDEA o warto\u015b\u0107i 20% <strong>BG9UDQYN<\/strong><\/p>\n<p>Kod <strong>30%<\/strong> zni\u017cki je\u015bli kupisz wi\u0119cej ni\u017c <strong>11 filtr\u00f3w<\/strong> <strong>66DZG7NY<\/strong>[\/vc_cta][vc_empty_space][\/vc_column][\/vc_row][vc_row][vc_column][\/vc_column][\/vc_row]\n<\/div>","protected":false},"excerpt":{"rendered":"<p>[vc_row][vc_column][vc_cta h2=&#8221;Hey! Bo z nami si\u0119 op\u0142aca!&#8221; style=&#8221;outline&#8221; css_animation=&#8221;none&#8221; css=&#8221;.vc_custom_1592810159810{background-color: #ffffff !important;}&#8221;]Tylko teraz &#8211; kod zni\u017ckowy na filtry do klimatyzator\u00f3w marki GREE, HAIER, MIDEA o warto\u015b\u0107i 20% BG9UDQYN Kod 30% zni\u017cki je\u015bli kupisz wi\u0119cej ni\u017c 11 filtr\u00f3w 66DZG7NY[\/vc_cta][vc_empty_space][\/vc_column][\/vc_row][vc_row][vc_column][\/vc_column][\/vc_row]<\/p>\n","protected":false},"author":1,"featured_media":0,"parent":0,"menu_order":20,"comment_status":"closed","ping_status":"closed","template":"","meta":{"footnotes":""},"yoast_head":"<!-- This site is optimized with the Yoast SEO plugin v22.1 - https:\/\/yoast.com\/wordpress\/plugins\/seo\/ -->\n<title>\u00b0FC Tw\u00f3j koszyk &#187; \u00b0FC<\/title>\n<meta name=\"description\" content=\"Je\u015bli szukasz Tw\u00f3j koszyk zobacz\" \/>\n<meta name=\"robots\" content=\"noindex, nofollow\" \/>\n<script type=\"application\/ld+json\" class=\"yoast-schema-graph\">{\"@context\":\"https:\/\/schema.org\",\"@graph\":[{\"@type\":\"WebPage\",\"@id\":\"https:\/\/www.fabrykachlodu.pl\/sklep\/twoj-koszyk\/\",\"url\":\"https:\/\/www.fabrykachlodu.pl\/sklep\/twoj-koszyk\/\",\"name\":\"\u00b0FC Tw\u00f3j koszyk &#187; \u00b0FC\",\"isPartOf\":{\"@id\":\"https:\/\/www.fabrykachlodu.pl\/sklep\/#website\"},\"datePublished\":\"2014-07-16T09:02:56+00:00\",\"dateModified\":\"2020-06-22T07:16:04+00:00\",\"description\":\"Je\u015bli szukasz Tw\u00f3j koszyk zobacz\",\"breadcrumb\":{\"@id\":\"https:\/\/www.fabrykachlodu.pl\/sklep\/twoj-koszyk\/#breadcrumb\"},\"inLanguage\":\"pl-PL\",\"potentialAction\":[{\"@type\":\"ReadAction\",\"target\":[\"https:\/\/www.fabrykachlodu.pl\/sklep\/twoj-koszyk\/\"]}]},{\"@type\":\"BreadcrumbList\",\"@id\":\"https:\/\/www.fabrykachlodu.pl\/sklep\/twoj-koszyk\/#breadcrumb\",\"itemListElement\":[{\"@type\":\"ListItem\",\"position\":1,\"name\":\"Strona g\u0142\u00f3wna\",\"item\":\"https:\/\/www.fabrykachlodu.pl\/sklep\/\"},{\"@type\":\"ListItem\",\"position\":2,\"name\":\"Tw\u00f3j koszyk\"}]},{\"@type\":\"WebSite\",\"@id\":\"https:\/\/www.fabrykachlodu.pl\/sklep\/#website\",\"url\":\"https:\/\/www.fabrykachlodu.pl\/sklep\/\",\"name\":\"\u00b0FC Sklep Internetowy monta\u017c klimatyzacji pomp ciep\u0142a\",\"description\":\"\u00b0FC monta\u017c klimatyzacji pomp ciep\u0142a z nami to szybki i tani wyb\u00f3r.  Us\u0142ugi monta\u017cowe i serwisowe W Warszawie i okolicach..\",\"potentialAction\":[{\"@type\":\"SearchAction\",\"target\":{\"@type\":\"EntryPoint\",\"urlTemplate\":\"https:\/\/www.fabrykachlodu.pl\/sklep\/?s={search_term_string}\"},\"query-input\":\"required name=search_term_string\"}],\"inLanguage\":\"pl-PL\"}]}<\/script>\n<!-- \/ Yoast SEO plugin. -->","yoast_head_json":{"title":"\u00b0FC Tw\u00f3j koszyk &#187; \u00b0FC","description":"Je\u015bli szukasz Tw\u00f3j koszyk zobacz","robots":{"index":"noindex","follow":"nofollow"},"schema":{"@context":"https:\/\/schema.org","@graph":[{"@type":"WebPage","@id":"https:\/\/www.fabrykachlodu.pl\/sklep\/twoj-koszyk\/","url":"https:\/\/www.fabrykachlodu.pl\/sklep\/twoj-koszyk\/","name":"\u00b0FC Tw\u00f3j koszyk &#187; \u00b0FC","isPartOf":{"@id":"https:\/\/www.fabrykachlodu.pl\/sklep\/#website"},"datePublished":"2014-07-16T09:02:56+00:00","dateModified":"2020-06-22T07:16:04+00:00","description":"Je\u015bli szukasz Tw\u00f3j koszyk zobacz","breadcrumb":{"@id":"https:\/\/www.fabrykachlodu.pl\/sklep\/twoj-koszyk\/#breadcrumb"},"inLanguage":"pl-PL","potentialAction":[{"@type":"ReadAction","target":["https:\/\/www.fabrykachlodu.pl\/sklep\/twoj-koszyk\/"]}]},{"@type":"BreadcrumbList","@id":"https:\/\/www.fabrykachlodu.pl\/sklep\/twoj-koszyk\/#breadcrumb","itemListElement":[{"@type":"ListItem","position":1,"name":"Strona g\u0142\u00f3wna","item":"https:\/\/www.fabrykachlodu.pl\/sklep\/"},{"@type":"ListItem","position":2,"name":"Tw\u00f3j koszyk"}]},{"@type":"WebSite","@id":"https:\/\/www.fabrykachlodu.pl\/sklep\/#website","url":"https:\/\/www.fabrykachlodu.pl\/sklep\/","name":"\u00b0FC Sklep Internetowy monta\u017c klimatyzacji pomp ciep\u0142a","description":"\u00b0FC monta\u017c klimatyzacji pomp ciep\u0142a z nami to szybki i tani wyb\u00f3r.  Us\u0142ugi monta\u017cowe i serwisowe W Warszawie i okolicach..","potentialAction":[{"@type":"SearchAction","target":{"@type":"EntryPoint","urlTemplate":"https:\/\/www.fabrykachlodu.pl\/sklep\/?s={search_term_string}"},"query-input":"required name=search_term_string"}],"inLanguage":"pl-PL"}]}},"_links":{"self":[{"href":"https:\/\/www.fabrykachlodu.pl\/sklep\/wp-json\/wp\/v2\/pages\/18667"}],"collection":[{"href":"https:\/\/www.fabrykachlodu.pl\/sklep\/wp-json\/wp\/v2\/pages"}],"about":[{"href":"https:\/\/www.fabrykachlodu.pl\/sklep\/wp-json\/wp\/v2\/types\/page"}],"author":[{"embeddable":true,"href":"https:\/\/www.fabrykachlodu.pl\/sklep\/wp-json\/wp\/v2\/users\/1"}],"replies":[{"embeddable":true,"href":"https:\/\/www.fabrykachlodu.pl\/sklep\/wp-json\/wp\/v2\/comments?post=18667"}],"version-history":[{"count":1,"href":"https:\/\/www.fabrykachlodu.pl\/sklep\/wp-json\/wp\/v2\/pages\/18667\/revisions"}],"predecessor-version":[{"id":82708,"href":"https:\/\/www.fabrykachlodu.pl\/sklep\/wp-json\/wp\/v2\/pages\/18667\/revisions\/82708"}],"wp:attachment":[{"href":"https:\/\/www.fabrykachlodu.pl\/sklep\/wp-json\/wp\/v2\/media?parent=18667"}],"curies":[{"name":"wp","href":"https:\/\/api.w.org\/{rel}","templated":true}]}}