{"id":41232,"date":"2019-08-17T18:56:15","date_gmt":"2019-08-17T16:56:15","guid":{"rendered":"http:\/\/www.fabrykachlodu.pl\/sklep\/produkt\/import-placeholder-for-xk76\/"},"modified":"2023-12-07T08:49:40","modified_gmt":"2023-12-07T07:49:40","slug":"sterownik-przewodowy-xk76","status":"publish","type":"product","link":"https:\/\/www.fabrykachlodu.pl\/sklep\/produkt\/sterownik-przewodowy-xk76\/","title":{"rendered":"Sterownik GREE przewodowy XK76 do Lomo Luxury, Lomo Eco *,***, Amber Prestige, Amber  Standard, Konsola, Kasetonowe FM, Kana\u0142owe FM,  Przypod\u0142ogowo-suitowe FM, Konsola FM,  Lomo Luxury FM, Amber Standard FM"},"content":{"rendered":"<h1>Je\u015bli szukasz klimatyzacji przypod\u0142ogowo-sufitowej do biura, hotelu, sklepu czy restauracji, to czytaj dalej<\/h1>\n<p><strong>W jednym miejscu poznasz:<\/strong><br \/>\nInformacje odno\u015bnie klimatyzacji przypod\u0142ogowo-sufitowej GREE<br \/>\nPoznasz najwa\u017cniejsze funkcje<br \/>\nPor\u00f3wnasz produkty: kasetonowa, kana\u0142owa, przypod\u0142ogowa-sufitowa<br \/>\nPoznasz parametry techniczne<br \/>\nPoznasz cen\u0119 i zrealizujesz zam\u00f3wienie<\/p>\n<p><strong>Zamawiaj\u0105c produkt u nas:<\/strong><br \/>\nOtrzymasz produkt<br \/>\nJednostk\u0119 wewn\u0119trzn\u0105<br \/>\nJednostk\u0119 zewn\u0119trzna<br \/>\nSterowanie<\/p>\n<p><strong>Zlecaj\u0105c nam monta\u017c w Warszawie i woj. mazowieckim otrzymasz:<\/strong><br \/>\nRabat na produkt<br \/>\nKompletne pod\u0142\u0105czenie elektryczne oraz hydrauliczne<br \/>\nGwarancje<br \/>\nSerwis.<\/p>\n<p>Kontroler serii Gree XK-76-programowalne centrum dowodzenia posiada 7-dniowy programowalny harmonogram wielu segment\u00f3w. Du\u017cy wy\u015bwietlacz i klawiatura sprawiaj\u0105, \u017ce programowanie jest proste i pozwala na niestandardowe harmonogramy dla Twojego komfortu i stylu \u017cycia. <\/p>\n<p>G\u0142\u00f3wne korzy\u015bci to \u0142atwo\u015b\u0107 obs\u0142ugi, timer 24 godzinny, 7-dniowy cykl programowania, wyb\u00f3r trybu, Regulacja pr\u0119dko\u015bci obrotowej wentylatora, wy\u015bwietlanie temperatury pokojowej, 8 programowalny czas\/temperatura, okresy na dzie\u0144, 7-dniowy cykl programowania, sterowanie \u017caluzji Swing, zegar dnia, tryb X-fan, tryb u\u015bpienia, tryb Turbo, os\u0142ona zamra\u017cania, blokada prywatno\u015bci.<br \/>\nPasuje do Lomo Luxury, Lomo Eco *,***, Amber Prestige, Amber, Standard, Konsola, Kasetonowe FM, Kana\u0142owe FM, Przypod\u0142ogowo-suitowe FM, Konsola FM, Lomo Luxury FM, Amber Standard FM<\/p>\n","protected":false},"excerpt":{"rendered":"<p><span style=\"color: #000000;\"><strong>Najwa\u017cniejsze zalety:<\/strong><\/span>[dt_list style=\"1\" bullet_position=\"middle\" dividers=\"true\"][dt_list_item image=\"\"]Sterowanie pr\u0119dko\u015bci\u0105 obrotow\u0105 wentylatora[\/dt_list_item][dt_list_item image=\"\"]Wy\u015bwietlacz temperatury pokojowej[\/dt_list_item][dt_list_item image=\"\"]24 godzinny timer[\/dt_list_item][dt_list_item image=\"\"]8 programowalny czas\/temperatura[\/dt_list_item][\/dt_list]<\/p>\n","protected":false},"featured_media":41201,"template":"","meta":[],"product_cat":[154,183,189],"product_tag":[5790,5791,5792,5768,5795,5794,5793,5778,5789,5773,5796,5788],"yoast_head":"<!-- This site is optimized with the Yoast SEO plugin v22.1 - https:\/\/yoast.com\/wordpress\/plugins\/seo\/ -->\n<title>Sterownik GREE przewodowy XK76 do Lomo Luxury, Lomo Eco *,***, Amber Prestige, Amber Standard, Konsola, Kasetonowe FM, Kana\u0142owe FM, Przypod\u0142ogowo-suitowe FM, Konsola FM, Lomo Luxury FM, Amber Standard FM<\/title>\n<meta name=\"description\" content=\"Sterownik GREE przewodowy XK76 do Lomo Luxury, Lomo Eco *,***, Amber Prestige, Amber Standard, Konsola, Kasetonowe FM, Kana\u0142owe FM, Przypod\u0142ogowo-suitowe FM, Konsola FM, Lomo Luxury FM, Amber Standard FM\" \/>\n<meta name=\"robots\" content=\"index, follow, max-snippet:-1, max-image-preview:large, max-video-preview:-1\" \/>\n<link rel=\"canonical\" href=\"https:\/\/www.fabrykachlodu.pl\/sklep\/produkt\/sterownik-przewodowy-xk76\/\" \/>\n<meta name=\"twitter:label1\" content=\"Szacowany czas czytania\" \/>\n\t<meta name=\"twitter:data1\" content=\"1 minuta\" \/>\n<script type=\"application\/ld+json\" class=\"yoast-schema-graph\">{\"@context\":\"https:\/\/schema.org\",\"@graph\":[{\"@type\":\"WebPage\",\"@id\":\"https:\/\/www.fabrykachlodu.pl\/sklep\/produkt\/sterownik-przewodowy-xk76\/\",\"url\":\"https:\/\/www.fabrykachlodu.pl\/sklep\/produkt\/sterownik-przewodowy-xk76\/\",\"name\":\"Sterownik GREE przewodowy XK76 do Lomo Luxury, Lomo Eco *,***, Amber Prestige, Amber Standard, Konsola, Kasetonowe FM, Kana\u0142owe FM, Przypod\u0142ogowo-suitowe FM, Konsola FM, Lomo Luxury FM, Amber Standard FM\",\"isPartOf\":{\"@id\":\"https:\/\/www.fabrykachlodu.pl\/sklep\/#website\"},\"datePublished\":\"2019-08-17T16:56:15+00:00\",\"dateModified\":\"2023-12-07T07:49:40+00:00\",\"description\":\"Sterownik GREE przewodowy XK76 do Lomo Luxury, Lomo Eco *,***, Amber Prestige, Amber Standard, Konsola, Kasetonowe FM, Kana\u0142owe FM, Przypod\u0142ogowo-suitowe FM, Konsola FM, Lomo Luxury FM, Amber Standard FM\",\"breadcrumb\":{\"@id\":\"https:\/\/www.fabrykachlodu.pl\/sklep\/produkt\/sterownik-przewodowy-xk76\/#breadcrumb\"},\"inLanguage\":\"pl-PL\",\"potentialAction\":[{\"@type\":\"ReadAction\",\"target\":[\"https:\/\/www.fabrykachlodu.pl\/sklep\/produkt\/sterownik-przewodowy-xk76\/\"]}]},{\"@type\":\"BreadcrumbList\",\"@id\":\"https:\/\/www.fabrykachlodu.pl\/sklep\/produkt\/sterownik-przewodowy-xk76\/#breadcrumb\",\"itemListElement\":[{\"@type\":\"ListItem\",\"position\":1,\"name\":\"Strona g\u0142\u00f3wna\",\"item\":\"https:\/\/www.fabrykachlodu.pl\/sklep\/\"},{\"@type\":\"ListItem\",\"position\":2,\"name\":\"Szukasz klimatzyacji biurowej sklepowej lub do mieszkania?\",\"item\":\"https:\/\/www.fabrykachlodu.pl\/sklep\/\"},{\"@type\":\"ListItem\",\"position\":3,\"name\":\"GREE\",\"item\":\"https:\/\/www.fabrykachlodu.pl\/sklep\/product-category\/gree\/\"},{\"@type\":\"ListItem\",\"position\":4,\"name\":\"Akcesoria\",\"item\":\"https:\/\/www.fabrykachlodu.pl\/sklep\/product-category\/gree\/akcesoria\/\"},{\"@type\":\"ListItem\",\"position\":5,\"name\":\"Sterownik GREE przewodowy XK76 do Lomo Luxury, Lomo Eco *,***, Amber Prestige, Amber Standard, Konsola, Kasetonowe FM, Kana\u0142owe FM, Przypod\u0142ogowo-suitowe FM, Konsola FM, Lomo Luxury FM, Amber Standard FM\"}]},{\"@type\":\"WebSite\",\"@id\":\"https:\/\/www.fabrykachlodu.pl\/sklep\/#website\",\"url\":\"https:\/\/www.fabrykachlodu.pl\/sklep\/\",\"name\":\"\u00b0FC Sklep Internetowy monta\u017c klimatyzacji pomp ciep\u0142a\",\"description\":\"\u00b0FC monta\u017c klimatyzacji pomp ciep\u0142a z nami to szybki i tani wyb\u00f3r.  Us\u0142ugi monta\u017cowe i serwisowe W Warszawie i okolicach..\",\"potentialAction\":[{\"@type\":\"SearchAction\",\"target\":{\"@type\":\"EntryPoint\",\"urlTemplate\":\"https:\/\/www.fabrykachlodu.pl\/sklep\/?s={search_term_string}\"},\"query-input\":\"required name=search_term_string\"}],\"inLanguage\":\"pl-PL\"}]}<\/script>\n<!-- \/ Yoast SEO plugin. -->","yoast_head_json":{"title":"Sterownik GREE przewodowy XK76 do Lomo Luxury, Lomo Eco *,***, Amber Prestige, Amber Standard, Konsola, Kasetonowe FM, Kana\u0142owe FM, Przypod\u0142ogowo-suitowe FM, Konsola FM, Lomo Luxury FM, Amber Standard FM","description":"Sterownik GREE przewodowy XK76 do Lomo Luxury, Lomo Eco *,***, Amber Prestige, Amber Standard, Konsola, Kasetonowe FM, Kana\u0142owe FM, Przypod\u0142ogowo-suitowe FM, Konsola FM, Lomo Luxury FM, Amber Standard FM","robots":{"index":"index","follow":"follow","max-snippet":"max-snippet:-1","max-image-preview":"max-image-preview:large","max-video-preview":"max-video-preview:-1"},"canonical":"https:\/\/www.fabrykachlodu.pl\/sklep\/produkt\/sterownik-przewodowy-xk76\/","twitter_misc":{"Szacowany czas czytania":"1 minuta"},"schema":{"@context":"https:\/\/schema.org","@graph":[{"@type":"WebPage","@id":"https:\/\/www.fabrykachlodu.pl\/sklep\/produkt\/sterownik-przewodowy-xk76\/","url":"https:\/\/www.fabrykachlodu.pl\/sklep\/produkt\/sterownik-przewodowy-xk76\/","name":"Sterownik GREE przewodowy XK76 do Lomo Luxury, Lomo Eco *,***, Amber Prestige, Amber Standard, Konsola, Kasetonowe FM, Kana\u0142owe FM, Przypod\u0142ogowo-suitowe FM, Konsola FM, Lomo Luxury FM, Amber Standard FM","isPartOf":{"@id":"https:\/\/www.fabrykachlodu.pl\/sklep\/#website"},"datePublished":"2019-08-17T16:56:15+00:00","dateModified":"2023-12-07T07:49:40+00:00","description":"Sterownik GREE przewodowy XK76 do Lomo Luxury, Lomo Eco *,***, Amber Prestige, Amber Standard, Konsola, Kasetonowe FM, Kana\u0142owe FM, Przypod\u0142ogowo-suitowe FM, Konsola FM, Lomo Luxury FM, Amber Standard FM","breadcrumb":{"@id":"https:\/\/www.fabrykachlodu.pl\/sklep\/produkt\/sterownik-przewodowy-xk76\/#breadcrumb"},"inLanguage":"pl-PL","potentialAction":[{"@type":"ReadAction","target":["https:\/\/www.fabrykachlodu.pl\/sklep\/produkt\/sterownik-przewodowy-xk76\/"]}]},{"@type":"BreadcrumbList","@id":"https:\/\/www.fabrykachlodu.pl\/sklep\/produkt\/sterownik-przewodowy-xk76\/#breadcrumb","itemListElement":[{"@type":"ListItem","position":1,"name":"Strona g\u0142\u00f3wna","item":"https:\/\/www.fabrykachlodu.pl\/sklep\/"},{"@type":"ListItem","position":2,"name":"Szukasz klimatzyacji biurowej sklepowej lub do mieszkania?","item":"https:\/\/www.fabrykachlodu.pl\/sklep\/"},{"@type":"ListItem","position":3,"name":"GREE","item":"https:\/\/www.fabrykachlodu.pl\/sklep\/product-category\/gree\/"},{"@type":"ListItem","position":4,"name":"Akcesoria","item":"https:\/\/www.fabrykachlodu.pl\/sklep\/product-category\/gree\/akcesoria\/"},{"@type":"ListItem","position":5,"name":"Sterownik GREE przewodowy XK76 do Lomo Luxury, Lomo Eco *,***, Amber Prestige, Amber Standard, Konsola, Kasetonowe FM, Kana\u0142owe FM, Przypod\u0142ogowo-suitowe FM, Konsola FM, Lomo Luxury FM, Amber Standard FM"}]},{"@type":"WebSite","@id":"https:\/\/www.fabrykachlodu.pl\/sklep\/#website","url":"https:\/\/www.fabrykachlodu.pl\/sklep\/","name":"\u00b0FC Sklep Internetowy monta\u017c klimatyzacji pomp ciep\u0142a","description":"\u00b0FC monta\u017c klimatyzacji pomp ciep\u0142a z nami to szybki i tani wyb\u00f3r.  Us\u0142ugi monta\u017cowe i serwisowe W Warszawie i okolicach..","potentialAction":[{"@type":"SearchAction","target":{"@type":"EntryPoint","urlTemplate":"https:\/\/www.fabrykachlodu.pl\/sklep\/?s={search_term_string}"},"query-input":"required name=search_term_string"}],"inLanguage":"pl-PL"}]}},"_links":{"self":[{"href":"https:\/\/www.fabrykachlodu.pl\/sklep\/wp-json\/wp\/v2\/product\/41232"}],"collection":[{"href":"https:\/\/www.fabrykachlodu.pl\/sklep\/wp-json\/wp\/v2\/product"}],"about":[{"href":"https:\/\/www.fabrykachlodu.pl\/sklep\/wp-json\/wp\/v2\/types\/product"}],"wp:featuredmedia":[{"embeddable":true,"href":"https:\/\/www.fabrykachlodu.pl\/sklep\/wp-json\/wp\/v2\/media\/41201"}],"wp:attachment":[{"href":"https:\/\/www.fabrykachlodu.pl\/sklep\/wp-json\/wp\/v2\/media?parent=41232"}],"wp:term":[{"taxonomy":"product_cat","embeddable":true,"href":"https:\/\/www.fabrykachlodu.pl\/sklep\/wp-json\/wp\/v2\/product_cat?post=41232"},{"taxonomy":"product_tag","embeddable":true,"href":"https:\/\/www.fabrykachlodu.pl\/sklep\/wp-json\/wp\/v2\/product_tag?post=41232"}],"curies":[{"name":"wp","href":"https:\/\/api.w.org\/{rel}","templated":true}]}}