{"id":43153,"date":"2019-09-26T09:36:19","date_gmt":"2019-09-26T07:36:19","guid":{"rendered":"http:\/\/www.fabrykachlodu.pl\/sklep\/produkt\/import-placeholder-for-gwh12ub-k3dna4f\/"},"modified":"2022-06-07T15:29:31","modified_gmt":"2022-06-07T13:29:31","slug":"zestaw-gwh12ub-k3dna4f-klimatyzacja-gree-u-crown-a-o-mocy-3-5kw-do-35m2-3-pomieszczen","status":"publish","type":"product","link":"https:\/\/www.fabrykachlodu.pl\/sklep\/produkt\/zestaw-gwh12ub-k3dna4f-klimatyzacja-gree-u-crown-a-o-mocy-3-5kw-do-35m2-3-pomieszczen\/","title":{"rendered":"Zestaw GWH12UB-K3DNA4F klimatyzacja GREE U-CROWN A++, o mocy 3.5kW, do 35m2, 3 pomieszcze\u0144"},"content":{"rendered":"<p>Zam\u00f3wienie dotyczy kompletnego zestawu GWH12UB-K3DNA4F, w kt\u00f3ry wchodz\u0105:<br \/>\n-jednostka wewn\u0119trzna GWH12UB-K3DNA4F\/I<br \/>\n-jednostka zewn\u0119trzna GWH12UB-K3DNA4F\/O<br \/>\n-pilot<\/p>\n<p>Klimatyzator U-Crown Gree \u2013 to nasze najbardziej zaawansowane technologicznie urz\u0105dzenie w segmencie Premium. Dzi\u0119ki zastosowaniu w nim najnowocze\u015bniejszej technologii oraz nowoczesnej, a zarazem eleganckiej stylistyki, jest najciekawszym i najbardziej konkurencyjnym urz\u0105dzeniem na rynku. Technologicznie, dzi\u0119ki zastosowaniu 2-stopniowej spr\u0119\u017carki klimatyzator U-Crown jest w stanie pracowa\u0107 praktycznie w ka\u017cdych warunkach zewn\u0119trznych. To jedyne urz\u0105dzenie w naszej ofercie o tak szerokim zakresie pracy. W warunkach zimowych pracuje od -30\u00b0C (temperatura na wylocie mo\u017ce osi\u0105gn\u0105\u0107 do 50\u00b0C gdy temp. otoczenia osi\u0105ga -20\u00b0C), a w ciep\u0142e dni do 54\u00b0C (temperatura na wylocie mo\u017ce by\u0107 obni\u017cona do 13\u00b0C gdy temp. otoczenia wynosi 50\u00b0C). W celu zwi\u0119kszenia komfortu u\u017cytkownika, klimatyzator U-Crown mo\u017ce by\u0107 obs\u0142ugiwany za pomoc\u0105 dowolnego telefonu\/tabletu WiFi bazuj\u0105cego na systemie Android lub iOS. Pozwala to na kontrol\u0119 urz\u0105dzenia z ka\u017cdego miejsca na \u015bwiecie oraz zwi\u0119ksza mo\u017cliwo\u015bci w zakresie planowania pracy.<\/p>\n<p>PARAMETRY TECHNICZNE \u2013 Klimatyzatora GREE U-CROWN<\/p>\n<div class=\"su-tabs su-tabs-style-default su-tabs-mobile-stack\" data-active=\"1\" data-scroll-offset=\"0\" data-anchor-in-url=\"no\"><div class=\"su-tabs-nav\"><span class=\"\" data-url=\"\" data-target=\"blank\" tabindex=\"0\" role=\"button\">Klimatyzator GREE U-CROWN<\/span><span class=\"\" data-url=\"\" data-target=\"blank\" tabindex=\"0\" role=\"button\">Przegl\u0105d funkcji GREE U-CROWN oraz parametr\u00f3w technicznych<\/span><\/div><div class=\"su-tabs-panes\"><div class=\"su-tabs-pane su-u-clearfix su-u-trim\" data-title=\"Klimatyzator GREE U-CROWN\">\n<div class=\"su-document su-u-responsive-media-yes\"><iframe src=\"\/\/docs.google.com\/viewer?embedded=true&url=http:\/\/fabrykachlodu.pl\/sklep\/wp-content\/uploads\/2018\/02\/elegancki_GREE_U-CROWN_2018_net.pdf\" width=\"600\" height=\"400\" class=\"su-document\" title=\"\"><\/iframe><\/div>\n<\/div>\n<div class=\"su-tabs-pane su-u-clearfix su-u-trim\" data-title=\"Przegl\u0105d funkcji GREE U-CROWN oraz parametr\u00f3w technicznych\">\n<div class=\"su-document su-u-responsive-media-yes\"><iframe src=\"\/\/docs.google.com\/viewer?embedded=true&url=http:\/\/fabrykachlodu.pl\/sklep\/wp-content\/uploads\/2018\/02\/funkcje_GREE_U-CROWN_2018_net.pdf\" width=\"600\" height=\"400\" class=\"su-document\" title=\"\"><\/iframe><\/div>\n<\/div><\/div><\/div>\n<p>Dokumenty si\u0119 nie wy\u015bwietlaj\u0105? <input type=\"button\" value=\"Od\u015bwie\u017c stron\u0119\" onclick=\"location.reload();\"> <\/p>\n<div class=\"su-note\"  style=\"border-color:#e5e5e5;border-radius:3px;-moz-border-radius:3px;-webkit-border-radius:3px;\"><div class=\"su-note-inner su-u-clearfix su-u-trim\" style=\"background-color:#ffffff;border-color:#ffffff;color:#afafaf;border-radius:3px;-moz-border-radius:3px;-webkit-border-radius:3px;\">Jakie s\u0105 konsekwencje stosowania gaz\u00f3w zubo\u017caj\u0105cych warstw\u0119 ozonow\u0105 np. freonowych? (ustawa F-gazowa)<\/p>\n<p>Rekomendujemy produkty dzia\u0142aj\u0105ce z czynnikiem ch\u0142odniczym R32. Do roku 2020 na rynku europejskim zabraknie gaz\u00f3w freonowych, przez co dalsze u\u017cytkowanie b\u0119dzie utrudnione oraz koszt gaz\u00f3w zamiennych stosunkowo wy\u017cszy.<br \/>\n<\/div><\/div>\n<p>Seria GREE U-CROWN dedykowana jest do mieszka\u0144 i dom\u00f3w jednorodzinnych oraz biur, bo w warunkach zimowych dogrzeje pomieszczenie oraz elegancko wygl\u0105da.<\/p>\n","protected":false},"excerpt":{"rendered":"<p><span style=\"color: #000000;\"><strong>Najwa\u017cniejsze zalety<\/strong><\/span><br \/>\n[dt_list style=\"1\" bullet_position=\"middle\" dividers=\"true\"][dt_list_item image=\"\"]Elegancka stylistyka[\/dt_list_item][dt_list_item image=\"\"]2-stopniowa spr\u0119\u017carka[\/dt_list_item][dt_list_item image=\"\"]Praca w niskiej temperaturze otoczenia -30\u00b0C[\/dt_list_item][dt_list_item image=\"\"]Zim\u0105 utrzyma sta\u0142\u0105 temperatur\u0119 w pomieszczeniu[\/dt_list_item][\/dt_list]<\/p>\n","protected":false},"featured_media":37892,"template":"","meta":[],"product_cat":[154,201,189],"product_tag":[5516,5517,1068,5639,5640,1213,5638,5538,5637],"yoast_head":"<!-- This site is optimized with the Yoast SEO plugin v22.1 - https:\/\/yoast.com\/wordpress\/plugins\/seo\/ -->\n<title>Zestaw GWH12UB-K3DNA4F klimatyzacja GREE U-CROWN A++, o mocy 3.5kW, do 35m2, 3 pomieszcze\u0144<\/title>\n<meta name=\"description\" content=\"Zestaw GWH12UB-K3DNA4F klimatyzacja GREE U-CROWN A++, o mocy 3.5kW, do 35m2, 3 pomieszcze\u0144\" \/>\n<meta name=\"robots\" content=\"index, follow, max-snippet:-1, max-image-preview:large, max-video-preview:-1\" \/>\n<link rel=\"canonical\" href=\"https:\/\/www.fabrykachlodu.pl\/sklep\/produkt\/zestaw-gwh12ub-k3dna4f-klimatyzacja-gree-u-crown-a-o-mocy-3-5kw-do-35m2-3-pomieszczen\/\" \/>\n<meta name=\"twitter:label1\" content=\"Szacowany czas czytania\" \/>\n\t<meta name=\"twitter:data1\" content=\"2 minuty\" \/>\n<script type=\"application\/ld+json\" class=\"yoast-schema-graph\">{\"@context\":\"https:\/\/schema.org\",\"@graph\":[{\"@type\":\"WebPage\",\"@id\":\"https:\/\/www.fabrykachlodu.pl\/sklep\/produkt\/zestaw-gwh12ub-k3dna4f-klimatyzacja-gree-u-crown-a-o-mocy-3-5kw-do-35m2-3-pomieszczen\/\",\"url\":\"https:\/\/www.fabrykachlodu.pl\/sklep\/produkt\/zestaw-gwh12ub-k3dna4f-klimatyzacja-gree-u-crown-a-o-mocy-3-5kw-do-35m2-3-pomieszczen\/\",\"name\":\"Zestaw GWH12UB-K3DNA4F klimatyzacja GREE U-CROWN A++, o mocy 3.5kW, do 35m2, 3 pomieszcze\u0144\",\"isPartOf\":{\"@id\":\"https:\/\/www.fabrykachlodu.pl\/sklep\/#website\"},\"datePublished\":\"2019-09-26T07:36:19+00:00\",\"dateModified\":\"2022-06-07T13:29:31+00:00\",\"description\":\"Zestaw GWH12UB-K3DNA4F klimatyzacja GREE U-CROWN A++, o mocy 3.5kW, do 35m2, 3 pomieszcze\u0144\",\"breadcrumb\":{\"@id\":\"https:\/\/www.fabrykachlodu.pl\/sklep\/produkt\/zestaw-gwh12ub-k3dna4f-klimatyzacja-gree-u-crown-a-o-mocy-3-5kw-do-35m2-3-pomieszczen\/#breadcrumb\"},\"inLanguage\":\"pl-PL\",\"potentialAction\":[{\"@type\":\"ReadAction\",\"target\":[\"https:\/\/www.fabrykachlodu.pl\/sklep\/produkt\/zestaw-gwh12ub-k3dna4f-klimatyzacja-gree-u-crown-a-o-mocy-3-5kw-do-35m2-3-pomieszczen\/\"]}]},{\"@type\":\"BreadcrumbList\",\"@id\":\"https:\/\/www.fabrykachlodu.pl\/sklep\/produkt\/zestaw-gwh12ub-k3dna4f-klimatyzacja-gree-u-crown-a-o-mocy-3-5kw-do-35m2-3-pomieszczen\/#breadcrumb\",\"itemListElement\":[{\"@type\":\"ListItem\",\"position\":1,\"name\":\"Strona g\u0142\u00f3wna\",\"item\":\"https:\/\/www.fabrykachlodu.pl\/sklep\/\"},{\"@type\":\"ListItem\",\"position\":2,\"name\":\"Szukasz klimatzyacji biurowej sklepowej lub do mieszkania?\",\"item\":\"https:\/\/www.fabrykachlodu.pl\/sklep\/\"},{\"@type\":\"ListItem\",\"position\":3,\"name\":\"GREE\",\"item\":\"https:\/\/www.fabrykachlodu.pl\/sklep\/product-category\/gree\/\"},{\"@type\":\"ListItem\",\"position\":4,\"name\":\"Nascienny\",\"item\":\"https:\/\/www.fabrykachlodu.pl\/sklep\/product-category\/gree\/nascienny\/\"},{\"@type\":\"ListItem\",\"position\":5,\"name\":\"U-CROWN\",\"item\":\"https:\/\/www.fabrykachlodu.pl\/sklep\/product-category\/gree\/nascienny\/oferta-sklepowa-i-biurowa-z-przeceny\/\"},{\"@type\":\"ListItem\",\"position\":6,\"name\":\"Zestaw GWH12UB-K3DNA4F klimatyzacja GREE U-CROWN A++, o mocy 3.5kW, do 35m2, 3 pomieszcze\u0144\"}]},{\"@type\":\"WebSite\",\"@id\":\"https:\/\/www.fabrykachlodu.pl\/sklep\/#website\",\"url\":\"https:\/\/www.fabrykachlodu.pl\/sklep\/\",\"name\":\"\u00b0FC Sklep Internetowy monta\u017c klimatyzacji pomp ciep\u0142a\",\"description\":\"\u00b0FC monta\u017c klimatyzacji pomp ciep\u0142a z nami to szybki i tani wyb\u00f3r.  Us\u0142ugi monta\u017cowe i serwisowe W Warszawie i okolicach..\",\"potentialAction\":[{\"@type\":\"SearchAction\",\"target\":{\"@type\":\"EntryPoint\",\"urlTemplate\":\"https:\/\/www.fabrykachlodu.pl\/sklep\/?s={search_term_string}\"},\"query-input\":\"required name=search_term_string\"}],\"inLanguage\":\"pl-PL\"}]}<\/script>\n<!-- \/ Yoast SEO plugin. -->","yoast_head_json":{"title":"Zestaw GWH12UB-K3DNA4F klimatyzacja GREE U-CROWN A++, o mocy 3.5kW, do 35m2, 3 pomieszcze\u0144","description":"Zestaw GWH12UB-K3DNA4F klimatyzacja GREE U-CROWN A++, o mocy 3.5kW, do 35m2, 3 pomieszcze\u0144","robots":{"index":"index","follow":"follow","max-snippet":"max-snippet:-1","max-image-preview":"max-image-preview:large","max-video-preview":"max-video-preview:-1"},"canonical":"https:\/\/www.fabrykachlodu.pl\/sklep\/produkt\/zestaw-gwh12ub-k3dna4f-klimatyzacja-gree-u-crown-a-o-mocy-3-5kw-do-35m2-3-pomieszczen\/","twitter_misc":{"Szacowany czas czytania":"2 minuty"},"schema":{"@context":"https:\/\/schema.org","@graph":[{"@type":"WebPage","@id":"https:\/\/www.fabrykachlodu.pl\/sklep\/produkt\/zestaw-gwh12ub-k3dna4f-klimatyzacja-gree-u-crown-a-o-mocy-3-5kw-do-35m2-3-pomieszczen\/","url":"https:\/\/www.fabrykachlodu.pl\/sklep\/produkt\/zestaw-gwh12ub-k3dna4f-klimatyzacja-gree-u-crown-a-o-mocy-3-5kw-do-35m2-3-pomieszczen\/","name":"Zestaw GWH12UB-K3DNA4F klimatyzacja GREE U-CROWN A++, o mocy 3.5kW, do 35m2, 3 pomieszcze\u0144","isPartOf":{"@id":"https:\/\/www.fabrykachlodu.pl\/sklep\/#website"},"datePublished":"2019-09-26T07:36:19+00:00","dateModified":"2022-06-07T13:29:31+00:00","description":"Zestaw GWH12UB-K3DNA4F klimatyzacja GREE U-CROWN A++, o mocy 3.5kW, do 35m2, 3 pomieszcze\u0144","breadcrumb":{"@id":"https:\/\/www.fabrykachlodu.pl\/sklep\/produkt\/zestaw-gwh12ub-k3dna4f-klimatyzacja-gree-u-crown-a-o-mocy-3-5kw-do-35m2-3-pomieszczen\/#breadcrumb"},"inLanguage":"pl-PL","potentialAction":[{"@type":"ReadAction","target":["https:\/\/www.fabrykachlodu.pl\/sklep\/produkt\/zestaw-gwh12ub-k3dna4f-klimatyzacja-gree-u-crown-a-o-mocy-3-5kw-do-35m2-3-pomieszczen\/"]}]},{"@type":"BreadcrumbList","@id":"https:\/\/www.fabrykachlodu.pl\/sklep\/produkt\/zestaw-gwh12ub-k3dna4f-klimatyzacja-gree-u-crown-a-o-mocy-3-5kw-do-35m2-3-pomieszczen\/#breadcrumb","itemListElement":[{"@type":"ListItem","position":1,"name":"Strona g\u0142\u00f3wna","item":"https:\/\/www.fabrykachlodu.pl\/sklep\/"},{"@type":"ListItem","position":2,"name":"Szukasz klimatzyacji biurowej sklepowej lub do mieszkania?","item":"https:\/\/www.fabrykachlodu.pl\/sklep\/"},{"@type":"ListItem","position":3,"name":"GREE","item":"https:\/\/www.fabrykachlodu.pl\/sklep\/product-category\/gree\/"},{"@type":"ListItem","position":4,"name":"Nascienny","item":"https:\/\/www.fabrykachlodu.pl\/sklep\/product-category\/gree\/nascienny\/"},{"@type":"ListItem","position":5,"name":"U-CROWN","item":"https:\/\/www.fabrykachlodu.pl\/sklep\/product-category\/gree\/nascienny\/oferta-sklepowa-i-biurowa-z-przeceny\/"},{"@type":"ListItem","position":6,"name":"Zestaw GWH12UB-K3DNA4F klimatyzacja GREE U-CROWN A++, o mocy 3.5kW, do 35m2, 3 pomieszcze\u0144"}]},{"@type":"WebSite","@id":"https:\/\/www.fabrykachlodu.pl\/sklep\/#website","url":"https:\/\/www.fabrykachlodu.pl\/sklep\/","name":"\u00b0FC Sklep Internetowy monta\u017c klimatyzacji pomp ciep\u0142a","description":"\u00b0FC monta\u017c klimatyzacji pomp ciep\u0142a z nami to szybki i tani wyb\u00f3r.  Us\u0142ugi monta\u017cowe i serwisowe W Warszawie i okolicach..","potentialAction":[{"@type":"SearchAction","target":{"@type":"EntryPoint","urlTemplate":"https:\/\/www.fabrykachlodu.pl\/sklep\/?s={search_term_string}"},"query-input":"required name=search_term_string"}],"inLanguage":"pl-PL"}]}},"_links":{"self":[{"href":"https:\/\/www.fabrykachlodu.pl\/sklep\/wp-json\/wp\/v2\/product\/43153"}],"collection":[{"href":"https:\/\/www.fabrykachlodu.pl\/sklep\/wp-json\/wp\/v2\/product"}],"about":[{"href":"https:\/\/www.fabrykachlodu.pl\/sklep\/wp-json\/wp\/v2\/types\/product"}],"wp:featuredmedia":[{"embeddable":true,"href":"https:\/\/www.fabrykachlodu.pl\/sklep\/wp-json\/wp\/v2\/media\/37892"}],"wp:attachment":[{"href":"https:\/\/www.fabrykachlodu.pl\/sklep\/wp-json\/wp\/v2\/media?parent=43153"}],"wp:term":[{"taxonomy":"product_cat","embeddable":true,"href":"https:\/\/www.fabrykachlodu.pl\/sklep\/wp-json\/wp\/v2\/product_cat?post=43153"},{"taxonomy":"product_tag","embeddable":true,"href":"https:\/\/www.fabrykachlodu.pl\/sklep\/wp-json\/wp\/v2\/product_tag?post=43153"}],"curies":[{"name":"wp","href":"https:\/\/api.w.org\/{rel}","templated":true}]}}