{"id":47090,"date":"2019-11-19T22:49:38","date_gmt":"2019-11-19T21:49:38","guid":{"rendered":"http:\/\/www.fabrykachlodu.pl\/sklep\/produkt\/import-placeholder-for-fg007\/"},"modified":"2023-03-06T22:47:40","modified_gmt":"2023-03-06T21:47:40","slug":"filtry-powietrza-do-klimatyzacji-gree-fotokatalityczny","status":"publish","type":"product","link":"https:\/\/www.fabrykachlodu.pl\/sklep\/produkt\/filtry-powietrza-do-klimatyzacji-gree-fotokatalityczny\/","title":{"rendered":"Filtry powietrza do klimatyzacji Gree &#8211; Fotokatalityczny"},"content":{"rendered":"<h1>Klimatyzator Gree w podstawowej wersji posiada filtr powietrza siatkowy, kt\u00f3ry filtruje kurz oraz inne zanieczyszczenia widoczne go\u0142ym okiem.<\/h1>\n<p>Taki filtr to podstawowe oczyszczenie powietrza, ale s\u0105 filtry, kt\u00f3re znacznie podnosz\u0105 jako\u015b\u0107 powietrza i s\u0105 to dodatkowe filtry, kt\u00f3re mo\u017cna u nas kupi\u0107. Przedstawiamy opcjonalne filtry do wymiany samodzielnie bo wymiana filtr\u00f3w w klimatyzacji jest prosta pod warunkiem, \u017ce wiemy jak nale\u017cy wymieni\u0107 filtr w klimatyzacji.<\/p>\n<p>Filtry pasuj\u0105 do modeli:<br \/>\nAMBER PRESTIGE, U-CROWN, AMBER STANDARD WHITE\/SILVER\/BLACK, GREE MUSE, LOMO LUXURY, LOMO ECO, BORA<\/p>\n<p>Zam\u00f3wienie dotyczy:<br \/>\nFiltr Fotokatalityczny, oto jego w\u0142a\u015bciwo\u015bci:<br \/>\n&#8211; wykorzystanie dwutlenku tytanu<br \/>\n&#8211; przyjazny dla \u015brodowiska<br \/>\n&#8211; usuwanie bakterii i zapach\u00f3w<\/p>\n<div class=\"su-service\"><div class=\"su-service-title\" style=\"padding-left:52px;min-height:38px;line-height:38px\"><i class=\"sui sui-info-circle\" style=\"font-size:38px;color:#22a0ed\"><\/i> Uwaga!<\/div><div class=\"su-service-content su-u-clearfix su-u-trim\" style=\"padding-left:52px\">Celem przyspieszenia wysy\u0142ki, w zam\u00f3wieniu prosimy napisa\u0107 model jednostki wewn\u0119trznej np. <strong>Gree-U-Crown-gwh12ub-k3dna4f<\/strong><\/div><\/div>\n<p>Jakie filtry stosuje si\u0119 w klimatyzatorach Gree? przedstawiamy je poni\u017cej.<\/p>\n<h2>Z jonami srebra, Katechinowy, Fotokatalityczny, Aktywny w\u0119glowy, Antybakteryjny, oto ich zalety:<\/h2>\n<div class=\"su-divider su-divider-style-default\" style=\"margin:15px 0;border-width:3px;border-color:#999999\"><a href=\"#\" style=\"color:#999999\">Przejd\u017a na pocz\u0105tek strony<\/a><\/div>\n<div id=\"attachment_39186\" style=\"width: 147px\" class=\"wp-caption alignleft\"><img decoding=\"async\" aria-describedby=\"caption-attachment-39186\" class=\"wp-image-39186 size-full\" src=\"http:\/\/fabrykachlodu.pl\/sklep\/view\/uploads\/2019\/05\/filtr-z-jonami-srebra.jpg\" alt=\"filtr-z-jonami-srebra\" width=\"137\" height=\"163\" srcset=\"https:\/\/www.fabrykachlodu.pl\/sklep\/wp-content\/uploads\/2019\/05\/filtr-z-jonami-srebra.jpg 137w, https:\/\/www.fabrykachlodu.pl\/sklep\/wp-content\/uploads\/2019\/05\/filtr-z-jonami-srebra-64x76.jpg 64w\" sizes=\"(max-width: 137px) 100vw, 137px\" \/><p id=\"caption-attachment-39186\" class=\"wp-caption-text\">filtr-z-jonami-srebra<\/p><\/div>\n<h2>Wydajny filtr powietrza o w\u0142a\u015bciwo\u015bciach antyseptycznych, bakteriob\u00f3jczych oraz grzybob\u00f3jczych, a jednocze\u015bnie jest bezpieczny w u\u017cytkowaniu. Nie powoduje \u017cadnych skutk\u00f3w ubocznych oraz podra\u017cnie\u0144.<\/h2>\n<p>Jak dzia\u0142a filtr z jonami srebra? Z chwil\u0105 kiedy technicznie zosta\u0142o udowodnione, \u017ce jony srebra oddzia\u0142uj\u0105 na bakterie i inne mikroorganizmy przyci\u0105gaj\u0105c je i wp\u0142ywaj\u0105c na ich struktur\u0119 wewn\u0119trzn\u0105, zastosowano technologie w wielu urz\u0105dzeniach, m.in. w lod\u00f3wkach bo technologia z jonami srebra przyci\u0105ga bakterie zapobiega zdolno\u015bciom podzia\u0142u oraz rozmna\u017cania si\u0119 mikroorganizm\u00f3w. Filtr z jonami srebra, dost\u0119pny opcjonalnie w klimatyzatorach GREE, ma bardzo silne w\u0142a\u015bciwo\u015bci antyseptyczne, grzybob\u00f3jcze i bakteriob\u00f3jcze. Cenn\u0105 cech\u0105 filtra z jonami srebra jest to, \u017ce pozostaje on zupe\u0142nie nieszkodliwy, a same jony nie powoduj\u0105 jakichkolwiek znanych skutk\u00f3w ubocznych. Nie zagra\u017caj\u0105 tak\u017ce \u015brodowisku naturalnemu, w tym ro\u015blinom i zwierz\u0119tom domowym.<\/p>\n<p>&nbsp;<\/p>\n<p style=\"text-align: left;\"><span style=\"color: #000000;\"><strong>Najwa\u017cniejsze zalety<\/strong><\/span><br \/>\n<ul class=\"standard-arrow list-divider\"><li><p>W\u0142a\u015bciwo\u015bci antyseptyczne srebra<\/p>\n<\/li><li><p>Przyjazny \u015brodowisku<\/p>\n<\/li><li><p>Zwalczanie bakterii<\/p>\n<\/li><\/ul>\n<div class=\"su-divider su-divider-style-default\" style=\"margin:15px 0;border-width:3px;border-color:#999999\"><a href=\"#\" style=\"color:#999999\">Przejd\u017a na pocz\u0105tek strony<\/a><\/div>\n<div id=\"attachment_39189\" style=\"width: 143px\" class=\"wp-caption alignright\"><img decoding=\"async\" aria-describedby=\"caption-attachment-39189\" class=\"wp-image-39189 size-full\" src=\"http:\/\/fabrykachlodu.pl\/sklep\/view\/uploads\/2019\/05\/filtry-Katechinowe.jpg\" alt=\"filtry-Katechinowe\" width=\"133\" height=\"163\" srcset=\"https:\/\/www.fabrykachlodu.pl\/sklep\/wp-content\/uploads\/2019\/05\/filtry-Katechinowe.jpg 133w, https:\/\/www.fabrykachlodu.pl\/sklep\/wp-content\/uploads\/2019\/05\/filtry-Katechinowe-64x78.jpg 64w\" sizes=\"(max-width: 133px) 100vw, 133px\" \/><p id=\"caption-attachment-39189\" class=\"wp-caption-text\">filtry-Katechinowe<\/p><\/div>\n<h2>W klimatyzatorze stosuje si\u0119 filtry Katechinowe, polepszaj\u0105ce powietrze i zwalczj\u0105ce zarazki. Eliminuje roztocza, dym tytoniowy, pa\u0142eczki okr\u0119\u017cnicy oraz gronkowca z\u0142ocistego.<\/h2>\n<p>Mo\u017cna spotka\u0107 r\u00f3wnie\u017c pod nazw\u0105 biofiltry do klimatyzacji, bo usuwaj\u0105 bakterie tzw. biokatalizatorami, s\u0105 wyci\u0105gi ro\u015blinne, kt\u00f3rymi s\u0105 nasycone. W celu biofiltracji stosuj\u0119 si\u0119 dewa rodzaje substancji do nasycenia jest to katechina i wasabi.<\/p>\n<p>Stosuje si\u0119 dwa rodzaje wyci\u0105g\u00f3w ro\u015blinnych: z katechiny (sk\u0142adnik w zielonej herbacie) i wasabi. Aby biofiltracja by\u0142a skuteczna filtry s\u0105 pokryte czynnikiem pochodzenia naturalnego, dzi\u0119ki temu neutralizacja zapach\u00f3w oraz blokowanie rozwoju grzyb\u00f3w, ple\u015bni bakterii i wirus\u00f3w odbywa si\u0119 w naturalny i ekologiczny spos\u00f3b. Wymiana filtra jest prosta i pozwoli w szybko spos\u00f3b pozby\u0107 si\u0119 czynnik\u00f3w chorobotw\u00f3rczych w danym popieszczeniu.<\/p>\n<p style=\"text-align: left;\"><span style=\"color: #000000;\"><strong>Najwa\u017cniejsze zalety<\/strong><\/span><br \/>\n<ul class=\"standard-arrow list-divider\"><li><p>Sterylizacja powietrza<\/p>\n<\/li><li><p>Usuwanie wirus\u00f3w i bakterii<\/p>\n<\/li><li><p>Katechina z zielonej herbaty<\/p>\n<\/li><\/ul>\n<div class=\"su-divider su-divider-style-default\" style=\"margin:15px 0;border-width:3px;border-color:#999999\"><a href=\"#\" style=\"color:#999999\">Przejd\u017a na pocz\u0105tek strony<\/a><\/div>\n<div id=\"attachment_39187\" style=\"width: 136px\" class=\"wp-caption alignleft\"><img decoding=\"async\" aria-describedby=\"caption-attachment-39187\" class=\"wp-image-39187 size-full\" src=\"http:\/\/fabrykachlodu.pl\/sklep\/view\/uploads\/2019\/05\/filtr-fotokatalityczny.jpg\" alt=\"filtr-fotokatalityczny\" width=\"126\" height=\"163\" srcset=\"https:\/\/www.fabrykachlodu.pl\/sklep\/wp-content\/uploads\/2019\/05\/filtr-fotokatalityczny.jpg 126w, https:\/\/www.fabrykachlodu.pl\/sklep\/wp-content\/uploads\/2019\/05\/filtr-fotokatalityczny-64x83.jpg 64w\" sizes=\"(max-width: 126px) 100vw, 126px\" \/><p id=\"caption-attachment-39187\" class=\"wp-caption-text\">filtr-fotokatalityczny<\/p><\/div>\n<p>Je\u015bli klimatyzator filtruje powietrze w pomieszczeniach technicznych lub pracowniach nale\u017cy stosowa\u0107 odpowiednie filtry aby m\u00f3c oddycha\u0107 powietrzem czystym.<\/p>\n<p>Montujemy klimatyzacj\u0119 nie tylko w mieszkaniach i domach, ale r\u00f3wnie\u017c w gabinetach, pracowniach i tam gdzie cz\u0142owiek ma kontakt z materia\u0142ami chemicznymi. W tym celu stosuje si\u0119 filtr fotokatalityczny, kt\u00f3ry skutecznie usuwa bakterie szkodliwy azot, kwas octowy, amoniak i formaldehydem.<\/p>\n<h2>Zam\u00f3w filtr fotokatalityczny w naszym sklepie online, gdzie ceny s\u0105 konkurencyjne, a produkty mog\u0105 by\u0107 wys\u0142ane ju\u017c w 24 godziny od zam\u00f3wienia.<\/h2>\n<p style=\"text-align: left;\"><span style=\"color: #000000;\"><strong>Najwa\u017cniejsze zalety<\/strong><\/span><br \/>\n<ul class=\"standard-arrow list-divider\"><li><p>Wykorzystanie dwutlenku tytanu<\/p>\n<\/li><li><p>Przyjazny dla \u015brodowiska<\/p>\n<\/li><li><p>Usuwanie bakterii i zapach\u00f3w<\/p>\n<\/li><\/ul>\n<div class=\"su-divider su-divider-style-default\" style=\"margin:15px 0;border-width:3px;border-color:#999999\"><a href=\"#\" style=\"color:#999999\">Przejd\u017a na pocz\u0105tek strony<\/a><\/div>\n<div id=\"attachment_39190\" style=\"width: 142px\" class=\"wp-caption alignright\"><img loading=\"lazy\" decoding=\"async\" aria-describedby=\"caption-attachment-39190\" class=\"size-full wp-image-39190\" src=\"http:\/\/fabrykachlodu.pl\/sklep\/view\/uploads\/2019\/05\/Filtr-aktywny-weglowy.jpg\" alt=\"Filtr-aktywny-weglowy\" width=\"132\" height=\"163\" srcset=\"https:\/\/www.fabrykachlodu.pl\/sklep\/wp-content\/uploads\/2019\/05\/Filtr-aktywny-weglowy.jpg 132w, https:\/\/www.fabrykachlodu.pl\/sklep\/wp-content\/uploads\/2019\/05\/Filtr-aktywny-weglowy-64x79.jpg 64w\" sizes=\"(max-width: 132px) 100vw, 132px\" \/><p id=\"caption-attachment-39190\" class=\"wp-caption-text\">filtr-aktywny-weglowy<\/p><\/div>\n<h2>Filtry w\u0119gla aktywnego to podstawowe zabezpieczenie przed lotnymi zwi\u0105zkami organicznymi i pestycyd\u00f3w a tak\u017ce chloru, benzenu oraz innych chemikali\u00f3w.<\/h2>\n<p>Filtr w\u0119gla aktywnego stosowany jest w oczyszczaniu nawet zanieczyszczenia powietrza tzw. Smogu. Aktywny w\u0119giel to pozytywnie na\u0142adowane cz\u0105steczki, kt\u00f3re przyci\u0105gaj\u0105 jony zanieczyszcze\u0144.<\/p>\n<p>Znamy przecie\u017c skuteczno\u015b\u0107 filtr\u00f3w do wody, w\u0142a\u015bnie one s\u0105 zrobione z organicznego aktywnego w\u0119gla.<\/p>\n<p><span style=\"color: #000000;\"><strong>Najwa\u017cniejsze zalety<\/strong><\/span><br \/>\n<ul class=\"standard-arrow list-divider\"><li><p>Poch\u0142anianie szkodliwych substancji<\/p>\n<\/li><li><p>Wysoka skuteczno\u015b\u0107<\/p>\n<\/li><li><p>Usuwanie zapach\u00f3w<\/p>\n<\/li><\/ul>\n<div class=\"su-divider su-divider-style-default\" style=\"margin:15px 0;border-width:3px;border-color:#999999\"><a href=\"#\" style=\"color:#999999\">Przejd\u017a na pocz\u0105tek strony<\/a><\/div>\n<div id=\"attachment_39188\" style=\"width: 148px\" class=\"wp-caption alignleft\"><img loading=\"lazy\" decoding=\"async\" aria-describedby=\"caption-attachment-39188\" class=\"wp-image-39188 size-full\" src=\"http:\/\/fabrykachlodu.pl\/sklep\/view\/uploads\/2019\/05\/Antybakteryjne-filtry.jpg\" alt=\"antybakteryjne-filtry\" width=\"138\" height=\"163\" srcset=\"https:\/\/www.fabrykachlodu.pl\/sklep\/wp-content\/uploads\/2019\/05\/Antybakteryjne-filtry.jpg 138w, https:\/\/www.fabrykachlodu.pl\/sklep\/wp-content\/uploads\/2019\/05\/Antybakteryjne-filtry-64x76.jpg 64w\" sizes=\"(max-width: 138px) 100vw, 138px\" \/><p id=\"caption-attachment-39188\" class=\"wp-caption-text\">antybakteryjne-filtry<\/p><\/div>\n\n<h2>Antybakteryjne filtry do klimatyzator\u00f3w Gree unieszkodliwiaj\u0105 bakterie dzi\u0119ki warstwie drobnych mikrow\u0142\u00f3kien.<\/h2>\n<p>Wysoka skuteczna bo do 95% absorpcja bakterii, hamuje ich rozw\u00f3j oraz obni\u017ca ilo\u015b\u0107 kurzu. Dok\u0142adnie oczyszcza powietrze.<\/p>\n<p>Filtr jest wykonany z Sama wymiana jest bardzo prosta i zajmie kilka chwil. Pami\u0119tajmy, \u017cywe bakterie to organizmy powoduj\u0105ce choroby np. przezi\u0119bienie lub grypa, ale r\u00f3wnie\u017c negatywnie wp\u0142ywaj\u0105 na zdrowie alergik\u00f3w oraz mog\u0105 powodowa\u0107 objawy astmy.<\/p>\n<p>Filtry dla najlepszej ochrony i skuteczno\u015bci nale\u017cy wymienia\u0107 raz w roku.<\/p>\n<p style=\"text-align: left;\"><span style=\"color: #000000;\"><strong>Najwa\u017cniejsze zalety<\/strong><\/span><br \/>\n<ul class=\"standard-arrow list-divider\"><li><p>Zwalczanie bakterii<\/p>\n<\/li><li><p>Poch\u0142anianie kurzu<\/p>\n<\/li><li><p>Wysoka skuteczno\u015b\u0107<\/p>\n<\/li><\/ul>\n<div class=\"su-divider su-divider-style-default\" style=\"margin:15px 0;border-width:3px;border-color:#999999\"><a href=\"#\" style=\"color:#999999\">Przejd\u017a na pocz\u0105tek strony<\/a><\/div>\n<div class=\"su-tabs su-tabs-style-default su-tabs-mobile-stack\" data-active=\"1\" data-scroll-offset=\"0\" data-anchor-in-url=\"no\"><div class=\"su-tabs-nav\"><span class=\"\" data-url=\"\" data-target=\"blank\" tabindex=\"0\" role=\"button\">Opcjonalne filtry powietrza do klimatyzator\u00f3w Gree<\/span><span class=\"\" data-url=\"\" data-target=\"blank\" tabindex=\"0\" role=\"button\">Por\u00f3wnanie funkcji<\/span><span class=\"\" data-url=\"\" data-target=\"blank\" tabindex=\"0\" role=\"button\">Opis funkcji urz\u0105dze\u0144 Gree<\/span><\/div><div class=\"su-tabs-panes\"><div class=\"su-tabs-pane su-u-clearfix su-u-trim\" data-title=\"Opcjonalne filtry powietrza do klimatyzator\u00f3w Gree\">\n<div class=\"su-document su-u-responsive-media-yes\"><iframe src=\"\/\/docs.google.com\/viewer?embedded=true&url=http:\/\/fabrykachlodu.pl\/sklep\/view\/uploads\/2019\/05\/filtry.powietrza.klimatyzator.gree_.pdf\" width=\"600\" height=\"400\" class=\"su-document\" title=\"\"><\/iframe><\/div>\n<\/div>\n<div class=\"su-tabs-pane su-u-clearfix su-u-trim\" data-title=\"Por\u00f3wnanie funkcji\">\n<div class=\"su-document su-u-responsive-media-yes\"><iframe src=\"\/\/docs.google.com\/viewer?embedded=true&url=http:\/\/fabrykachlodu.pl\/sklep\/view\/uploads\/2019\/05\/funkcje.modeli.sterowanie.praca_.co_.oznacza.pdf\" width=\"600\" height=\"400\" class=\"su-document\" title=\"\"><\/iframe><\/div>\n<\/div>\n<div class=\"su-tabs-pane su-u-clearfix su-u-trim\" data-title=\"Opis funkcji urz\u0105dze\u0144 Gree\">\n<div class=\"su-document su-u-responsive-media-yes\"><iframe src=\"\/\/docs.google.com\/viewer?embedded=true&url=http:\/\/fabrykachlodu.pl\/sklep\/view\/uploads\/2019\/05\/funkcje.urzadzen.gree_.opcje_.co_.znacza.pdf\" width=\"600\" height=\"400\" class=\"su-document\" title=\"\"><\/iframe><\/div>\n<\/div><\/div><\/div>\n<p>Dokumenty si\u0119 nie wy\u015bwietlaj\u0105? <input type=\"button\" value=\"Od\u015bwie\u017c stron\u0119\" onclick=\"location.reload();\"> Wymiana filtra powietrza to zdrowe powietrze, oczyszczone z bakterii oraz grzyb\u00f3w b\u0119d\u0105cych w powietrzu. Filtry powinny wymieniane m.in.co 12 miesi\u0119cy. Wybierz rodzaj filtra do klimatyzacji gree Z jonami srebra Katechinowy Fotokatalityczny Aktywny w\u0119glowy Antybakteryjny do Gree.<\/p>\n","protected":false},"excerpt":{"rendered":"<p><span style=\"color: #000000;\"><strong>Najwa\u017cniejsze zalety<\/strong><\/span><\/p>\n[dt_list style=\"1\" bullet_position=\"middle\" dividers=\"true\"][dt_list_item image=\"\"]Natychmiastowa poprawa powietrza[\/dt_list_item][dt_list_item image=\"\"]Wydajny min.12 m-cy[\/dt_list_item][dt_list_item image=\"\"]Samodzielny monta\u017c[\/dt_list_item][dt_list_item image=\"\"]Przyst\u0119pna cena[\/dt_list_item][\/dt_list]\n","protected":false},"featured_media":39222,"template":"","meta":[],"product_cat":[407,189],"product_tag":[5804,5805,5806,5807,5808,5809,5810,5811,5812,5813,5814],"yoast_head":"<!-- This site is optimized with the Yoast SEO plugin v22.1 - https:\/\/yoast.com\/wordpress\/plugins\/seo\/ -->\n<title>Filtry powietrza do klimatyzacji Gree - Fotokatalityczny<\/title>\n<meta name=\"description\" content=\"Filtry powietrza do klimatyzacji Gree - Fotokatalityczny\" \/>\n<meta name=\"robots\" content=\"index, follow, max-snippet:-1, max-image-preview:large, max-video-preview:-1\" \/>\n<link rel=\"canonical\" href=\"https:\/\/www.fabrykachlodu.pl\/sklep\/produkt\/filtry-powietrza-do-klimatyzacji-gree-fotokatalityczny\/\" \/>\n<meta name=\"twitter:label1\" content=\"Szacowany czas czytania\" \/>\n\t<meta name=\"twitter:data1\" content=\"6 minut\" \/>\n<script type=\"application\/ld+json\" class=\"yoast-schema-graph\">{\"@context\":\"https:\/\/schema.org\",\"@graph\":[{\"@type\":\"WebPage\",\"@id\":\"https:\/\/www.fabrykachlodu.pl\/sklep\/produkt\/filtry-powietrza-do-klimatyzacji-gree-fotokatalityczny\/\",\"url\":\"https:\/\/www.fabrykachlodu.pl\/sklep\/produkt\/filtry-powietrza-do-klimatyzacji-gree-fotokatalityczny\/\",\"name\":\"Filtry powietrza do klimatyzacji Gree - Fotokatalityczny\",\"isPartOf\":{\"@id\":\"https:\/\/www.fabrykachlodu.pl\/sklep\/#website\"},\"datePublished\":\"2019-11-19T21:49:38+00:00\",\"dateModified\":\"2023-03-06T21:47:40+00:00\",\"description\":\"Filtry powietrza do klimatyzacji Gree - Fotokatalityczny\",\"breadcrumb\":{\"@id\":\"https:\/\/www.fabrykachlodu.pl\/sklep\/produkt\/filtry-powietrza-do-klimatyzacji-gree-fotokatalityczny\/#breadcrumb\"},\"inLanguage\":\"pl-PL\",\"potentialAction\":[{\"@type\":\"ReadAction\",\"target\":[\"https:\/\/www.fabrykachlodu.pl\/sklep\/produkt\/filtry-powietrza-do-klimatyzacji-gree-fotokatalityczny\/\"]}]},{\"@type\":\"BreadcrumbList\",\"@id\":\"https:\/\/www.fabrykachlodu.pl\/sklep\/produkt\/filtry-powietrza-do-klimatyzacji-gree-fotokatalityczny\/#breadcrumb\",\"itemListElement\":[{\"@type\":\"ListItem\",\"position\":1,\"name\":\"Strona g\u0142\u00f3wna\",\"item\":\"https:\/\/www.fabrykachlodu.pl\/sklep\/\"},{\"@type\":\"ListItem\",\"position\":2,\"name\":\"Szukasz klimatzyacji biurowej sklepowej lub do mieszkania?\",\"item\":\"https:\/\/www.fabrykachlodu.pl\/sklep\/\"},{\"@type\":\"ListItem\",\"position\":3,\"name\":\"GREE\",\"item\":\"https:\/\/www.fabrykachlodu.pl\/sklep\/product-category\/gree\/\"},{\"@type\":\"ListItem\",\"position\":4,\"name\":\"Akcesoria\",\"item\":\"https:\/\/www.fabrykachlodu.pl\/sklep\/product-category\/gree\/akcesoria\/\"},{\"@type\":\"ListItem\",\"position\":5,\"name\":\"FILTRY POWIETRZA\",\"item\":\"https:\/\/www.fabrykachlodu.pl\/sklep\/product-category\/gree\/akcesoria\/filtry-powietrza\/\"},{\"@type\":\"ListItem\",\"position\":6,\"name\":\"Filtry powietrza do klimatyzacji Gree &#8211; Fotokatalityczny\"}]},{\"@type\":\"WebSite\",\"@id\":\"https:\/\/www.fabrykachlodu.pl\/sklep\/#website\",\"url\":\"https:\/\/www.fabrykachlodu.pl\/sklep\/\",\"name\":\"\u00b0FC Sklep Internetowy monta\u017c klimatyzacji pomp ciep\u0142a\",\"description\":\"\u00b0FC monta\u017c klimatyzacji pomp ciep\u0142a z nami to szybki i tani wyb\u00f3r.  Us\u0142ugi monta\u017cowe i serwisowe W Warszawie i okolicach..\",\"potentialAction\":[{\"@type\":\"SearchAction\",\"target\":{\"@type\":\"EntryPoint\",\"urlTemplate\":\"https:\/\/www.fabrykachlodu.pl\/sklep\/?s={search_term_string}\"},\"query-input\":\"required name=search_term_string\"}],\"inLanguage\":\"pl-PL\"}]}<\/script>\n<!-- \/ Yoast SEO plugin. -->","yoast_head_json":{"title":"Filtry powietrza do klimatyzacji Gree - Fotokatalityczny","description":"Filtry powietrza do klimatyzacji Gree - Fotokatalityczny","robots":{"index":"index","follow":"follow","max-snippet":"max-snippet:-1","max-image-preview":"max-image-preview:large","max-video-preview":"max-video-preview:-1"},"canonical":"https:\/\/www.fabrykachlodu.pl\/sklep\/produkt\/filtry-powietrza-do-klimatyzacji-gree-fotokatalityczny\/","twitter_misc":{"Szacowany czas czytania":"6 minut"},"schema":{"@context":"https:\/\/schema.org","@graph":[{"@type":"WebPage","@id":"https:\/\/www.fabrykachlodu.pl\/sklep\/produkt\/filtry-powietrza-do-klimatyzacji-gree-fotokatalityczny\/","url":"https:\/\/www.fabrykachlodu.pl\/sklep\/produkt\/filtry-powietrza-do-klimatyzacji-gree-fotokatalityczny\/","name":"Filtry powietrza do klimatyzacji Gree - Fotokatalityczny","isPartOf":{"@id":"https:\/\/www.fabrykachlodu.pl\/sklep\/#website"},"datePublished":"2019-11-19T21:49:38+00:00","dateModified":"2023-03-06T21:47:40+00:00","description":"Filtry powietrza do klimatyzacji Gree - Fotokatalityczny","breadcrumb":{"@id":"https:\/\/www.fabrykachlodu.pl\/sklep\/produkt\/filtry-powietrza-do-klimatyzacji-gree-fotokatalityczny\/#breadcrumb"},"inLanguage":"pl-PL","potentialAction":[{"@type":"ReadAction","target":["https:\/\/www.fabrykachlodu.pl\/sklep\/produkt\/filtry-powietrza-do-klimatyzacji-gree-fotokatalityczny\/"]}]},{"@type":"BreadcrumbList","@id":"https:\/\/www.fabrykachlodu.pl\/sklep\/produkt\/filtry-powietrza-do-klimatyzacji-gree-fotokatalityczny\/#breadcrumb","itemListElement":[{"@type":"ListItem","position":1,"name":"Strona g\u0142\u00f3wna","item":"https:\/\/www.fabrykachlodu.pl\/sklep\/"},{"@type":"ListItem","position":2,"name":"Szukasz klimatzyacji biurowej sklepowej lub do mieszkania?","item":"https:\/\/www.fabrykachlodu.pl\/sklep\/"},{"@type":"ListItem","position":3,"name":"GREE","item":"https:\/\/www.fabrykachlodu.pl\/sklep\/product-category\/gree\/"},{"@type":"ListItem","position":4,"name":"Akcesoria","item":"https:\/\/www.fabrykachlodu.pl\/sklep\/product-category\/gree\/akcesoria\/"},{"@type":"ListItem","position":5,"name":"FILTRY POWIETRZA","item":"https:\/\/www.fabrykachlodu.pl\/sklep\/product-category\/gree\/akcesoria\/filtry-powietrza\/"},{"@type":"ListItem","position":6,"name":"Filtry powietrza do klimatyzacji Gree &#8211; Fotokatalityczny"}]},{"@type":"WebSite","@id":"https:\/\/www.fabrykachlodu.pl\/sklep\/#website","url":"https:\/\/www.fabrykachlodu.pl\/sklep\/","name":"\u00b0FC Sklep Internetowy monta\u017c klimatyzacji pomp ciep\u0142a","description":"\u00b0FC monta\u017c klimatyzacji pomp ciep\u0142a z nami to szybki i tani wyb\u00f3r.  Us\u0142ugi monta\u017cowe i serwisowe W Warszawie i okolicach..","potentialAction":[{"@type":"SearchAction","target":{"@type":"EntryPoint","urlTemplate":"https:\/\/www.fabrykachlodu.pl\/sklep\/?s={search_term_string}"},"query-input":"required name=search_term_string"}],"inLanguage":"pl-PL"}]}},"_links":{"self":[{"href":"https:\/\/www.fabrykachlodu.pl\/sklep\/wp-json\/wp\/v2\/product\/47090"}],"collection":[{"href":"https:\/\/www.fabrykachlodu.pl\/sklep\/wp-json\/wp\/v2\/product"}],"about":[{"href":"https:\/\/www.fabrykachlodu.pl\/sklep\/wp-json\/wp\/v2\/types\/product"}],"wp:featuredmedia":[{"embeddable":true,"href":"https:\/\/www.fabrykachlodu.pl\/sklep\/wp-json\/wp\/v2\/media\/39222"}],"wp:attachment":[{"href":"https:\/\/www.fabrykachlodu.pl\/sklep\/wp-json\/wp\/v2\/media?parent=47090"}],"wp:term":[{"taxonomy":"product_cat","embeddable":true,"href":"https:\/\/www.fabrykachlodu.pl\/sklep\/wp-json\/wp\/v2\/product_cat?post=47090"},{"taxonomy":"product_tag","embeddable":true,"href":"https:\/\/www.fabrykachlodu.pl\/sklep\/wp-json\/wp\/v2\/product_tag?post=47090"}],"curies":[{"name":"wp","href":"https:\/\/api.w.org\/{rel}","templated":true}]}}