{"id":88517,"date":"2023-04-19T16:03:19","date_gmt":"2023-04-19T14:03:19","guid":{"rendered":"https:\/\/www.fabrykachlodu.pl\/sklep\/?post_type=product&#038;p=88517"},"modified":"2024-04-18T23:12:12","modified_gmt":"2024-04-18T21:12:12","slug":"waz-do-c02-3coss-4-4-601-4-sae-1500-mm-3-szt-wigam","status":"publish","type":"product","link":"https:\/\/www.fabrykachlodu.pl\/sklep\/produkt\/waz-do-c02-3coss-4-4-601-4-sae-1500-mm-3-szt-wigam\/","title":{"rendered":"Oprawa manometr\u00f3w 2-zaw. R744 (C02), K-PF2ML\/D5-4-COS, zestaw WIGAM"},"content":{"rendered":"<br \/>\n<h2>Zam\u00f3wienie dotyczy:  Oprawa manometr\u00f3w 2-zaw. R744 (C02), K-PF2ML\/D5-4-COS, zestaw WIGAM<\/h2>\n<p><h3><strong>W jednym miejscu poznasz:<\/strong><\/h3>\n<\/p>\n<p>Oprawa manometr\u00f3w 2-zaw. R744 (C02), K-PF2ML\/D5-4-COS, zestaw WIGAM i wa\u017cne informacje<br \/> Poznasz najwa\u017cniejsze funkcje<br \/> Por\u00f3wnasz produkty<br \/> Poznasz parametry techniczne<br \/> Poznasz cen\u0119 i zrealizujesz zam\u00f3wienie<strong><\/p>\n<h3>Zamawiaj\u0105c produkt u nas:<\/strong><\/h3>\n<p>Otrzymasz produkt<br \/> Nowy produkt<br \/> Prawo do zwrotu<br \/> Zakup na raty<br \/> <strong><\/p>\n<h3>Zamawiaj\u0105c teraz otrzymasz:<\/strong><\/h3>\n<p> Oprawa manometr\u00f3w 2-zaw. R744 (C02), K-PF2ML\/D5-4-COS, zestaw WIGAM z rabatem kupuj\u0105c w naszym sklepie online  <br \/> Gwarancje <br \/> Szybka realizacje dostawyOprawy manometr\u00f3w to specjalne urz\u0105dzenia, kt\u00f3re s\u0142u\u017c\u0105 do umieszczenia i ochrony manometr\u00f3w w uk\u0142adach ch\u0142odniczych. Istniej\u0105 r\u00f3\u017cne rodzaje opraw manometr\u00f3w, a niekt\u00f3re z nich to:<\/p>\n<p>Oprawy pojedyncze &#8211; s\u0142u\u017c\u0105 do umieszczenia pojedynczego manometru.<\/p>\n<p>Oprawy podw\u00f3jne &#8211; s\u0142u\u017c\u0105 do umieszczenia dw\u00f3ch manometr\u00f3w.<\/p>\n<p>Oprawy podw\u00f3jne z t\u0142umikiem &#8211; s\u0142u\u017c\u0105 do umieszczenia dw\u00f3ch manometr\u00f3w, z kt\u00f3rych jeden jest wyposa\u017cony w t\u0142umik.<\/p>\n<p>Oprawy tr\u00f3jniki &#8211; s\u0142u\u017c\u0105 do umieszczenia trzech manometr\u00f3w.<\/p>\n<p>Oprawy z zaworem zwrotnym &#8211; s\u0142u\u017c\u0105 do umieszczenia manometru oraz zaworu zwrotnego.<\/p>\n<p>Oprawy manometr\u00f3w s\u0105 wa\u017cne dla bezpiecze\u0144stwa i skuteczno\u015bci pracy uk\u0142adu ch\u0142odniczego. Odpowiednio zamontowane i zabezpieczone manometry pozwalaj\u0105 na kontrolowanie ci\u015bnienia w uk\u0142adzie i identyfikowanie problem\u00f3w, co mo\u017ce pom\u00f3c w unikni\u0119ciu powa\u017cniejszych awarii i zapewni\u0107 bezpieczn\u0105 i efektywn\u0105 prac\u0119 urz\u0105dzenia ch\u0142odniczego.<div class=\"su-service\"><div class=\"su-service-title\" style=\"padding-left:52px;min-height:38px;line-height:38px\"><i class=\"sui sui-check-circle\" style=\"font-size:38px;color:#22a0ed\"><\/i> Wskaz\u00f3wka naszego eksperta<\/div><div class=\"su-service-content su-u-clearfix su-u-trim\" style=\"padding-left:52px\"><\/div><\/div>\n<h2><strong>Zapraszamy do por\u00f3wnania zalet i wad<\/strong><\/h2>\n<p><strong>Jakie s\u0105 zalety?<\/strong><br \/><div class=\"su-service\"><div class=\"su-service-title\" style=\"padding-left:52px;min-height:38px;line-height:38px\"><i class=\"sui sui-check-circle\" style=\"font-size:38px;color:#22a0ed\"><\/i> Wskaz\u00f3wka naszego eksperta<\/div><div class=\"su-service-content su-u-clearfix su-u-trim\" style=\"padding-left:52px\">Oprawa manometr\u00f3w 2-zaw. R744 (C02) K-PF2ML\/D5-4-COS zestaw WIGAM &#8211; profesjonalna oprawa manometr\u00f3w do u\u017cytku z C02<br \/><\/div><\/div><strong>Jakie s\u0105 wady tego produktu?<\/strong><br \/><div class=\"su-service\"><div class=\"su-service-title\" style=\"padding-left:52px;min-height:38px;line-height:38px\"><i class=\"sui sui-check-circle\" style=\"font-size:38px;color:#22a0ed\"><\/i> Wskaz\u00f3wka naszego eksperta<\/div><div class=\"su-service-content su-u-clearfix su-u-trim\" style=\"padding-left:52px\">Oprawa manometr\u00f3w: skomplikowany w monta\u017cu<br \/><\/div><\/div><div class=\"su-service\"><div class=\"su-service-title\" style=\"padding-left:52px;min-height:38px;line-height:38px\"><i class=\"sui sui-hand-o-right\" style=\"font-size:38px;color:#22a0ed\"><\/i> Podsumowuj\u0105c<\/div><div class=\"su-service-content su-u-clearfix su-u-trim\" style=\"padding-left:52px\">Oprawa manometr\u00f3w WIGAM to idealne narz\u0119dzie dla specjalisty zajmuj\u0105cego si\u0119 ch\u0142odnictwem i klimatyzacj\u0105. Wysoka jako\u015b\u0107 wykonania i precyzja pomiar\u00f3w sprawiaj\u0105, \u017ce b\u0119dzie ona niezb\u0119dna w pracy ka\u017cdego fachowca.<br \/><\/div><\/div>\n<div class=\"hr-thin\"><\/div>\n<p>&#8221; <\/p>\n<p>PARAMETRY TECHNICZNE<\/p>\n<div class=\"su-tabs su-tabs-style-default su-tabs-mobile-stack\" data-active=\"1\" data-scroll-offset=\"0\" data-anchor-in-url=\"no\"><div class=\"su-tabs-nav\"><span class=\"\" data-url=\"\" data-target=\"blank\" tabindex=\"0\" role=\"button\">Manometry<\/span><span class=\"\" data-url=\"\" data-target=\"blank\" tabindex=\"0\" role=\"button\">W\u0119\u017ce, przed\u0142u\u017cenia<\/span><span class=\"\" data-url=\"\" data-target=\"blank\" tabindex=\"0\" role=\"button\">Pompa pr\u00f3\u017cniowa<\/span><span class=\"\" data-url=\"\" data-target=\"blank\" tabindex=\"0\" role=\"button\">Akcesoria Monta\u017cowe<\/span><span class=\"\" data-url=\"\" data-target=\"blank\" tabindex=\"0\" role=\"button\">Klimatyzacja i pompy oferta<\/span><span class=\"\" data-url=\"\" data-target=\"blank\" tabindex=\"0\" role=\"button\">Ch\u0142odnictwo oferta<\/span><\/div><div class=\"su-tabs-panes\"><div class=\"su-tabs-pane su-u-clearfix su-u-trim\" data-title=\"Manometry\"><div class=\"su-document su-u-responsive-media-yes\"><iframe src=\"\/\/docs.google.com\/viewer?embedded=true&url=https:\/\/www.fabrykachlodu.pl\/sklep\/wp-content\/uploads\/2023\/04\/zawory.kolektory.manometry.pdf\" width=\"600\" height=\"400\" class=\"su-document\" title=\"\"><\/iframe><\/div><\/div>\n<div class=\"su-tabs-pane su-u-clearfix su-u-trim\" data-title=\"W\u0119\u017ce, przed\u0142u\u017cenia\"><div class=\"su-document su-u-responsive-media-yes\"><iframe src=\"\/\/docs.google.com\/viewer?embedded=true&url=https:\/\/www.fabrykachlodu.pl\/sklep\/wp-content\/uploads\/2023\/04\/weze.przedluzacze.wezy_.weze_.prozniowe.zawory.kulowe.uszczelki.depresory.pdf\" width=\"600\" height=\"400\" class=\"su-document\" title=\"\"><\/iframe><\/div><\/div>\n<div class=\"su-tabs-pane su-u-clearfix su-u-trim\" data-title=\"Pompa pr\u00f3\u017cniowa\"><div class=\"su-document su-u-responsive-media-yes\"><iframe src=\"\/\/docs.google.com\/viewer?embedded=true&url=https:\/\/www.fabrykachlodu.pl\/sklep\/wp-content\/uploads\/2023\/04\/pompy.prozniowe.oleje_.do_.pomp_.pdf\" width=\"600\" height=\"400\" class=\"su-document\" title=\"\"><\/iframe><\/div><\/div>\n<div class=\"su-tabs-pane su-u-clearfix su-u-trim\" data-title=\"Akcesoria Monta\u017cowe\"><div class=\"su-document su-u-responsive-media-yes\"><iframe src=\"\/\/docs.google.com\/viewer?embedded=true&url=https:\/\/www.fabrykachlodu.pl\/sklep\/wp-content\/uploads\/2023\/04\/narzedzia.do_.rur_.frezy_.do_.gratowania.do_.giecia.do_.zaciskania.do_.rozcinania.otworow.pdf\" width=\"600\" height=\"400\" class=\"su-document\" title=\"\"><\/iframe><\/div><\/div>\n<div class=\"su-tabs-pane su-u-clearfix su-u-trim\" data-title=\"Klimatyzacja i pompy oferta\"><div class=\"su-document su-u-responsive-media-yes\"><iframe src=\"\/\/docs.google.com\/viewer?embedded=true&url=https:\/\/www.fabrykachlodu.pl\/oferta\/FC.Nowosci.pdf\" width=\"600\" height=\"400\" class=\"su-document\" title=\"\"><\/iframe><\/div><\/div>\n<div class=\"su-tabs-pane su-u-clearfix su-u-trim\" data-title=\"Ch\u0142odnictwo oferta\"><div class=\"su-document su-u-responsive-media-yes\"><iframe src=\"\/\/docs.google.com\/viewer?embedded=true&url=https:\/\/www.fabrykachlodu.pl\/oferta\/FC.Serwis_Chlodniczy.pdf\" width=\"600\" height=\"400\" class=\"su-document\" title=\"\"><\/iframe><\/div><\/div><\/div><\/div>\n<p>Dokumenty si\u0119 nie wy\u015bwietlaj\u0105? <input type=\"button\" value=\"Od\u015bwie\u017c stron\u0119\" onclick=\"location.reload();\"><\/p>\n","protected":false},"excerpt":{"rendered":"<p><span style=\"color: #000000;\"><strong>Najwa\u017cniejsze zalety<\/strong><\/span>[dt_list style=\"1\" bullet_position=\"middle\" dividers=\"true\"][dt_list style=\"1\" bullet_position=\"middle\" dividers=\"true\"][dt_list_item image=\"\"]Precyzyjna[\/dt_list_item][dt_list_item image=\"\"]Niezawodna[\/dt_list_item][dt_list_item image=\"\"]\u0141atwa w obs\u0142udze[\/dt_list_item][dt_list_item image=\"\"]Wyposa\u017cona w 2 zawory[\/dt_list_item][\/dt_list]<\/p>\n","protected":false},"featured_media":89219,"template":"","meta":[],"product_cat":[6739,6742,189],"product_tag":[6741],"yoast_head":"<!-- This site is optimized with the Yoast SEO plugin v22.1 - https:\/\/yoast.com\/wordpress\/plugins\/seo\/ -->\n<title>Oprawa manometr\u00f3w 2-zaw. R744 (C02), K-PF2ML\/D5-4-COS, zestaw WIGAM<\/title>\n<meta name=\"description\" content=\"Oprawa manometr\u00f3w 2-zaw. R744 (C02), K-PF2ML\/D5-4-COS, zestaw WIGAM\" \/>\n<meta name=\"robots\" content=\"index, nofollow, max-snippet:-1, max-image-preview:large, max-video-preview:-1, noarchive\" \/>\n<link rel=\"canonical\" href=\"https:\/\/www.fabrykachlodu.pl\/sklep\/produkt\/waz-do-c02-3coss-4-4-601-4-sae-1500-mm-3-szt-wigam\/\" \/>\n<meta name=\"twitter:label1\" content=\"Szacowany czas czytania\" \/>\n\t<meta name=\"twitter:data1\" content=\"3 minuty\" \/>\n<script type=\"application\/ld+json\" class=\"yoast-schema-graph\">{\"@context\":\"https:\/\/schema.org\",\"@graph\":[{\"@type\":\"WebPage\",\"@id\":\"https:\/\/www.fabrykachlodu.pl\/sklep\/produkt\/waz-do-c02-3coss-4-4-601-4-sae-1500-mm-3-szt-wigam\/\",\"url\":\"https:\/\/www.fabrykachlodu.pl\/sklep\/produkt\/waz-do-c02-3coss-4-4-601-4-sae-1500-mm-3-szt-wigam\/\",\"name\":\"Oprawa manometr\u00f3w 2-zaw. R744 (C02), K-PF2ML\/D5-4-COS, zestaw WIGAM\",\"isPartOf\":{\"@id\":\"https:\/\/www.fabrykachlodu.pl\/sklep\/#website\"},\"datePublished\":\"2023-04-19T14:03:19+00:00\",\"dateModified\":\"2024-04-18T21:12:12+00:00\",\"description\":\"Oprawa manometr\u00f3w 2-zaw. R744 (C02), K-PF2ML\/D5-4-COS, zestaw WIGAM\",\"breadcrumb\":{\"@id\":\"https:\/\/www.fabrykachlodu.pl\/sklep\/produkt\/waz-do-c02-3coss-4-4-601-4-sae-1500-mm-3-szt-wigam\/#breadcrumb\"},\"inLanguage\":\"pl-PL\",\"potentialAction\":[{\"@type\":\"ReadAction\",\"target\":[\"https:\/\/www.fabrykachlodu.pl\/sklep\/produkt\/waz-do-c02-3coss-4-4-601-4-sae-1500-mm-3-szt-wigam\/\"]}]},{\"@type\":\"BreadcrumbList\",\"@id\":\"https:\/\/www.fabrykachlodu.pl\/sklep\/produkt\/waz-do-c02-3coss-4-4-601-4-sae-1500-mm-3-szt-wigam\/#breadcrumb\",\"itemListElement\":[{\"@type\":\"ListItem\",\"position\":1,\"name\":\"Strona g\u0142\u00f3wna\",\"item\":\"https:\/\/www.fabrykachlodu.pl\/sklep\/\"},{\"@type\":\"ListItem\",\"position\":2,\"name\":\"Szukasz klimatzyacji biurowej sklepowej lub do mieszkania?\",\"item\":\"https:\/\/www.fabrykachlodu.pl\/sklep\/\"},{\"@type\":\"ListItem\",\"position\":3,\"name\":\"NARZ\u0118DZIA CH\u0141ODNICZE\",\"item\":\"https:\/\/www.fabrykachlodu.pl\/sklep\/product-category\/narzedzia-chlodnicze\/\"},{\"@type\":\"ListItem\",\"position\":4,\"name\":\"PRZYRZ\u0104DY POMIAROWE\",\"item\":\"https:\/\/www.fabrykachlodu.pl\/sklep\/product-category\/narzedzia-chlodnicze\/przyrzady-pomiarowe\/\"},{\"@type\":\"ListItem\",\"position\":5,\"name\":\"Oprawa manometr\u00f3w 2-zaw. R744 (C02), K-PF2ML\/D5-4-COS, zestaw WIGAM\"}]},{\"@type\":\"WebSite\",\"@id\":\"https:\/\/www.fabrykachlodu.pl\/sklep\/#website\",\"url\":\"https:\/\/www.fabrykachlodu.pl\/sklep\/\",\"name\":\"\u00b0FC Sklep Internetowy monta\u017c klimatyzacji pomp ciep\u0142a\",\"description\":\"\u00b0FC monta\u017c klimatyzacji pomp ciep\u0142a z nami to szybki i tani wyb\u00f3r.  Us\u0142ugi monta\u017cowe i serwisowe W Warszawie i okolicach..\",\"potentialAction\":[{\"@type\":\"SearchAction\",\"target\":{\"@type\":\"EntryPoint\",\"urlTemplate\":\"https:\/\/www.fabrykachlodu.pl\/sklep\/?s={search_term_string}\"},\"query-input\":\"required name=search_term_string\"}],\"inLanguage\":\"pl-PL\"}]}<\/script>\n<!-- \/ Yoast SEO plugin. -->","yoast_head_json":{"title":"Oprawa manometr\u00f3w 2-zaw. R744 (C02), K-PF2ML\/D5-4-COS, zestaw WIGAM","description":"Oprawa manometr\u00f3w 2-zaw. R744 (C02), K-PF2ML\/D5-4-COS, zestaw WIGAM","robots":{"index":"index","follow":"nofollow","max-snippet":"max-snippet:-1","max-image-preview":"max-image-preview:large","max-video-preview":"max-video-preview:-1","archive":"noarchive"},"canonical":"https:\/\/www.fabrykachlodu.pl\/sklep\/produkt\/waz-do-c02-3coss-4-4-601-4-sae-1500-mm-3-szt-wigam\/","twitter_misc":{"Szacowany czas czytania":"3 minuty"},"schema":{"@context":"https:\/\/schema.org","@graph":[{"@type":"WebPage","@id":"https:\/\/www.fabrykachlodu.pl\/sklep\/produkt\/waz-do-c02-3coss-4-4-601-4-sae-1500-mm-3-szt-wigam\/","url":"https:\/\/www.fabrykachlodu.pl\/sklep\/produkt\/waz-do-c02-3coss-4-4-601-4-sae-1500-mm-3-szt-wigam\/","name":"Oprawa manometr\u00f3w 2-zaw. R744 (C02), K-PF2ML\/D5-4-COS, zestaw WIGAM","isPartOf":{"@id":"https:\/\/www.fabrykachlodu.pl\/sklep\/#website"},"datePublished":"2023-04-19T14:03:19+00:00","dateModified":"2024-04-18T21:12:12+00:00","description":"Oprawa manometr\u00f3w 2-zaw. R744 (C02), K-PF2ML\/D5-4-COS, zestaw WIGAM","breadcrumb":{"@id":"https:\/\/www.fabrykachlodu.pl\/sklep\/produkt\/waz-do-c02-3coss-4-4-601-4-sae-1500-mm-3-szt-wigam\/#breadcrumb"},"inLanguage":"pl-PL","potentialAction":[{"@type":"ReadAction","target":["https:\/\/www.fabrykachlodu.pl\/sklep\/produkt\/waz-do-c02-3coss-4-4-601-4-sae-1500-mm-3-szt-wigam\/"]}]},{"@type":"BreadcrumbList","@id":"https:\/\/www.fabrykachlodu.pl\/sklep\/produkt\/waz-do-c02-3coss-4-4-601-4-sae-1500-mm-3-szt-wigam\/#breadcrumb","itemListElement":[{"@type":"ListItem","position":1,"name":"Strona g\u0142\u00f3wna","item":"https:\/\/www.fabrykachlodu.pl\/sklep\/"},{"@type":"ListItem","position":2,"name":"Szukasz klimatzyacji biurowej sklepowej lub do mieszkania?","item":"https:\/\/www.fabrykachlodu.pl\/sklep\/"},{"@type":"ListItem","position":3,"name":"NARZ\u0118DZIA CH\u0141ODNICZE","item":"https:\/\/www.fabrykachlodu.pl\/sklep\/product-category\/narzedzia-chlodnicze\/"},{"@type":"ListItem","position":4,"name":"PRZYRZ\u0104DY POMIAROWE","item":"https:\/\/www.fabrykachlodu.pl\/sklep\/product-category\/narzedzia-chlodnicze\/przyrzady-pomiarowe\/"},{"@type":"ListItem","position":5,"name":"Oprawa manometr\u00f3w 2-zaw. R744 (C02), K-PF2ML\/D5-4-COS, zestaw WIGAM"}]},{"@type":"WebSite","@id":"https:\/\/www.fabrykachlodu.pl\/sklep\/#website","url":"https:\/\/www.fabrykachlodu.pl\/sklep\/","name":"\u00b0FC Sklep Internetowy monta\u017c klimatyzacji pomp ciep\u0142a","description":"\u00b0FC monta\u017c klimatyzacji pomp ciep\u0142a z nami to szybki i tani wyb\u00f3r.  Us\u0142ugi monta\u017cowe i serwisowe W Warszawie i okolicach..","potentialAction":[{"@type":"SearchAction","target":{"@type":"EntryPoint","urlTemplate":"https:\/\/www.fabrykachlodu.pl\/sklep\/?s={search_term_string}"},"query-input":"required name=search_term_string"}],"inLanguage":"pl-PL"}]}},"_links":{"self":[{"href":"https:\/\/www.fabrykachlodu.pl\/sklep\/wp-json\/wp\/v2\/product\/88517"}],"collection":[{"href":"https:\/\/www.fabrykachlodu.pl\/sklep\/wp-json\/wp\/v2\/product"}],"about":[{"href":"https:\/\/www.fabrykachlodu.pl\/sklep\/wp-json\/wp\/v2\/types\/product"}],"wp:featuredmedia":[{"embeddable":true,"href":"https:\/\/www.fabrykachlodu.pl\/sklep\/wp-json\/wp\/v2\/media\/89219"}],"wp:attachment":[{"href":"https:\/\/www.fabrykachlodu.pl\/sklep\/wp-json\/wp\/v2\/media?parent=88517"}],"wp:term":[{"taxonomy":"product_cat","embeddable":true,"href":"https:\/\/www.fabrykachlodu.pl\/sklep\/wp-json\/wp\/v2\/product_cat?post=88517"},{"taxonomy":"product_tag","embeddable":true,"href":"https:\/\/www.fabrykachlodu.pl\/sklep\/wp-json\/wp\/v2\/product_tag?post=88517"}],"curies":[{"name":"wp","href":"https:\/\/api.w.org\/{rel}","templated":true}]}}