{"id":88602,"date":"2023-04-19T16:04:29","date_gmt":"2023-04-19T14:04:29","guid":{"rendered":"https:\/\/www.fabrykachlodu.pl\/sklep\/?post_type=product&#038;p=88602"},"modified":"2024-04-18T23:12:17","modified_gmt":"2024-04-18T21:12:17","slug":"anemometr-wiatraczkowy-z-higrometrem-pocketlinetesto-410-2","status":"publish","type":"product","link":"https:\/\/www.fabrykachlodu.pl\/sklep\/produkt\/anemometr-wiatraczkowy-z-higrometrem-pocketlinetesto-410-2\/","title":{"rendered":"Anemometr testo 416"},"content":{"rendered":"<br \/>\n<h2>Zam\u00f3wienie dotyczy:  Anemometr testo 416<\/h2>\n<p><h3><strong>W jednym miejscu poznasz:<\/strong><\/h3>\n<\/p>\n<p>Anemometr testo 416 i wa\u017cne informacje<br \/> Poznasz najwa\u017cniejsze funkcje<br \/> Por\u00f3wnasz produkty<br \/> Poznasz parametry techniczne<br \/> Poznasz cen\u0119 i zrealizujesz zam\u00f3wienie<strong><\/p>\n<h3>Zamawiaj\u0105c produkt u nas:<\/strong><\/h3>\n<p>Otrzymasz produkt<br \/> Nowy produkt<br \/> Prawo do zwrotu<br \/> Zakup na raty<br \/> <strong><\/p>\n<h3>Zamawiaj\u0105c teraz otrzymasz:<\/strong><\/h3>\n<p> Anemometr testo 416 z rabatem kupuj\u0105c w naszym sklepie online  <br \/> Gwarancje <br \/> Szybka realizacje dostawyTesto 416 &#8211; anemometr wiatraczkowy <\/p>\n<p>Nr katalogowy 0560 4160<\/p>\n<p>Anemometr wiatraczkowy z sond\u0105 teleskopow\u0105 jest idealnym narz\u0119dziem do wykonywania pomiar\u00f3w przep\u0142ywu powietrza w kana\u0142ach wentylacyjnych.<\/p>\n<p>Cechy produktu<\/p>\n<p>Anemometr wiatraczkowy Testo 416 z sond\u0105 teleskopow\u0105 o maksymalnej d\u0142ugo\u015bci 890 mm i \u015brednicy g\u0142owicy 16 mm, protok\u00f3\u0142 kalibracyjny, bateria.<\/p>\n<p>Teleskopowa sonda pod\u0142\u0105czona do miernika &#8211; d\u0142ugo\u015b\u0107 maksymalna 890 mm, \u015brednica g\u0142owicy pomiarowej 16 mm<br \/>\nPomiary przep\u0142ywu powietrza, wielopunktowe oraz czasowe u\u015brednianie strumienia obj\u0119to\u015bci<br \/>\nFunkcja zatrzymania pomiaru (HOLD), wskazanie warto\u015bci minimalnej i maksymalnej, funkcja automatycznego wy\u0142\u0105czania urz\u0105dzenia (Auto-off)<br \/>\nProtok\u00f3\u0142 kalibracyjny i bateria dostarczane w standardzie<\/p>\n<p>Opis produktu<\/p>\n<p>Anemometr skrzyde\u0142kowy Testo 416 zapewnia szybki pomiar przp\u0142yw\u00f3w i wyniki czytelnie ukazane na pod\u015bwietlanym wy\u015bwietlaczu. Pod\u0142\u0105czona do miernika teleskopowa sonda, kt\u00f3ra mo\u017ce by\u0107 roz\u0142o\u017cona do maksymalnej d\u0142ugo\u015bci 890 mm oraz wiatraczek o \u015brednicy 16 mm czyni\u0105 z anemometru idealne rozwi\u0105zanie do pomiar\u00f3w pr\u0119dko\u015bci przep\u0142ywu powietrza oraz wydatku w kana\u0142ach wentylacyjnych. W celu okre\u015blenia strumienia obj\u0119to\u015bci nale\u017cy wprowadzi\u0107 powierzchnie kana\u0142u do pami\u0119ci miernika, natomiast warto\u015bci \u015brednie zostan\u0105 obliczone zgodnie z wybranym programem: u\u015brednianie wielopunktowe lub czasowe.\u00a0 Anemometr skrzyde\u0142kowy Testo 416 posiada r\u00f3wnie\u017c funkcj\u0119 pami\u0119ci ostatniego wyniku na wy\u015bwietlaczu. Po naci\u015bni\u0119ciu przycisku mo\u017ce wskaza\u0107 warto\u015bci minimalne i maksymalne.<\/p>\n<p>Dane techniczne<\/p>\n<p>Przep\u0142yw powietrza<\/p>\n<p>Zakres pomiarowy 0,6 do 40 m\/s<br \/>\nDok\u0142adno\u015b\u0107 \u00b1(0,2 m\/s + 1,5 % mierz.wart.)<br \/>\nRozdzielczo\u015b\u0107 0,1 m\/s<\/p>\n<p>Og\u00f3lne dane techniczne<\/p>\n<p>Wymiary 182 x 64 x 40 mm<br \/>\nTemperatura pracy -20 do +50 \u00b0C<br \/>\nObudowa ABS<br \/>\nTyp baterii Bateria 9V, 6F22<br \/>\n\u017bywotno\u015b\u0107 baterii 80 h<br \/>\nTemperatura sk\u0142adowania -40 do +70 \u00b0C<br \/>\nWaga 325 gAnemometr testo 416, s\u0142u\u017cy do pomiaru pr\u0119dko\u015bci powietrza w instalacjach wentylacyjnych i klimatyzacyjnych. Wykorzystuj\u0105 go zwykle technicy i in\u017cynierowie bran\u017cy HVAC. Przydatny w sytuacjach wymagaj\u0105cych szybkiego i dok\u0142adnego pomiaru pr\u0119dko\u015bci powietrza, takich jak kontrola jako\u015bci.<div class=\"su-service\"><div class=\"su-service-title\" style=\"padding-left:52px;min-height:38px;line-height:38px\"><i class=\"sui sui-check-circle\" style=\"font-size:38px;color:#22a0ed\"><\/i> Wskaz\u00f3wka naszego eksperta<\/div><div class=\"su-service-content su-u-clearfix su-u-trim\" style=\"padding-left:52px\"><\/div><\/div>\n<h2><strong>Zapraszamy do por\u00f3wnania zalet i wad<\/strong><\/h2>\n<p><strong>Jakie s\u0105 zalety?<\/strong><br \/><div class=\"su-service\"><div class=\"su-service-title\" style=\"padding-left:52px;min-height:38px;line-height:38px\"><i class=\"sui sui-check-circle\" style=\"font-size:38px;color:#22a0ed\"><\/i> Wskaz\u00f3wka naszego eksperta<\/div><div class=\"su-service-content su-u-clearfix su-u-trim\" style=\"padding-left:52px\">Anemometr testo 416: Precyzyjny pomiar pr\u0119dko\u015bci powietrza, funkcja \u015bledzenia \u015bredniej warto\u015bci.<br \/><\/div><\/div><strong>Jakie s\u0105 wady tego produktu?<\/strong><br \/><div class=\"su-service\"><div class=\"su-service-title\" style=\"padding-left:52px;min-height:38px;line-height:38px\"><i class=\"sui sui-check-circle\" style=\"font-size:38px;color:#22a0ed\"><\/i> Wskaz\u00f3wka naszego eksperta<\/div><div class=\"su-service-content su-u-clearfix su-u-trim\" style=\"padding-left:52px\">Anemometr testo 416 &#8211; brak funkcji Bluetooth <br \/><\/div><\/div><div class=\"su-service\"><div class=\"su-service-title\" style=\"padding-left:52px;min-height:38px;line-height:38px\"><i class=\"sui sui-hand-o-right\" style=\"font-size:38px;color:#22a0ed\"><\/i> Podsumowuj\u0105c<\/div><div class=\"su-service-content su-u-clearfix su-u-trim\" style=\"padding-left:52px\">Anemometr testo 416 &#8211; Wada: Brak mo\u017cliwo\u015bci pomiaru kierunku wiatru. Zaleta: Precyzyjny pomiar pr\u0119dko\u015bci powietrza. Zach\u0119ta: Idealny dla elektryk\u00f3w i klimatyzator\u00f3w. <br \/><\/div><\/div>\n<div class=\"hr-thin\"><\/div>\n<p>&#8221; <\/p>\n<p>PARAMETRY TECHNICZNE<\/p>\n<div class=\"su-tabs su-tabs-style-default su-tabs-mobile-stack\" data-active=\"1\" data-scroll-offset=\"0\" data-anchor-in-url=\"no\"><div class=\"su-tabs-nav\"><span class=\"\" data-url=\"\" data-target=\"blank\" tabindex=\"0\" role=\"button\">Anemometr Testo<\/span><span class=\"\" data-url=\"\" data-target=\"blank\" tabindex=\"0\" role=\"button\">CPS Odzysk czynika<\/span><span class=\"\" data-url=\"\" data-target=\"blank\" tabindex=\"0\" role=\"button\">Pompa pr\u00f3\u017cniowa<\/span><span class=\"\" data-url=\"\" data-target=\"blank\" tabindex=\"0\" role=\"button\">Akcesoria Monta\u017cowe<\/span><span class=\"\" data-url=\"\" data-target=\"blank\" tabindex=\"0\" role=\"button\">Klimatyzacja i pompy oferta<\/span><span class=\"\" data-url=\"\" data-target=\"blank\" tabindex=\"0\" role=\"button\">Ch\u0142odnictwo oferta<\/span><\/div><div class=\"su-tabs-panes\"><div class=\"su-tabs-pane su-u-clearfix su-u-trim\" data-title=\"Anemometr Testo\"><div class=\"su-document su-u-responsive-media-yes\"><iframe src=\"\/\/docs.google.com\/viewer?embedded=true&url=https:\/\/www.fabrykachlodu.pl\/sklep\/wp-content\/uploads\/2023\/04\/Anemometr.testo_.416.pdf\" width=\"600\" height=\"400\" class=\"su-document\" title=\"\"><\/iframe><\/div><\/div>\n<div class=\"su-tabs-pane su-u-clearfix su-u-trim\" data-title=\"CPS Odzysk czynika\"><div class=\"su-document su-u-responsive-media-yes\"><iframe src=\"\/\/docs.google.com\/viewer?embedded=true&url=https:\/\/www.fabrykachlodu.pl\/sklep\/wp-content\/uploads\/2023\/04\/odzysk.czynnika.pdf\" width=\"600\" height=\"400\" class=\"su-document\" title=\"\"><\/iframe><\/div><\/div>\n<div class=\"su-tabs-pane su-u-clearfix su-u-trim\" data-title=\"Pompa pr\u00f3\u017cniowa\"><div class=\"su-document su-u-responsive-media-yes\"><iframe src=\"\/\/docs.google.com\/viewer?embedded=true&url=https:\/\/www.fabrykachlodu.pl\/sklep\/wp-content\/uploads\/2023\/04\/pompy.prozniowe.oleje_.do_.pomp_.pdf\" width=\"600\" height=\"400\" class=\"su-document\" title=\"\"><\/iframe><\/div><\/div>\n<div class=\"su-tabs-pane su-u-clearfix su-u-trim\" data-title=\"Akcesoria Monta\u017cowe\"><div class=\"su-document su-u-responsive-media-yes\"><iframe src=\"\/\/docs.google.com\/viewer?embedded=true&url=https:\/\/www.fabrykachlodu.pl\/sklep\/wp-content\/uploads\/2023\/04\/narzedzia.do_.rur_.frezy_.do_.gratowania.do_.giecia.do_.zaciskania.do_.rozcinania.otworow.pdf\" width=\"600\" height=\"400\" class=\"su-document\" title=\"\"><\/iframe><\/div><\/div>\n<div class=\"su-tabs-pane su-u-clearfix su-u-trim\" data-title=\"Klimatyzacja i pompy oferta\"><div class=\"su-document su-u-responsive-media-yes\"><iframe src=\"\/\/docs.google.com\/viewer?embedded=true&url=https:\/\/www.fabrykachlodu.pl\/oferta\/FC.Nowosci.pdf\" width=\"600\" height=\"400\" class=\"su-document\" title=\"\"><\/iframe><\/div><\/div>\n<div class=\"su-tabs-pane su-u-clearfix su-u-trim\" data-title=\"Ch\u0142odnictwo oferta\"><div class=\"su-document su-u-responsive-media-yes\"><iframe src=\"\/\/docs.google.com\/viewer?embedded=true&url=https:\/\/www.fabrykachlodu.pl\/oferta\/FC.Serwis_Chlodniczy.pdf\" width=\"600\" height=\"400\" class=\"su-document\" title=\"\"><\/iframe><\/div><\/div><\/div><\/div>\n<p>Dokumenty si\u0119 nie wy\u015bwietlaj\u0105? <input type=\"button\" value=\"Od\u015bwie\u017c stron\u0119\" onclick=\"location.reload();\"><\/p>\n","protected":false},"excerpt":{"rendered":"<p><span style=\"color: #000000;\"><strong>Najwa\u017cniejsze zalety<\/strong><\/span>[dt_list style=\"1\" bullet_position=\"middle\" dividers=\"true\"][dt_list style=\"1\" bullet_position=\"middle\" dividers=\"true\"][dt_list_item image=\"\"]Dok\u0142adny pomiar pr\u0119dko\u015bci powietrza[\/dt_list_item][dt_list_item image=\"\"]Funkcja \u015bredniej pomiaru[\/dt_list_item][dt_list_item image=\"\"]Wytrzyma\u0142a konstrukcja[\/dt_list_item][dt_list_item image=\"\"]\u0141atwa w obs\u0142udze[\/dt_list_item][\/dt_list]<\/p>\n","protected":false},"featured_media":89198,"template":"","meta":[],"product_cat":[6739,6742,189],"product_tag":[6750],"yoast_head":"<!-- This site is optimized with the Yoast SEO plugin v22.1 - https:\/\/yoast.com\/wordpress\/plugins\/seo\/ -->\n<title>Anemometr testo 416<\/title>\n<meta name=\"description\" content=\"Anemometr testo 416\" \/>\n<meta name=\"robots\" content=\"index, follow, max-snippet:-1, max-image-preview:large, max-video-preview:-1\" \/>\n<link rel=\"canonical\" href=\"https:\/\/www.fabrykachlodu.pl\/sklep\/produkt\/anemometr-wiatraczkowy-z-higrometrem-pocketlinetesto-410-2\/\" \/>\n<meta name=\"twitter:label1\" content=\"Szacowany czas czytania\" \/>\n\t<meta name=\"twitter:data1\" content=\"4 minuty\" \/>\n<script type=\"application\/ld+json\" class=\"yoast-schema-graph\">{\"@context\":\"https:\/\/schema.org\",\"@graph\":[{\"@type\":\"WebPage\",\"@id\":\"https:\/\/www.fabrykachlodu.pl\/sklep\/produkt\/anemometr-wiatraczkowy-z-higrometrem-pocketlinetesto-410-2\/\",\"url\":\"https:\/\/www.fabrykachlodu.pl\/sklep\/produkt\/anemometr-wiatraczkowy-z-higrometrem-pocketlinetesto-410-2\/\",\"name\":\"Anemometr testo 416\",\"isPartOf\":{\"@id\":\"https:\/\/www.fabrykachlodu.pl\/sklep\/#website\"},\"datePublished\":\"2023-04-19T14:04:29+00:00\",\"dateModified\":\"2024-04-18T21:12:17+00:00\",\"description\":\"Anemometr testo 416\",\"breadcrumb\":{\"@id\":\"https:\/\/www.fabrykachlodu.pl\/sklep\/produkt\/anemometr-wiatraczkowy-z-higrometrem-pocketlinetesto-410-2\/#breadcrumb\"},\"inLanguage\":\"pl-PL\",\"potentialAction\":[{\"@type\":\"ReadAction\",\"target\":[\"https:\/\/www.fabrykachlodu.pl\/sklep\/produkt\/anemometr-wiatraczkowy-z-higrometrem-pocketlinetesto-410-2\/\"]}]},{\"@type\":\"BreadcrumbList\",\"@id\":\"https:\/\/www.fabrykachlodu.pl\/sklep\/produkt\/anemometr-wiatraczkowy-z-higrometrem-pocketlinetesto-410-2\/#breadcrumb\",\"itemListElement\":[{\"@type\":\"ListItem\",\"position\":1,\"name\":\"Strona g\u0142\u00f3wna\",\"item\":\"https:\/\/www.fabrykachlodu.pl\/sklep\/\"},{\"@type\":\"ListItem\",\"position\":2,\"name\":\"Szukasz klimatzyacji biurowej sklepowej lub do mieszkania?\",\"item\":\"https:\/\/www.fabrykachlodu.pl\/sklep\/\"},{\"@type\":\"ListItem\",\"position\":3,\"name\":\"NARZ\u0118DZIA CH\u0141ODNICZE\",\"item\":\"https:\/\/www.fabrykachlodu.pl\/sklep\/product-category\/narzedzia-chlodnicze\/\"},{\"@type\":\"ListItem\",\"position\":4,\"name\":\"PRZYRZ\u0104DY POMIAROWE\",\"item\":\"https:\/\/www.fabrykachlodu.pl\/sklep\/product-category\/narzedzia-chlodnicze\/przyrzady-pomiarowe\/\"},{\"@type\":\"ListItem\",\"position\":5,\"name\":\"Anemometr testo 416\"}]},{\"@type\":\"WebSite\",\"@id\":\"https:\/\/www.fabrykachlodu.pl\/sklep\/#website\",\"url\":\"https:\/\/www.fabrykachlodu.pl\/sklep\/\",\"name\":\"\u00b0FC Sklep Internetowy monta\u017c klimatyzacji pomp ciep\u0142a\",\"description\":\"\u00b0FC monta\u017c klimatyzacji pomp ciep\u0142a z nami to szybki i tani wyb\u00f3r.  Us\u0142ugi monta\u017cowe i serwisowe W Warszawie i okolicach..\",\"potentialAction\":[{\"@type\":\"SearchAction\",\"target\":{\"@type\":\"EntryPoint\",\"urlTemplate\":\"https:\/\/www.fabrykachlodu.pl\/sklep\/?s={search_term_string}\"},\"query-input\":\"required name=search_term_string\"}],\"inLanguage\":\"pl-PL\"}]}<\/script>\n<!-- \/ Yoast SEO plugin. -->","yoast_head_json":{"title":"Anemometr testo 416","description":"Anemometr testo 416","robots":{"index":"index","follow":"follow","max-snippet":"max-snippet:-1","max-image-preview":"max-image-preview:large","max-video-preview":"max-video-preview:-1"},"canonical":"https:\/\/www.fabrykachlodu.pl\/sklep\/produkt\/anemometr-wiatraczkowy-z-higrometrem-pocketlinetesto-410-2\/","twitter_misc":{"Szacowany czas czytania":"4 minuty"},"schema":{"@context":"https:\/\/schema.org","@graph":[{"@type":"WebPage","@id":"https:\/\/www.fabrykachlodu.pl\/sklep\/produkt\/anemometr-wiatraczkowy-z-higrometrem-pocketlinetesto-410-2\/","url":"https:\/\/www.fabrykachlodu.pl\/sklep\/produkt\/anemometr-wiatraczkowy-z-higrometrem-pocketlinetesto-410-2\/","name":"Anemometr testo 416","isPartOf":{"@id":"https:\/\/www.fabrykachlodu.pl\/sklep\/#website"},"datePublished":"2023-04-19T14:04:29+00:00","dateModified":"2024-04-18T21:12:17+00:00","description":"Anemometr testo 416","breadcrumb":{"@id":"https:\/\/www.fabrykachlodu.pl\/sklep\/produkt\/anemometr-wiatraczkowy-z-higrometrem-pocketlinetesto-410-2\/#breadcrumb"},"inLanguage":"pl-PL","potentialAction":[{"@type":"ReadAction","target":["https:\/\/www.fabrykachlodu.pl\/sklep\/produkt\/anemometr-wiatraczkowy-z-higrometrem-pocketlinetesto-410-2\/"]}]},{"@type":"BreadcrumbList","@id":"https:\/\/www.fabrykachlodu.pl\/sklep\/produkt\/anemometr-wiatraczkowy-z-higrometrem-pocketlinetesto-410-2\/#breadcrumb","itemListElement":[{"@type":"ListItem","position":1,"name":"Strona g\u0142\u00f3wna","item":"https:\/\/www.fabrykachlodu.pl\/sklep\/"},{"@type":"ListItem","position":2,"name":"Szukasz klimatzyacji biurowej sklepowej lub do mieszkania?","item":"https:\/\/www.fabrykachlodu.pl\/sklep\/"},{"@type":"ListItem","position":3,"name":"NARZ\u0118DZIA CH\u0141ODNICZE","item":"https:\/\/www.fabrykachlodu.pl\/sklep\/product-category\/narzedzia-chlodnicze\/"},{"@type":"ListItem","position":4,"name":"PRZYRZ\u0104DY POMIAROWE","item":"https:\/\/www.fabrykachlodu.pl\/sklep\/product-category\/narzedzia-chlodnicze\/przyrzady-pomiarowe\/"},{"@type":"ListItem","position":5,"name":"Anemometr testo 416"}]},{"@type":"WebSite","@id":"https:\/\/www.fabrykachlodu.pl\/sklep\/#website","url":"https:\/\/www.fabrykachlodu.pl\/sklep\/","name":"\u00b0FC Sklep Internetowy monta\u017c klimatyzacji pomp ciep\u0142a","description":"\u00b0FC monta\u017c klimatyzacji pomp ciep\u0142a z nami to szybki i tani wyb\u00f3r.  Us\u0142ugi monta\u017cowe i serwisowe W Warszawie i okolicach..","potentialAction":[{"@type":"SearchAction","target":{"@type":"EntryPoint","urlTemplate":"https:\/\/www.fabrykachlodu.pl\/sklep\/?s={search_term_string}"},"query-input":"required name=search_term_string"}],"inLanguage":"pl-PL"}]}},"_links":{"self":[{"href":"https:\/\/www.fabrykachlodu.pl\/sklep\/wp-json\/wp\/v2\/product\/88602"}],"collection":[{"href":"https:\/\/www.fabrykachlodu.pl\/sklep\/wp-json\/wp\/v2\/product"}],"about":[{"href":"https:\/\/www.fabrykachlodu.pl\/sklep\/wp-json\/wp\/v2\/types\/product"}],"wp:featuredmedia":[{"embeddable":true,"href":"https:\/\/www.fabrykachlodu.pl\/sklep\/wp-json\/wp\/v2\/media\/89198"}],"wp:attachment":[{"href":"https:\/\/www.fabrykachlodu.pl\/sklep\/wp-json\/wp\/v2\/media?parent=88602"}],"wp:term":[{"taxonomy":"product_cat","embeddable":true,"href":"https:\/\/www.fabrykachlodu.pl\/sklep\/wp-json\/wp\/v2\/product_cat?post=88602"},{"taxonomy":"product_tag","embeddable":true,"href":"https:\/\/www.fabrykachlodu.pl\/sklep\/wp-json\/wp\/v2\/product_tag?post=88602"}],"curies":[{"name":"wp","href":"https:\/\/api.w.org\/{rel}","templated":true}]}}