{"id":88605,"date":"2023-04-19T16:04:29","date_gmt":"2023-04-19T14:04:29","guid":{"rendered":"https:\/\/www.fabrykachlodu.pl\/sklep\/?post_type=product&#038;p=88605"},"modified":"2024-04-18T23:12:17","modified_gmt":"2024-04-18T21:12:17","slug":"anemometr-o-srednicy-100-mm-testo-417","status":"publish","type":"product","link":"https:\/\/www.fabrykachlodu.pl\/sklep\/produkt\/anemometr-o-srednicy-100-mm-testo-417\/","title":{"rendered":"Miernik wielofunkcyjny testo 440 &#8211; zestaw"},"content":{"rendered":"<br \/>\n<h2>Zam\u00f3wienie dotyczy:  Miernik wielofunkcyjny testo 440 &#8211; zestaw<\/h2>\n<p><h3><strong>W jednym miejscu poznasz:<\/strong><\/h3>\n<\/p>\n<p>Miernik wielofunkcyjny testo 440 &#8211; zestaw i wa\u017cne informacje<br \/> Poznasz najwa\u017cniejsze funkcje<br \/> Por\u00f3wnasz produkty<br \/> Poznasz parametry techniczne<br \/> Poznasz cen\u0119 i zrealizujesz zam\u00f3wienie<strong><\/p>\n<h3>Zamawiaj\u0105c produkt u nas:<\/strong><\/h3>\n<p>Otrzymasz produkt<br \/> Nowy produkt<br \/> Prawo do zwrotu<br \/> Zakup na raty<br \/> <strong><\/p>\n<h3>Zamawiaj\u0105c teraz otrzymasz:<\/strong><\/h3>\n<p> Miernik wielofunkcyjny testo 440 &#8211; zestaw z rabatem kupuj\u0105c w naszym sklepie online  <br \/> Gwarancje <br \/> Szybka realizacje dostawyTesto 440 &#8211; miernik wielofunkcyjny <\/p>\n<p>Nr katalogowy 0560 4401<\/p>\n<p>Precyzyjny, niezawodny pomiar pr\u0119dko\u015bci przep\u0142ywu oraz jako\u015bci powietrza w pomieszczeniach za pomoc\u0105 tylko jednego przyrz\u0105du: wielofunkcyjny miernik oferuje intuicyjn\u0105 obs\u0142ug\u0119 z przejrzystym menu pomiarowymi. Regulacja system\u00f3w klimatyzacji i wentylacji, monitorowanie jako\u015bci powietrza w pomieszczeniach oraz pomiar poziomu komfortu &#8211; szeroki wyb\u00f3r wysokiej jako\u015bci sond cyfrowych\u00a0 umo\u017cliwi pomiar wszystkich potrzebnych parametr\u00f3w.<\/p>\n<p>Cechy produktu<\/p>\n<p>Miernik wielofunkcyjny Testo 440, 3 baterie AA, kabel USB i protok\u00f3\u0142 kalibracji.<\/p>\n<p>Intuicyjny: czytelne, przejrzyste menu pomiarowe dla przep\u0142ywu obj\u0119to\u015bciowego, stopnia turbulencji, mocy grzewczej i ch\u0142odniczej, wykrywania zawilgoce\u0144 oraz pomiaru CO2<br \/>\nBezprzewodowy: sondy Bluetooth\u00ae &#8211; dzi\u0119ki braku niepotrzebnych przewod\u00f3w, przechowywanie i transport urz\u0105dzenia\u00a0 jest \u0142atwiejsze ni\u017c kiedykolwiek.<br \/>\nCzytelny: du\u017cy, czytelny wy\u015bwietlacz z mo\u017cliwo\u015bci\u0105 wskazania 3 odczyt\u00f3w jednocze\u015bnie<br \/>\nBezpieczny i niezawodny: wewn\u0119trzne przechowywanie danych i port USB do eksportu danych<\/p>\n<p>Opis produktu<\/p>\n<p>Miernik wielofunkcyjny Testo 440 to kompaktowy, przeno\u015bny przyrz\u0105d pomiarowy z intuicyjnym menu. Do miernika mo\u017cna pod\u0142\u0105czy\u0107 jednocze\u015bnie 3 sondy: sond\u0119 Bluetooth, sond\u0119 przewodow\u0105 i czujnik temperatury ze z\u0142\u0105czem termopary typu K. Przyrz\u0105d automatycznie wykrywa pod\u0142\u0105czone sondy, a przejrzyste menu pomiarowe gwarantuje prost\u0105 obs\u0142ug\u0119 i u\u0142atwia codzienn\u0105 prac\u0119. Dzi\u0119ki kalibracji cyfrowe sondy zapewniaj\u0105 wysok\u0105 dok\u0142adno\u015b\u0107 pomiar\u00f3w. Jasno uporz\u0105dkowane menu do pomiar\u00f3w przep\u0142ywu w kana\u0142ach i na kratkach wentylacyjnych, pomiar stopnia turbulencji, okre\u015blanie mocy grzewczej i ch\u0142odniczej, wykrywanie zawilgoce\u0144, a tak\u017ce pomiary d\u0142ugotrwa\u0142e zapewniaj\u0105 optymalne wsparcie w codziennej pracy.<\/p>\n<p>Przyrz\u0105d wielofunkcyjny przechowuje do max. 7500 protoko\u0142\u00f3w pomiarowych, kt\u00f3re mog\u0105 by\u0107 pobrane przez port USB\u00a0 a nast\u0119pnie przetwarzane na komputerze jako plik CSV (np. za pomoc\u0105 Excel&#8217;a).\u00a0 Z drukark\u0105 BLUETOOTH \/ IRDA Testo (prosimy zamawia\u0107 osobno), masz mo\u017cliwo\u015b\u0107 wydrukowania danych bezpo\u015brednio na miejscu pomiaru.<\/p>\n<p>Precyzyjny i niezawodny w kana\u0142ach i na kratkach wentylacyjnych<\/p>\n<p>Szeroki wyb\u00f3r sond pomiarowych: teleskopowa sonda termiczna (grzany drut), sonda wiatraczkowa (\u00d8 16 mm) do pomiar\u00f3w w kana\u0142ach; du\u017ce sondy wiatraczkowe o \u015brednicy 100 do pomiar\u00f3w na sufitowych kratkach wentylacyjnych<br \/>\nSzybka kalkulacja strumienia obj\u0119to\u015bci: prosta konfiguracja wymiar\u00f3w i geometrii przekroju kana\u0142u w menu urz\u0105dzenia, warto\u015b\u0107 wydatku jest natychmiast wy\u015bwietlana przez urz\u0105dzenie<br \/>\n\u0141atwy pomiar nawet w du\u017cych kana\u0142ach, dzi\u0119ki teleskopowej sondzie termicznej (grzany drut) oraz sondzie wiatraczkowej (\u00d8 16 mm) z uniwersaln\u0105 r\u0119koje\u015bci\u0105. Teleskop mo\u017ce by\u0107 dodatkowo przed\u0142u\u017cony do d\u0142ugo\u015bci 2 metr\u00f3w<br \/>\nPomiary na sufitowych kratkach wentylacyjnych bez konieczno\u015bci u\u017cycia drabiny.\u00a0 Po prostu pod\u0142\u0105cz sond\u0119 wiatraczkow\u0105 (\u00d8 100 mm) za teleskopu i przej\u015bci\u00f3wki k\u0105towej 90 \u00b0 oraz je\u015bli to konieczne dodatkowo u\u017cyj przed\u0142u\u017cenia teleskopu (oba mo\u017cna zam\u00f3wi\u0107 osobno)<br \/>\nPrecyzyjny pomiar na kratkach wentylacyjnych i anemostatach wirowych za pomoc\u0105 sond wiatraczkowych w po\u0142\u0105czeniu z r\u0119kawami pomiarowymi oraz prostownic\u0105 strumienia<br \/>\nPraktyczny interfejs Bluetooth: \u0142atwe pomiary pr\u0119dko\u015bci przep\u0142ywu powietrza bez k\u0142opotliwych kabli, miernik mo\u017ce by\u0107 obs\u0142ugiwany za pomoc\u0105 przycisku na r\u0119koje\u015bci, np. rozpoczynanie lub zako\u0144czenie kalkulacji \u015bredniej czasowej<br \/>\nPraktyczne magnesy umo\u017cliwiaj\u0105 bezpieczne przymocowanie miernika wielofunkcyjnego Testo 440 do metalowych powierzchni (np. kana\u0142\u00f3w wentylacyjnych)<\/p>\n<p>D\u0142ugotrwa\u0142e monitorowanie jako\u015bci powietrza w pomieszczeniach<\/p>\n<p>Odpowiednia sonda do Twoich wymaga\u0144: sondy do pomiaru CO2, CO, temperatury i wilgotno\u015bci powietrza s\u0105 dost\u0119pne z opcj\u0105 Bluetooth lub na przewodzie<br \/>\n\u0141atwy w u\u017cyciu: w celu przeprowadzania pomiar\u00f3w d\u0142ugotrwa\u0142ych, wprowad\u017a czas i krok pomiarowych w menu i \u015bled\u017a zmiany parametr\u00f3w w czasie<br \/>\nPami\u0119\u0107 wewn\u0119trzna do 7500 protoko\u0142\u00f3w pomiarowych<br \/>\nPomiar poziomu turbulencji zgodnie z EN ISO 7730 \/ ASHRAE 55<br \/>\nWysoki poziom dok\u0142adno\u015bci pomiar\u00f3w, nawet przy niskich pr\u0119dko\u015bciach powietrza, za pomoc\u0105 sondy turbulencji<\/p>\n<p>Automatyczna kalkulacja ryzyka wyst\u0105pienia przeci\u0105gu oraz stopnia turbulencji zgodnie z EN ISO 7730 \/ ASHRAE 55<\/p>\n<p>Wygodne pomiary na r\u00f3\u017cnych wysoko\u015bciach, dzi\u0119ki u\u017cyciu statywu pomiarowego do pomiaru poziomu komfortu. To sprawia, \u017ce sonda poziomu turbulencji mo\u017ce by\u0107 pozycjonowana zgodnie z normami.<br \/>\nZakres sond do pomieszcze\u0144 czystych i laboratori\u00f3w<br \/>\nSondy do precyzyjnych pomiar\u00f3w pr\u0119dko\u015bci powietrza w dygestoriach<br \/>\nDzi\u0119ki niskiej pr\u0119dko\u015bci pocz\u0105tkowej wynosz\u0105cej 0,1 m\/s precyzyjna sonda wiatraczkowa (\u00d8 100 mm) jest idealna do pomiar\u00f3w przep\u0142ywu laminarnego w pomieszczeniach czystych. Dost\u0119pna w wariancie z Bluetooth lub na przewodzie<br \/>\nPrecyzyjna sonda pomiaru temperatury \/ wilgotno\u015bci (0636 9771 lub 0636 9772) o dok\u0142adno\u015bci \u00b1 (0,6% wilg.wzg. + 0,7% mierzonej warto\u015bci) w zakresie od 0 do 90% wilg.wzg. do pomiaru wilgotno\u015bci w pomieszczeniach czystych<\/p>\n<p>Dane techniczne<\/p>\n<p>Pomiar temperatury &#8211; NTC<\/p>\n<p>Zakres pomiarowy -40 do +150 \u00b0C<br \/>\nDok\u0142adno\u015b\u0107<\/p>\n<p>\u00b10,4 \u00b0C (-40 do -25,1 \u00b0C)<br \/>\n\u00b10,3 \u00b0C (-25 do +74,9 \u00b0C)<br \/>\n\u00b10,4 \u00b0C (+75 do +99,9 \u00b0C)<br \/>\n\u00b10,5 % mierz.wart. (pozosta\u0142y zakres)<\/p>\n<p>Rozdzielczo\u015b\u0107 0,1 \u00b0C<\/p>\n<p>Pomiar temperatury &#8211; Typ K (NiCr-Ni)<\/p>\n<p>Zakres pomiarowy -200 do +1370 \u00b0C<br \/>\nDok\u0142adno\u015b\u0107 \u00b1(0,3 \u00b0C + 0,3 % mierz.wart.)<br \/>\nRozdzielczo\u015b\u0107 0,1 \u00b0C<\/p>\n<p>Og\u00f3lne dane techniczne<\/p>\n<p>Waga 250 g<br \/>\nWymiary 154 x 65 x 32 mm<br \/>\nTemperatura pracy -20 do +50 \u00b0C<br \/>\nKolor produktu czarny\/ pomara\u0144czowy<br \/>\nSondy po\u0142\u0105czeniowe 1 x sonda Cyfrowa na przewodzie lub 1 x sonda temperatury NTC, 1 cyfrowa sonda Bluetooth lub SmartSonda Testo, 1 x sonda temperatury termopara typ K)<br \/>\nTyp baterii 3AA<br \/>\n\u017bywotno\u015b\u0107 baterii 12 h (typowo przy pomiarze sond\u0105 wiatraczkow\u0105)<br \/>\nInterfejs Bluetooth\u00ae; USB<br \/>\nTemperatura sk\u0142adowania -20 do +50 \u00b0CMiernik wielofunkcyjny testo 440 &#8211; zestaw &#8211; s\u0142u\u017cy do pomiaru i analizy jako\u015bci powietrza wewn\u0105trz pomieszcze\u0144, wykorzystuj\u0105 go zwykle specjali\u015bci ds. jako\u015bci powietrza, in\u017cynierowie \u015brodowiska i budowlani. Przydatny w sytuacjach wymagaj\u0105cych monitorowania jako\u015bci powietrza wewn\u0105trz pomieszcze\u0144, takich jak biura i hale produkcyjne.<div class=\"su-service\"><div class=\"su-service-title\" style=\"padding-left:52px;min-height:38px;line-height:38px\"><i class=\"sui sui-check-circle\" style=\"font-size:38px;color:#22a0ed\"><\/i> Wskaz\u00f3wka naszego eksperta<\/div><div class=\"su-service-content su-u-clearfix su-u-trim\" style=\"padding-left:52px\"><\/div><\/div>\n<h2><strong>Zapraszamy do por\u00f3wnania zalet i wad<\/strong><\/h2>\n<p><strong>Jakie s\u0105 zalety?<\/strong><br \/><div class=\"su-service\"><div class=\"su-service-title\" style=\"padding-left:52px;min-height:38px;line-height:38px\"><i class=\"sui sui-check-circle\" style=\"font-size:38px;color:#22a0ed\"><\/i> Wskaz\u00f3wka naszego eksperta<\/div><div class=\"su-service-content su-u-clearfix su-u-trim\" style=\"padding-left:52px\">Miernik wielofunkcyjny testo 440 &#8211; zestaw: Mo\u017cliwo\u015b\u0107 pomiaru wielu r\u00f3\u017cnych parametr\u00f3w jednym urz\u0105dzeniem, intuicyjna obs\u0142uga.<br \/><\/div><\/div><strong>Jakie s\u0105 wady tego produktu?<\/strong><br \/><div class=\"su-service\"><div class=\"su-service-title\" style=\"padding-left:52px;min-height:38px;line-height:38px\"><i class=\"sui sui-check-circle\" style=\"font-size:38px;color:#22a0ed\"><\/i> Wskaz\u00f3wka naszego eksperta<\/div><div class=\"su-service-content su-u-clearfix su-u-trim\" style=\"padding-left:52px\">Miernik wielofunkcyjny testo 440 &#8211; zestaw: Wymaga baterii lub \u0142adowania przez USB. <br \/><\/div><\/div><div class=\"su-service\"><div class=\"su-service-title\" style=\"padding-left:52px;min-height:38px;line-height:38px\"><i class=\"sui sui-hand-o-right\" style=\"font-size:38px;color:#22a0ed\"><\/i> Podsumowuj\u0105c<\/div><div class=\"su-service-content su-u-clearfix su-u-trim\" style=\"padding-left:52px\">Miernik wielofunkcyjny testo 440 &#8211; zestaw &#8211; Wada: Wy\u017csza cena ni\u017c standardowe mierniki. Zaleta: Wiele funkcji w jednym urz\u0105dzeniu. Zach\u0119ta: Idealny dla specjalist\u00f3w ds. wentylacji i klimatyzacji. <br \/><\/div><\/div>\n<div class=\"hr-thin\"><\/div>\n<p>&#8221; <\/p>\n<p>PARAMETRY TECHNICZNE<\/p>\n<div class=\"su-tabs su-tabs-style-default su-tabs-mobile-stack\" data-active=\"1\" data-scroll-offset=\"0\" data-anchor-in-url=\"no\"><div class=\"su-tabs-nav\"><span class=\"\" data-url=\"\" data-target=\"blank\" tabindex=\"0\" role=\"button\">Miernik Testo<\/span><span class=\"\" data-url=\"\" data-target=\"blank\" tabindex=\"0\" role=\"button\">CPS Odzysk czynika<\/span><span class=\"\" data-url=\"\" data-target=\"blank\" tabindex=\"0\" role=\"button\">Pompa pr\u00f3\u017cniowa<\/span><span class=\"\" data-url=\"\" data-target=\"blank\" tabindex=\"0\" role=\"button\">Akcesoria Monta\u017cowe<\/span><span class=\"\" data-url=\"\" data-target=\"blank\" tabindex=\"0\" role=\"button\">Klimatyzacja i pompy oferta<\/span><span class=\"\" data-url=\"\" data-target=\"blank\" tabindex=\"0\" role=\"button\">Ch\u0142odnictwo oferta<\/span><\/div><div class=\"su-tabs-panes\"><div class=\"su-tabs-pane su-u-clearfix su-u-trim\" data-title=\"Miernik Testo\"><div class=\"su-document su-u-responsive-media-yes\"><iframe src=\"\/\/docs.google.com\/viewer?embedded=true&url=https:\/\/www.fabrykachlodu.pl\/sklep\/wp-content\/uploads\/2023\/04\/Miernik-wielofunkcyjny-testo-440-zestaw.pdf\" width=\"600\" height=\"400\" class=\"su-document\" title=\"\"><\/iframe><\/div><\/div>\n<div class=\"su-tabs-pane su-u-clearfix su-u-trim\" data-title=\"CPS Odzysk czynika\"><div class=\"su-document su-u-responsive-media-yes\"><iframe src=\"\/\/docs.google.com\/viewer?embedded=true&url=https:\/\/www.fabrykachlodu.pl\/sklep\/wp-content\/uploads\/2023\/04\/odzysk.czynnika.pdf\" width=\"600\" height=\"400\" class=\"su-document\" title=\"\"><\/iframe><\/div><\/div>\n<div class=\"su-tabs-pane su-u-clearfix su-u-trim\" data-title=\"Pompa pr\u00f3\u017cniowa\"><div class=\"su-document su-u-responsive-media-yes\"><iframe src=\"\/\/docs.google.com\/viewer?embedded=true&url=https:\/\/www.fabrykachlodu.pl\/sklep\/wp-content\/uploads\/2023\/04\/pompy.prozniowe.oleje_.do_.pomp_.pdf\" width=\"600\" height=\"400\" class=\"su-document\" title=\"\"><\/iframe><\/div><\/div>\n<div class=\"su-tabs-pane su-u-clearfix su-u-trim\" data-title=\"Akcesoria Monta\u017cowe\"><div class=\"su-document su-u-responsive-media-yes\"><iframe src=\"\/\/docs.google.com\/viewer?embedded=true&url=https:\/\/www.fabrykachlodu.pl\/sklep\/wp-content\/uploads\/2023\/04\/narzedzia.do_.rur_.frezy_.do_.gratowania.do_.giecia.do_.zaciskania.do_.rozcinania.otworow.pdf\" width=\"600\" height=\"400\" class=\"su-document\" title=\"\"><\/iframe><\/div><\/div>\n<div class=\"su-tabs-pane su-u-clearfix su-u-trim\" data-title=\"Klimatyzacja i pompy oferta\"><div class=\"su-document su-u-responsive-media-yes\"><iframe src=\"\/\/docs.google.com\/viewer?embedded=true&url=https:\/\/www.fabrykachlodu.pl\/oferta\/FC.Nowosci.pdf\" width=\"600\" height=\"400\" class=\"su-document\" title=\"\"><\/iframe><\/div><\/div>\n<div class=\"su-tabs-pane su-u-clearfix su-u-trim\" data-title=\"Ch\u0142odnictwo oferta\"><div class=\"su-document su-u-responsive-media-yes\"><iframe src=\"\/\/docs.google.com\/viewer?embedded=true&url=https:\/\/www.fabrykachlodu.pl\/oferta\/FC.Serwis_Chlodniczy.pdf\" width=\"600\" height=\"400\" class=\"su-document\" title=\"\"><\/iframe><\/div><\/div><\/div><\/div>\n<p>Dokumenty si\u0119 nie wy\u015bwietlaj\u0105? <input type=\"button\" value=\"Od\u015bwie\u017c stron\u0119\" onclick=\"location.reload();\"><\/p>\n","protected":false},"excerpt":{"rendered":"<p><span style=\"color: #000000;\"><strong>Najwa\u017cniejsze zalety<\/strong><\/span>[dt_list style=\"1\" bullet_position=\"middle\" dividers=\"true\"][dt_list style=\"1\" bullet_position=\"middle\" dividers=\"true\"][dt_list_item image=\"\"]Wielofunkcyjno\u015b\u0107[\/dt_list_item][dt_list_item image=\"\"]Precyzja[\/dt_list_item][dt_list_item image=\"\"]\u0141atwo\u015b\u0107 obs\u0142ugi[\/dt_list_item][dt_list_item image=\"\"]Du\u017ca funkcjonalno\u015b\u0107[\/dt_list_item][\/dt_list]<\/p>\n","protected":false},"featured_media":89206,"template":"","meta":[],"product_cat":[6739,6742,189],"product_tag":[6750],"yoast_head":"<!-- This site is optimized with the Yoast SEO plugin v22.1 - https:\/\/yoast.com\/wordpress\/plugins\/seo\/ -->\n<title>Miernik wielofunkcyjny testo 440 - zestaw<\/title>\n<meta name=\"description\" content=\"Miernik wielofunkcyjny testo 440 - zestaw\" \/>\n<meta name=\"robots\" content=\"index, follow, max-snippet:-1, max-image-preview:large, max-video-preview:-1\" \/>\n<link rel=\"canonical\" href=\"https:\/\/www.fabrykachlodu.pl\/sklep\/produkt\/anemometr-o-srednicy-100-mm-testo-417\/\" \/>\n<meta name=\"twitter:label1\" content=\"Szacowany czas czytania\" \/>\n\t<meta name=\"twitter:data1\" content=\"7 minut\" \/>\n<script type=\"application\/ld+json\" class=\"yoast-schema-graph\">{\"@context\":\"https:\/\/schema.org\",\"@graph\":[{\"@type\":\"WebPage\",\"@id\":\"https:\/\/www.fabrykachlodu.pl\/sklep\/produkt\/anemometr-o-srednicy-100-mm-testo-417\/\",\"url\":\"https:\/\/www.fabrykachlodu.pl\/sklep\/produkt\/anemometr-o-srednicy-100-mm-testo-417\/\",\"name\":\"Miernik wielofunkcyjny testo 440 - zestaw\",\"isPartOf\":{\"@id\":\"https:\/\/www.fabrykachlodu.pl\/sklep\/#website\"},\"datePublished\":\"2023-04-19T14:04:29+00:00\",\"dateModified\":\"2024-04-18T21:12:17+00:00\",\"description\":\"Miernik wielofunkcyjny testo 440 - zestaw\",\"breadcrumb\":{\"@id\":\"https:\/\/www.fabrykachlodu.pl\/sklep\/produkt\/anemometr-o-srednicy-100-mm-testo-417\/#breadcrumb\"},\"inLanguage\":\"pl-PL\",\"potentialAction\":[{\"@type\":\"ReadAction\",\"target\":[\"https:\/\/www.fabrykachlodu.pl\/sklep\/produkt\/anemometr-o-srednicy-100-mm-testo-417\/\"]}]},{\"@type\":\"BreadcrumbList\",\"@id\":\"https:\/\/www.fabrykachlodu.pl\/sklep\/produkt\/anemometr-o-srednicy-100-mm-testo-417\/#breadcrumb\",\"itemListElement\":[{\"@type\":\"ListItem\",\"position\":1,\"name\":\"Strona g\u0142\u00f3wna\",\"item\":\"https:\/\/www.fabrykachlodu.pl\/sklep\/\"},{\"@type\":\"ListItem\",\"position\":2,\"name\":\"Szukasz klimatzyacji biurowej sklepowej lub do mieszkania?\",\"item\":\"https:\/\/www.fabrykachlodu.pl\/sklep\/\"},{\"@type\":\"ListItem\",\"position\":3,\"name\":\"NARZ\u0118DZIA CH\u0141ODNICZE\",\"item\":\"https:\/\/www.fabrykachlodu.pl\/sklep\/product-category\/narzedzia-chlodnicze\/\"},{\"@type\":\"ListItem\",\"position\":4,\"name\":\"PRZYRZ\u0104DY POMIAROWE\",\"item\":\"https:\/\/www.fabrykachlodu.pl\/sklep\/product-category\/narzedzia-chlodnicze\/przyrzady-pomiarowe\/\"},{\"@type\":\"ListItem\",\"position\":5,\"name\":\"Miernik wielofunkcyjny testo 440 &#8211; zestaw\"}]},{\"@type\":\"WebSite\",\"@id\":\"https:\/\/www.fabrykachlodu.pl\/sklep\/#website\",\"url\":\"https:\/\/www.fabrykachlodu.pl\/sklep\/\",\"name\":\"\u00b0FC Sklep Internetowy monta\u017c klimatyzacji pomp ciep\u0142a\",\"description\":\"\u00b0FC monta\u017c klimatyzacji pomp ciep\u0142a z nami to szybki i tani wyb\u00f3r.  Us\u0142ugi monta\u017cowe i serwisowe W Warszawie i okolicach..\",\"potentialAction\":[{\"@type\":\"SearchAction\",\"target\":{\"@type\":\"EntryPoint\",\"urlTemplate\":\"https:\/\/www.fabrykachlodu.pl\/sklep\/?s={search_term_string}\"},\"query-input\":\"required name=search_term_string\"}],\"inLanguage\":\"pl-PL\"}]}<\/script>\n<!-- \/ Yoast SEO plugin. -->","yoast_head_json":{"title":"Miernik wielofunkcyjny testo 440 - zestaw","description":"Miernik wielofunkcyjny testo 440 - zestaw","robots":{"index":"index","follow":"follow","max-snippet":"max-snippet:-1","max-image-preview":"max-image-preview:large","max-video-preview":"max-video-preview:-1"},"canonical":"https:\/\/www.fabrykachlodu.pl\/sklep\/produkt\/anemometr-o-srednicy-100-mm-testo-417\/","twitter_misc":{"Szacowany czas czytania":"7 minut"},"schema":{"@context":"https:\/\/schema.org","@graph":[{"@type":"WebPage","@id":"https:\/\/www.fabrykachlodu.pl\/sklep\/produkt\/anemometr-o-srednicy-100-mm-testo-417\/","url":"https:\/\/www.fabrykachlodu.pl\/sklep\/produkt\/anemometr-o-srednicy-100-mm-testo-417\/","name":"Miernik wielofunkcyjny testo 440 - zestaw","isPartOf":{"@id":"https:\/\/www.fabrykachlodu.pl\/sklep\/#website"},"datePublished":"2023-04-19T14:04:29+00:00","dateModified":"2024-04-18T21:12:17+00:00","description":"Miernik wielofunkcyjny testo 440 - zestaw","breadcrumb":{"@id":"https:\/\/www.fabrykachlodu.pl\/sklep\/produkt\/anemometr-o-srednicy-100-mm-testo-417\/#breadcrumb"},"inLanguage":"pl-PL","potentialAction":[{"@type":"ReadAction","target":["https:\/\/www.fabrykachlodu.pl\/sklep\/produkt\/anemometr-o-srednicy-100-mm-testo-417\/"]}]},{"@type":"BreadcrumbList","@id":"https:\/\/www.fabrykachlodu.pl\/sklep\/produkt\/anemometr-o-srednicy-100-mm-testo-417\/#breadcrumb","itemListElement":[{"@type":"ListItem","position":1,"name":"Strona g\u0142\u00f3wna","item":"https:\/\/www.fabrykachlodu.pl\/sklep\/"},{"@type":"ListItem","position":2,"name":"Szukasz klimatzyacji biurowej sklepowej lub do mieszkania?","item":"https:\/\/www.fabrykachlodu.pl\/sklep\/"},{"@type":"ListItem","position":3,"name":"NARZ\u0118DZIA CH\u0141ODNICZE","item":"https:\/\/www.fabrykachlodu.pl\/sklep\/product-category\/narzedzia-chlodnicze\/"},{"@type":"ListItem","position":4,"name":"PRZYRZ\u0104DY POMIAROWE","item":"https:\/\/www.fabrykachlodu.pl\/sklep\/product-category\/narzedzia-chlodnicze\/przyrzady-pomiarowe\/"},{"@type":"ListItem","position":5,"name":"Miernik wielofunkcyjny testo 440 &#8211; zestaw"}]},{"@type":"WebSite","@id":"https:\/\/www.fabrykachlodu.pl\/sklep\/#website","url":"https:\/\/www.fabrykachlodu.pl\/sklep\/","name":"\u00b0FC Sklep Internetowy monta\u017c klimatyzacji pomp ciep\u0142a","description":"\u00b0FC monta\u017c klimatyzacji pomp ciep\u0142a z nami to szybki i tani wyb\u00f3r.  Us\u0142ugi monta\u017cowe i serwisowe W Warszawie i okolicach..","potentialAction":[{"@type":"SearchAction","target":{"@type":"EntryPoint","urlTemplate":"https:\/\/www.fabrykachlodu.pl\/sklep\/?s={search_term_string}"},"query-input":"required name=search_term_string"}],"inLanguage":"pl-PL"}]}},"_links":{"self":[{"href":"https:\/\/www.fabrykachlodu.pl\/sklep\/wp-json\/wp\/v2\/product\/88605"}],"collection":[{"href":"https:\/\/www.fabrykachlodu.pl\/sklep\/wp-json\/wp\/v2\/product"}],"about":[{"href":"https:\/\/www.fabrykachlodu.pl\/sklep\/wp-json\/wp\/v2\/types\/product"}],"wp:featuredmedia":[{"embeddable":true,"href":"https:\/\/www.fabrykachlodu.pl\/sklep\/wp-json\/wp\/v2\/media\/89206"}],"wp:attachment":[{"href":"https:\/\/www.fabrykachlodu.pl\/sklep\/wp-json\/wp\/v2\/media?parent=88605"}],"wp:term":[{"taxonomy":"product_cat","embeddable":true,"href":"https:\/\/www.fabrykachlodu.pl\/sklep\/wp-json\/wp\/v2\/product_cat?post=88605"},{"taxonomy":"product_tag","embeddable":true,"href":"https:\/\/www.fabrykachlodu.pl\/sklep\/wp-json\/wp\/v2\/product_tag?post=88605"}],"curies":[{"name":"wp","href":"https:\/\/api.w.org\/{rel}","templated":true}]}}