{"id":88610,"date":"2023-04-19T16:04:30","date_gmt":"2023-04-19T14:04:30","guid":{"rendered":"https:\/\/www.fabrykachlodu.pl\/sklep\/?post_type=product&#038;p=88610"},"modified":"2024-04-18T23:12:18","modified_gmt":"2024-04-18T21:12:18","slug":"zestaw-smartsonda-do-systemow-vac-testo","status":"publish","type":"product","link":"https:\/\/www.fabrykachlodu.pl\/sklep\/produkt\/zestaw-smartsonda-do-systemow-vac-testo\/","title":{"rendered":"Manometr SmartSonda testo 549i, -1 -r 60 bar"},"content":{"rendered":"<br \/>\n<h2>Zam\u00f3wienie dotyczy:  Manometr SmartSonda testo 549i, -1 -r 60 bar<\/h2>\n<p><h3><strong>W jednym miejscu poznasz:<\/strong><\/h3>\n<\/p>\n<p>Manometr SmartSonda testo 549i, -1 -r 60 bar i wa\u017cne informacje<br \/> Poznasz najwa\u017cniejsze funkcje<br \/> Por\u00f3wnasz produkty<br \/> Poznasz parametry techniczne<br \/> Poznasz cen\u0119 i zrealizujesz zam\u00f3wienie<strong><\/p>\n<h3>Zamawiaj\u0105c produkt u nas:<\/strong><\/h3>\n<p>Otrzymasz produkt<br \/> Nowy produkt<br \/> Prawo do zwrotu<br \/> Zakup na raty<br \/> <strong><\/p>\n<h3>Zamawiaj\u0105c teraz otrzymasz:<\/strong><\/h3>\n<p> Manometr SmartSonda testo 549i, -1 -r 60 bar z rabatem kupuj\u0105c w naszym sklepie online  <br \/> Gwarancje <br \/> Szybka realizacje dostawySmartSonda Testo 549i &#8211; sonda do pomiaru ci\u015bnienia czynnika ch\u0142odniczego kontrolowana za pomoc\u0105 smartfona<\/p>\n<p>Nr katalogowy 0560 2549 02<\/p>\n<p>Profesjonalna i kompaktowa sonda do pomiaru ci\u015bnienia czynnika ch\u0142odniczego Testo 549i wsp\u00f3\u0142pracuj\u0105ca z aplikacj\u0105 mobiln\u0105 \u201eTesto Smart Probes App\u201d, kt\u00f3ra\u00a0umo\u017cliwia r\u00f3wnie\u017c automatyczne obliczanie temperatury parowania i kondensacji. Odczyt pomiar\u00f3w mo\u017cliwy jest na smatfonie lub tablecie.\u00a0<\/p>\n<p>Cechy produktu<\/p>\n<p>SmartSonda Testo 549i s\u0142u\u017c\u0105ca do pomiar\u00f3w ci\u015bnienia czynnik\u00f3w ch\u0142odniczych, baterie i protok\u00f3\u0142 kalibracyjny<\/p>\n<p>Pomiar wysokiego i niskiego ci\u015bnienia<br \/>\nBardzo niska strata czynnika ch\u0142odniczego dzi\u0119ki braku konieczno\u015bci stosowania w\u0119\u017ca ch\u0142odniczego<br \/>\nWizualizacja zmian warto\u015bci pomiarowych w postaci wykresu lub tabeli za pomoc\u0105 aplikacji<br \/>\nBezproblemowa aplikacja w punktach pomiarowych nawet z du\u017cej odleg\u0142o\u015bci, dzi\u0119ki zasi\u0119gowi Bluetooth\u00ae do 100 m<\/p>\n<p>Opis produktu<\/p>\n<p>SmartSonda Testo 549i zapewnia mobilno\u015b\u0107 podczas pomiar\u00f3w tak\u017ce w przypadku instalacji wielkogabarytowych dzi\u0119ki po\u0142\u0105czeniu smartfona lub tabletu. Sonda jest idealnym narz\u0119dziem do\u00a0 codziennej pracy serwisowej, podczas instalacji i uruchamiania system\u00f3w instalacjach ch\u0142odniczych. Urz\u0105dzenie montowane jest w prosty i bardzo szybki spos\u00f3b bezpo\u015brednio na kr\u00f3\u0107cach pomiarowych. Rozwi\u0105zanie to jest r\u00f3wnie\u017c bardzo praktyczne &#8211; w\u0119\u017ce ch\u0142odnicze nie s\u0105 wymagane do wykonania pomiar\u00f3w, wi\u0119c strata czynnika ch\u0142odniczego jest znikoma. W po\u0142\u0105czeniu z r\u00f3wnocze\u015bnie u\u017cywan\u0105 SmartSond\u0105 Testo 115i, wszystkie niezb\u0119dne parametry instalacji ch\u0142odniczej s\u0105 kalkulowane w spos\u00f3b automatyczny.<\/p>\n<p>Temperatura parowania lub kondensacji, przegrzanie lub doch\u0142odzenie czynnika s\u0105 wskazywane na bie\u017c\u0105co za pomoc\u0105 aplikacji mobilnej.<\/p>\n<p>Warto\u015bci pomiarowe wy\u015bwietlane s\u0105 w wygodny spos\u00f3b na urz\u0105dzeniu mobilnym takim jak smartfon lub tablet. Za pomoc\u0105 aplikacji mobilnej wyniki przedstawiane s\u0105 w postaci listy, wykresu lub tabeli. Mog\u0105 zosta\u0107 wys\u0142ane za pomoc\u0105 wiadomo\u015bci e-mail, w postaci pliku PDF lub pliku Excel.<\/p>\n<p>Dane techniczne<\/p>\n<p>Pomiar ci\u015bnienia<\/p>\n<p>Zakres pomiarowy -1 do +60 bar<br \/>\nDok\u0142adno\u015b\u0107 \u00b10,5 % pe\u0142nego zakresu<br \/>\nRozdzielczo\u015b\u0107 0,01 bar<br \/>\nPod\u0142\u0105czenie sondy 7 \/ 16 cal &#8211; UNF<br \/>\nDok\u0142adno\u015b\u0107 (wysokie ci\u015bnienie) +65 bar<\/p>\n<p>Og\u00f3lne dane techniczne<\/p>\n<p>Waga 156,6 g<br \/>\nWymiary 125 x 32 x 31 mm<br \/>\nTemperatura pracy -20 do +50 \u00b0C<br \/>\nObudowa Plastik<br \/>\nWymagania systemowe wymagany iOS 8.3 lub nowszy; wymagany Android 4.3 lub nowszy; wymagane urz\u0105dzenie mobilne z Bluetooth 4.0<br \/>\nKolor produktu czarny \/ pomara\u0144czowy<br \/>\nTyp baterii 3 baterie mikro AAA<br \/>\n\u017bywotno\u015b\u0107 baterii 130 godzin<br \/>\nWymiana danych Bluetooth\u00ae<br \/>\nZasi\u0119g radiowy 100 m<br \/>\nTemperatura sk\u0142adowania -20 do +60 \u00b0C<br \/>\n\u017bywotno\u015b\u0107 baterii 200 h (\u015brednio, bez pod\u015bwietlenia wy\u015bwietlacza)<br \/>\nTemperatura sk\u0142adowania -40 do +70 \u00b0C<br \/>\nMedium CFC, HFC, HCFC, N, H\u2082O, CO\u2082<br \/>\nWaga 90 g (z bateri\u0105 I nasadk\u0105 ochronn\u0105)Manometr SmartSonda testo 549i, -1 -r 60 bar &#8211; s\u0142u\u017cy do pomiaru ci\u015bnienia w uk\u0142adach ch\u0142odniczych i klimatyzacyjnych, wykorzystuj\u0105 go zwykle technicy ch\u0142odnictwa i klimatyzacji. Przydatny w sytuacjach wymagaj\u0105cych dok\u0142adnego i precyzyjnego pomiaru ci\u015bnienia w uk\u0142adach ch\u0142odniczych i klimatyzacyjnych.<div class=\"su-service\"><div class=\"su-service-title\" style=\"padding-left:52px;min-height:38px;line-height:38px\"><i class=\"sui sui-check-circle\" style=\"font-size:38px;color:#22a0ed\"><\/i> Wskaz\u00f3wka naszego eksperta<\/div><div class=\"su-service-content su-u-clearfix su-u-trim\" style=\"padding-left:52px\"><\/div><\/div>\n<h2><strong>Zapraszamy do por\u00f3wnania zalet i wad<\/strong><\/h2>\n<p><strong>Jakie s\u0105 zalety?<\/strong><br \/><div class=\"su-service\"><div class=\"su-service-title\" style=\"padding-left:52px;min-height:38px;line-height:38px\"><i class=\"sui sui-check-circle\" style=\"font-size:38px;color:#22a0ed\"><\/i> Wskaz\u00f3wka naszego eksperta<\/div><div class=\"su-service-content su-u-clearfix su-u-trim\" style=\"padding-left:52px\">Manometr SmartSonda testo 549i, -1 -r 60 bar: Precyzyjny pomiar ci\u015bnienia, \u0142\u0105czno\u015b\u0107 z urz\u0105dzeniami mobilnymi dzi\u0119ki technologii Bluetooth.<br \/><\/div><\/div><strong>Jakie s\u0105 wady tego produktu?<\/strong><br \/><div class=\"su-service\"><div class=\"su-service-title\" style=\"padding-left:52px;min-height:38px;line-height:38px\"><i class=\"sui sui-check-circle\" style=\"font-size:38px;color:#22a0ed\"><\/i> Wskaz\u00f3wka naszego eksperta<\/div><div class=\"su-service-content su-u-clearfix su-u-trim\" style=\"padding-left:52px\">Manometr SmartSonda testo 549i, -1 -r 60 bar: Mo\u017ce by\u0107 wymagana wymiana baterii lub \u0142adowanie przez USB. <br \/><\/div><\/div><div class=\"su-service\"><div class=\"su-service-title\" style=\"padding-left:52px;min-height:38px;line-height:38px\"><i class=\"sui sui-hand-o-right\" style=\"font-size:38px;color:#22a0ed\"><\/i> Podsumowuj\u0105c<\/div><div class=\"su-service-content su-u-clearfix su-u-trim\" style=\"padding-left:52px\">Manometr SmartSonda testo 549i, -1 -r 60 bar &#8211; Wada: Wymaga dodatkowego urz\u0105dzenia do pomiaru temperatury. Zaleta: \u0141atwe do u\u017cycia i przeno\u015bne. Zach\u0119ta: Idealny do u\u017cytku w terenie. <br \/><\/div><\/div>\n<div class=\"hr-thin\"><\/div>\n<p>&#8221; <\/p>\n<p>PARAMETRY TECHNICZNE<\/p>\n<div class=\"su-tabs su-tabs-style-default su-tabs-mobile-stack\" data-active=\"1\" data-scroll-offset=\"0\" data-anchor-in-url=\"no\"><div class=\"su-tabs-nav\"><span class=\"\" data-url=\"\" data-target=\"blank\" tabindex=\"0\" role=\"button\">Smart Sonda<\/span><span class=\"\" data-url=\"\" data-target=\"blank\" tabindex=\"0\" role=\"button\">CPS Odzysk czynika<\/span><span class=\"\" data-url=\"\" data-target=\"blank\" tabindex=\"0\" role=\"button\">Pompa pr\u00f3\u017cniowa<\/span><span class=\"\" data-url=\"\" data-target=\"blank\" tabindex=\"0\" role=\"button\">Akcesoria Monta\u017cowe<\/span><span class=\"\" data-url=\"\" data-target=\"blank\" tabindex=\"0\" role=\"button\">Klimatyzacja i pompy oferta<\/span><span class=\"\" data-url=\"\" data-target=\"blank\" tabindex=\"0\" role=\"button\">Ch\u0142odnictwo oferta<\/span><\/div><div class=\"su-tabs-panes\"><div class=\"su-tabs-pane su-u-clearfix su-u-trim\" data-title=\"Smart Sonda\"><div class=\"su-document su-u-responsive-media-yes\"><iframe src=\"\/\/docs.google.com\/viewer?embedded=true&url=https:\/\/www.fabrykachlodu.pl\/sklep\/wp-content\/uploads\/2023\/04\/SmartSondy-ulotka.Testo_.pdf\" width=\"600\" height=\"400\" class=\"su-document\" title=\"\"><\/iframe><\/div><\/div>\n<div class=\"su-tabs-pane su-u-clearfix su-u-trim\" data-title=\"CPS Odzysk czynika\"><div class=\"su-document su-u-responsive-media-yes\"><iframe src=\"\/\/docs.google.com\/viewer?embedded=true&url=https:\/\/www.fabrykachlodu.pl\/sklep\/wp-content\/uploads\/2023\/04\/odzysk.czynnika.pdf\" width=\"600\" height=\"400\" class=\"su-document\" title=\"\"><\/iframe><\/div><\/div>\n<div class=\"su-tabs-pane su-u-clearfix su-u-trim\" data-title=\"Pompa pr\u00f3\u017cniowa\"><div class=\"su-document su-u-responsive-media-yes\"><iframe src=\"\/\/docs.google.com\/viewer?embedded=true&url=https:\/\/www.fabrykachlodu.pl\/sklep\/wp-content\/uploads\/2023\/04\/pompy.prozniowe.oleje_.do_.pomp_.pdf\" width=\"600\" height=\"400\" class=\"su-document\" title=\"\"><\/iframe><\/div><\/div>\n<div class=\"su-tabs-pane su-u-clearfix su-u-trim\" data-title=\"Akcesoria Monta\u017cowe\"><div class=\"su-document su-u-responsive-media-yes\"><iframe src=\"\/\/docs.google.com\/viewer?embedded=true&url=https:\/\/www.fabrykachlodu.pl\/sklep\/wp-content\/uploads\/2023\/04\/narzedzia.do_.rur_.frezy_.do_.gratowania.do_.giecia.do_.zaciskania.do_.rozcinania.otworow.pdf\" width=\"600\" height=\"400\" class=\"su-document\" title=\"\"><\/iframe><\/div><\/div>\n<div class=\"su-tabs-pane su-u-clearfix su-u-trim\" data-title=\"Klimatyzacja i pompy oferta\"><div class=\"su-document su-u-responsive-media-yes\"><iframe src=\"\/\/docs.google.com\/viewer?embedded=true&url=https:\/\/www.fabrykachlodu.pl\/oferta\/FC.Nowosci.pdf\" width=\"600\" height=\"400\" class=\"su-document\" title=\"\"><\/iframe><\/div><\/div>\n<div class=\"su-tabs-pane su-u-clearfix su-u-trim\" data-title=\"Ch\u0142odnictwo oferta\"><div class=\"su-document su-u-responsive-media-yes\"><iframe src=\"\/\/docs.google.com\/viewer?embedded=true&url=https:\/\/www.fabrykachlodu.pl\/oferta\/FC.Serwis_Chlodniczy.pdf\" width=\"600\" height=\"400\" class=\"su-document\" title=\"\"><\/iframe><\/div><\/div><\/div><\/div>\n<p>Dokumenty si\u0119 nie wy\u015bwietlaj\u0105? <input type=\"button\" value=\"Od\u015bwie\u017c stron\u0119\" onclick=\"location.reload();\"><\/p>\n","protected":false},"excerpt":{"rendered":"<p><span style=\"color: #000000;\"><strong>Najwa\u017cniejsze zalety<\/strong><\/span>[dt_list style=\"1\" bullet_position=\"middle\" dividers=\"true\"][dt_list style=\"1\" bullet_position=\"middle\" dividers=\"true\"][dt_list_item image=\"\"]Dok\u0142adno\u015b\u0107 pomiar\u00f3w[\/dt_list_item][dt_list_item image=\"\"]Przeno\u015bno\u015b\u0107[\/dt_list_item][dt_list_item image=\"\"]\u0141atwo\u015b\u0107 i szybko\u015b\u0107 przeprowadzania pomiar\u00f3w[\/dt_list_item][dt_list_item image=\"\"]Smart[\/dt_list_item][\/dt_list]<\/p>\n","protected":false},"featured_media":89195,"template":"","meta":[],"product_cat":[6739,6742,189],"product_tag":[6750],"yoast_head":"<!-- This site is optimized with the Yoast SEO plugin v22.1 - https:\/\/yoast.com\/wordpress\/plugins\/seo\/ -->\n<title>Manometr SmartSonda testo 549i, -1 -r 60 bar<\/title>\n<meta name=\"description\" content=\"Manometr SmartSonda testo 549i, -1 -r 60 bar\" \/>\n<meta name=\"robots\" content=\"index, nofollow, max-snippet:-1, max-image-preview:large, max-video-preview:-1, noarchive\" \/>\n<link rel=\"canonical\" href=\"https:\/\/www.fabrykachlodu.pl\/sklep\/produkt\/zestaw-smartsonda-do-systemow-vac-testo\/\" \/>\n<meta name=\"twitter:label1\" content=\"Szacowany czas czytania\" \/>\n\t<meta name=\"twitter:data1\" content=\"5 minut\" \/>\n<script type=\"application\/ld+json\" class=\"yoast-schema-graph\">{\"@context\":\"https:\/\/schema.org\",\"@graph\":[{\"@type\":\"WebPage\",\"@id\":\"https:\/\/www.fabrykachlodu.pl\/sklep\/produkt\/zestaw-smartsonda-do-systemow-vac-testo\/\",\"url\":\"https:\/\/www.fabrykachlodu.pl\/sklep\/produkt\/zestaw-smartsonda-do-systemow-vac-testo\/\",\"name\":\"Manometr SmartSonda testo 549i, -1 -r 60 bar\",\"isPartOf\":{\"@id\":\"https:\/\/www.fabrykachlodu.pl\/sklep\/#website\"},\"datePublished\":\"2023-04-19T14:04:30+00:00\",\"dateModified\":\"2024-04-18T21:12:18+00:00\",\"description\":\"Manometr SmartSonda testo 549i, -1 -r 60 bar\",\"breadcrumb\":{\"@id\":\"https:\/\/www.fabrykachlodu.pl\/sklep\/produkt\/zestaw-smartsonda-do-systemow-vac-testo\/#breadcrumb\"},\"inLanguage\":\"pl-PL\",\"potentialAction\":[{\"@type\":\"ReadAction\",\"target\":[\"https:\/\/www.fabrykachlodu.pl\/sklep\/produkt\/zestaw-smartsonda-do-systemow-vac-testo\/\"]}]},{\"@type\":\"BreadcrumbList\",\"@id\":\"https:\/\/www.fabrykachlodu.pl\/sklep\/produkt\/zestaw-smartsonda-do-systemow-vac-testo\/#breadcrumb\",\"itemListElement\":[{\"@type\":\"ListItem\",\"position\":1,\"name\":\"Strona g\u0142\u00f3wna\",\"item\":\"https:\/\/www.fabrykachlodu.pl\/sklep\/\"},{\"@type\":\"ListItem\",\"position\":2,\"name\":\"Szukasz klimatzyacji biurowej sklepowej lub do mieszkania?\",\"item\":\"https:\/\/www.fabrykachlodu.pl\/sklep\/\"},{\"@type\":\"ListItem\",\"position\":3,\"name\":\"NARZ\u0118DZIA CH\u0141ODNICZE\",\"item\":\"https:\/\/www.fabrykachlodu.pl\/sklep\/product-category\/narzedzia-chlodnicze\/\"},{\"@type\":\"ListItem\",\"position\":4,\"name\":\"PRZYRZ\u0104DY POMIAROWE\",\"item\":\"https:\/\/www.fabrykachlodu.pl\/sklep\/product-category\/narzedzia-chlodnicze\/przyrzady-pomiarowe\/\"},{\"@type\":\"ListItem\",\"position\":5,\"name\":\"Manometr SmartSonda testo 549i, -1 -r 60 bar\"}]},{\"@type\":\"WebSite\",\"@id\":\"https:\/\/www.fabrykachlodu.pl\/sklep\/#website\",\"url\":\"https:\/\/www.fabrykachlodu.pl\/sklep\/\",\"name\":\"\u00b0FC Sklep Internetowy monta\u017c klimatyzacji pomp ciep\u0142a\",\"description\":\"\u00b0FC monta\u017c klimatyzacji pomp ciep\u0142a z nami to szybki i tani wyb\u00f3r.  Us\u0142ugi monta\u017cowe i serwisowe W Warszawie i okolicach..\",\"potentialAction\":[{\"@type\":\"SearchAction\",\"target\":{\"@type\":\"EntryPoint\",\"urlTemplate\":\"https:\/\/www.fabrykachlodu.pl\/sklep\/?s={search_term_string}\"},\"query-input\":\"required name=search_term_string\"}],\"inLanguage\":\"pl-PL\"}]}<\/script>\n<!-- \/ Yoast SEO plugin. -->","yoast_head_json":{"title":"Manometr SmartSonda testo 549i, -1 -r 60 bar","description":"Manometr SmartSonda testo 549i, -1 -r 60 bar","robots":{"index":"index","follow":"nofollow","max-snippet":"max-snippet:-1","max-image-preview":"max-image-preview:large","max-video-preview":"max-video-preview:-1","archive":"noarchive"},"canonical":"https:\/\/www.fabrykachlodu.pl\/sklep\/produkt\/zestaw-smartsonda-do-systemow-vac-testo\/","twitter_misc":{"Szacowany czas czytania":"5 minut"},"schema":{"@context":"https:\/\/schema.org","@graph":[{"@type":"WebPage","@id":"https:\/\/www.fabrykachlodu.pl\/sklep\/produkt\/zestaw-smartsonda-do-systemow-vac-testo\/","url":"https:\/\/www.fabrykachlodu.pl\/sklep\/produkt\/zestaw-smartsonda-do-systemow-vac-testo\/","name":"Manometr SmartSonda testo 549i, -1 -r 60 bar","isPartOf":{"@id":"https:\/\/www.fabrykachlodu.pl\/sklep\/#website"},"datePublished":"2023-04-19T14:04:30+00:00","dateModified":"2024-04-18T21:12:18+00:00","description":"Manometr SmartSonda testo 549i, -1 -r 60 bar","breadcrumb":{"@id":"https:\/\/www.fabrykachlodu.pl\/sklep\/produkt\/zestaw-smartsonda-do-systemow-vac-testo\/#breadcrumb"},"inLanguage":"pl-PL","potentialAction":[{"@type":"ReadAction","target":["https:\/\/www.fabrykachlodu.pl\/sklep\/produkt\/zestaw-smartsonda-do-systemow-vac-testo\/"]}]},{"@type":"BreadcrumbList","@id":"https:\/\/www.fabrykachlodu.pl\/sklep\/produkt\/zestaw-smartsonda-do-systemow-vac-testo\/#breadcrumb","itemListElement":[{"@type":"ListItem","position":1,"name":"Strona g\u0142\u00f3wna","item":"https:\/\/www.fabrykachlodu.pl\/sklep\/"},{"@type":"ListItem","position":2,"name":"Szukasz klimatzyacji biurowej sklepowej lub do mieszkania?","item":"https:\/\/www.fabrykachlodu.pl\/sklep\/"},{"@type":"ListItem","position":3,"name":"NARZ\u0118DZIA CH\u0141ODNICZE","item":"https:\/\/www.fabrykachlodu.pl\/sklep\/product-category\/narzedzia-chlodnicze\/"},{"@type":"ListItem","position":4,"name":"PRZYRZ\u0104DY POMIAROWE","item":"https:\/\/www.fabrykachlodu.pl\/sklep\/product-category\/narzedzia-chlodnicze\/przyrzady-pomiarowe\/"},{"@type":"ListItem","position":5,"name":"Manometr SmartSonda testo 549i, -1 -r 60 bar"}]},{"@type":"WebSite","@id":"https:\/\/www.fabrykachlodu.pl\/sklep\/#website","url":"https:\/\/www.fabrykachlodu.pl\/sklep\/","name":"\u00b0FC Sklep Internetowy monta\u017c klimatyzacji pomp ciep\u0142a","description":"\u00b0FC monta\u017c klimatyzacji pomp ciep\u0142a z nami to szybki i tani wyb\u00f3r.  Us\u0142ugi monta\u017cowe i serwisowe W Warszawie i okolicach..","potentialAction":[{"@type":"SearchAction","target":{"@type":"EntryPoint","urlTemplate":"https:\/\/www.fabrykachlodu.pl\/sklep\/?s={search_term_string}"},"query-input":"required name=search_term_string"}],"inLanguage":"pl-PL"}]}},"_links":{"self":[{"href":"https:\/\/www.fabrykachlodu.pl\/sklep\/wp-json\/wp\/v2\/product\/88610"}],"collection":[{"href":"https:\/\/www.fabrykachlodu.pl\/sklep\/wp-json\/wp\/v2\/product"}],"about":[{"href":"https:\/\/www.fabrykachlodu.pl\/sklep\/wp-json\/wp\/v2\/types\/product"}],"wp:featuredmedia":[{"embeddable":true,"href":"https:\/\/www.fabrykachlodu.pl\/sklep\/wp-json\/wp\/v2\/media\/89195"}],"wp:attachment":[{"href":"https:\/\/www.fabrykachlodu.pl\/sklep\/wp-json\/wp\/v2\/media?parent=88610"}],"wp:term":[{"taxonomy":"product_cat","embeddable":true,"href":"https:\/\/www.fabrykachlodu.pl\/sklep\/wp-json\/wp\/v2\/product_cat?post=88610"},{"taxonomy":"product_tag","embeddable":true,"href":"https:\/\/www.fabrykachlodu.pl\/sklep\/wp-json\/wp\/v2\/product_tag?post=88610"}],"curies":[{"name":"wp","href":"https:\/\/api.w.org\/{rel}","templated":true}]}}