{"id":88653,"date":"2023-04-19T16:04:49","date_gmt":"2023-04-19T14:04:49","guid":{"rendered":"https:\/\/www.fabrykachlodu.pl\/sklep\/?post_type=product&#038;p=88653"},"modified":"2023-04-26T20:34:45","modified_gmt":"2023-04-26T18:34:45","slug":"m18-fuel-pilarka-tarczowa-do-metalu-o-zredukowanym-iskrzeniu-idealna-dociecia-stalowych-profili-ocynkowanych-i-blachy","status":"publish","type":"product","link":"https:\/\/www.fabrykachlodu.pl\/sklep\/produkt\/m18-fuel-pilarka-tarczowa-do-metalu-o-zredukowanym-iskrzeniu-idealna-dociecia-stalowych-profili-ocynkowanych-i-blachy\/","title":{"rendered":"M18 FUEL\u2122 Szlifierkatarczowa 125 mm z hamulcem, regulowan\u0105 bezkluczowo\nos\u0142on\u0105, FIXTEC &#8211; wymiana tarczy bez u\u017cycia narz\u0119dzi"},"content":{"rendered":"<br \/>\n<h2>Zam\u00f3wienie dotyczy:  M18 FUEL\u2122 Szlifierkatarczowa 125 mm z hamulcem, regulowan\u0105 bezkluczowo<br \/>\nos\u0142on\u0105, FIXTEC &#8211; wymiana tarczy bez u\u017cycia narz\u0119dzi<\/h2>\n<p><h3><strong>W jednym miejscu poznasz:<\/strong><\/h3>\n<\/p>\n<p>M18 FUEL\u2122 Szlifierkatarczowa 125 mm z hamulcem, regulowan\u0105 bezkluczowo<br \/>\nos\u0142on\u0105, FIXTEC &#8211; wymiana tarczy bez u\u017cycia narz\u0119dzi i wa\u017cne informacje<br \/> Poznasz najwa\u017cniejsze funkcje<br \/> Por\u00f3wnasz produkty<br \/> Poznasz parametry techniczne<br \/> Poznasz cen\u0119 i zrealizujesz zam\u00f3wienie<strong><\/p>\n<h3>Zamawiaj\u0105c produkt u nas:<\/strong><\/h3>\n<p>Otrzymasz produkt<br \/> Nowy produkt<br \/> Prawo do zwrotu<br \/> Zakup na raty<br \/> <strong><\/p>\n<h3>Zamawiaj\u0105c teraz otrzymasz:<\/strong><\/h3>\n<p> M18 FUEL\u2122 Szlifierkatarczowa 125 mm z hamulcem, regulowan\u0105 bezkluczowo<br \/>\nos\u0142on\u0105, FIXTEC &#8211; wymiana tarczy bez u\u017cycia narz\u0119dzi z rabatem kupuj\u0105c w naszym sklepie online  <br \/> Gwarancje <br \/> Szybka realizacje dostawyMilwaukeeM18 FUEL\u2122 Szlifierka tarczowa 125 mm to narz\u0119dzie do szlifowania i ci\u0119cia r\u00f3\u017cnego rodzaju materia\u0142\u00f3w, takich jak metal, drewno czy ceramika. Jest wyposa\u017cona w regulowan\u0105 bezkluczowo os\u0142on\u0119, co umo\u017cliwia \u0142atw\u0105 zmian\u0119 tarczy bez konieczno\u015bci stosowania narz\u0119dzi. Szlifierka tarczowa jest zasilana akumulatorem, co pozwala na bezprzewodow\u0105 prac\u0119 w r\u00f3\u017cnych miejscach, bez konieczno\u015bci pod\u0142\u0105czenia do zasilania sieciowego. Dodatkowo, szlifierka wyposa\u017cona jest w hamulec, kt\u00f3ry zapewnia bezpieczn\u0105 prac\u0119, a tak\u017ce w technologi\u0119 M18 FUEL\u2122, kt\u00f3ra umo\u017cliwia wydajn\u0105 prac\u0119 z minimaln\u0105 ilo\u015bci\u0105 ha\u0142asu i drga\u0144.<div class=\"su-service\"><div class=\"su-service-title\" style=\"padding-left:52px;min-height:38px;line-height:38px\"><i class=\"sui sui-check-circle\" style=\"font-size:38px;color:#22a0ed\"><\/i> Wskaz\u00f3wka naszego eksperta<\/div><div class=\"su-service-content su-u-clearfix su-u-trim\" style=\"padding-left:52px\"><\/div><\/div>\n<h2><strong>Zapraszamy do por\u00f3wnania zalet i wad<\/strong><\/h2>\n<p><strong>Jakie s\u0105 zalety?<\/strong><br \/><div class=\"su-service\"><div class=\"su-service-title\" style=\"padding-left:52px;min-height:38px;line-height:38px\"><i class=\"sui sui-check-circle\" style=\"font-size:38px;color:#22a0ed\"><\/i> Wskaz\u00f3wka naszego eksperta<\/div><div class=\"su-service-content su-u-clearfix su-u-trim\" style=\"padding-left:52px\">M18 FUEL\u2122 Szlifierkatarczowa 125 mm &#8211; regulacja bezkluczowa os\u0142ony oraz wymiana tarczy bez narz\u0119dzi.<br \/><\/div><\/div><strong>Jakie s\u0105 wady tego produktu?<\/strong><br \/><div class=\"su-service\"><div class=\"su-service-title\" style=\"padding-left:52px;min-height:38px;line-height:38px\"><i class=\"sui sui-check-circle\" style=\"font-size:38px;color:#22a0ed\"><\/i> Wskaz\u00f3wka naszego eksperta<\/div><div class=\"su-service-content su-u-clearfix su-u-trim\" style=\"padding-left:52px\">M18 FUEL\u2122 Szlifierka tarczowa 125 mm &#8211; stosunkowo wysoka cena<br \/><\/div><\/div><div class=\"su-service\"><div class=\"su-service-title\" style=\"padding-left:52px;min-height:38px;line-height:38px\"><i class=\"sui sui-hand-o-right\" style=\"font-size:38px;color:#22a0ed\"><\/i> Podsumowuj\u0105c<\/div><div class=\"su-service-content su-u-clearfix su-u-trim\" style=\"padding-left:52px\">M18 FUEL\u2122 Szlifierkatarczowa 125 mm &#8211; Wada: brak. Zaleta: hamulec, regulowana bezkluczowo os\u0142ona i FIXTEC &#8211; wymiana tarczy bez narz\u0119dzi.<br \/><\/div><\/div>\n<div class=\"hr-thin\"><\/div>\n<p>&#8221; <\/p>\n<p>PARAMETRY TECHNICZNE<\/p>\n<div class=\"su-tabs su-tabs-style-default su-tabs-mobile-stack\" data-active=\"1\" data-scroll-offset=\"0\" data-anchor-in-url=\"no\"><div class=\"su-tabs-nav\"><span class=\"\" data-url=\"\" data-target=\"blank\" tabindex=\"0\" role=\"button\">Szlifierka tarczowa <\/span><span class=\"\" data-url=\"\" data-target=\"blank\" tabindex=\"0\" role=\"button\">CPS Odzysk czynika<\/span><span class=\"\" data-url=\"\" data-target=\"blank\" tabindex=\"0\" role=\"button\">Pompa pr\u00f3\u017cniowa<\/span><span class=\"\" data-url=\"\" data-target=\"blank\" tabindex=\"0\" role=\"button\">Akcesoria Monta\u017cowe<\/span><span class=\"\" data-url=\"\" data-target=\"blank\" tabindex=\"0\" role=\"button\">Klimatyzacja i pompy oferta<\/span><span class=\"\" data-url=\"\" data-target=\"blank\" tabindex=\"0\" role=\"button\">Ch\u0142odnictwo oferta<\/span><\/div><div class=\"su-tabs-panes\"><div class=\"su-tabs-pane su-u-clearfix su-u-trim\" data-title=\"Szlifierka tarczowa \"><div class=\"su-document su-u-responsive-media-yes\"><iframe src=\"\/\/docs.google.com\/viewer?embedded=true&url=https:\/\/www.fabrykachlodu.pl\/sklep\/wp-content\/uploads\/2023\/04\/M18_CAG125XPDB_502X.pdf\" width=\"600\" height=\"400\" class=\"su-document\" title=\"\"><\/iframe><\/div><\/div>\n<div class=\"su-tabs-pane su-u-clearfix su-u-trim\" data-title=\"CPS Odzysk czynika\"><div class=\"su-document su-u-responsive-media-yes\"><iframe src=\"\/\/docs.google.com\/viewer?embedded=true&url=https:\/\/www.fabrykachlodu.pl\/sklep\/wp-content\/uploads\/2023\/04\/odzysk.czynnika.pdf\" width=\"600\" height=\"400\" class=\"su-document\" title=\"\"><\/iframe><\/div><\/div>\n<div class=\"su-tabs-pane su-u-clearfix su-u-trim\" data-title=\"Pompa pr\u00f3\u017cniowa\"><div class=\"su-document su-u-responsive-media-yes\"><iframe src=\"\/\/docs.google.com\/viewer?embedded=true&url=https:\/\/www.fabrykachlodu.pl\/sklep\/wp-content\/uploads\/2023\/04\/pompy.prozniowe.oleje_.do_.pomp_.pdf\" width=\"600\" height=\"400\" class=\"su-document\" title=\"\"><\/iframe><\/div><\/div>\n<div class=\"su-tabs-pane su-u-clearfix su-u-trim\" data-title=\"Akcesoria Monta\u017cowe\"><div class=\"su-document su-u-responsive-media-yes\"><iframe src=\"\/\/docs.google.com\/viewer?embedded=true&url=https:\/\/www.fabrykachlodu.pl\/sklep\/wp-content\/uploads\/2023\/04\/narzedzia.do_.rur_.frezy_.do_.gratowania.do_.giecia.do_.zaciskania.do_.rozcinania.otworow.pdf\" width=\"600\" height=\"400\" class=\"su-document\" title=\"\"><\/iframe><\/div><\/div>\n<div class=\"su-tabs-pane su-u-clearfix su-u-trim\" data-title=\"Klimatyzacja i pompy oferta\"><div class=\"su-document su-u-responsive-media-yes\"><iframe src=\"\/\/docs.google.com\/viewer?embedded=true&url=https:\/\/www.fabrykachlodu.pl\/oferta\/FC.Nowosci.pdf\" width=\"600\" height=\"400\" class=\"su-document\" title=\"\"><\/iframe><\/div><\/div>\n<div class=\"su-tabs-pane su-u-clearfix su-u-trim\" data-title=\"Ch\u0142odnictwo oferta\"><div class=\"su-document su-u-responsive-media-yes\"><iframe src=\"\/\/docs.google.com\/viewer?embedded=true&url=https:\/\/www.fabrykachlodu.pl\/oferta\/FC.Serwis_Chlodniczy.pdf\" width=\"600\" height=\"400\" class=\"su-document\" title=\"\"><\/iframe><\/div><\/div><\/div><\/div>\n<p>Dokumenty si\u0119 nie wy\u015bwietlaj\u0105? <input type=\"button\" value=\"Od\u015bwie\u017c stron\u0119\" onclick=\"location.reload();\"><\/p>\n","protected":false},"excerpt":{"rendered":"<p><span style=\"color: #000000;\"><strong>Najwa\u017cniejsze zalety<\/strong><\/span>[dt_list style=\"1\" bullet_position=\"middle\" dividers=\"true\"][dt_list style=\"1\" bullet_position=\"middle\" dividers=\"true\"][dt_list_item image=\"\"]M18 fuel\u2122 szlifierkatarczowa 125 mm z hamulcem regulowan\u0105 bezkluczowo<br \/>\nOs\u0142on\u0105 fixtec &#8211; wymiana tarczy bez u\u017cycia narz\u0119dzi[\/dt_list_item][dt_list_item image=\"\"]M18 fuel\u2122 szlifierka tarczowa: hamulec regulowany bezkluczowo os\u0142ony fixtec[\/dt_list_item][dt_list_item image=\"\"]Wymiana tarczy bez u\u017cycia narz\u0119dzi[\/dt_list_item][dt_list_item image=\"\"]Precyzyjne szlifowanie[\/dt_list_item][\/dt_list]<\/p>\n","protected":false},"featured_media":89271,"template":"","meta":[],"product_cat":[6755,6739,189],"product_tag":[6757],"yoast_head":"<!-- This site is optimized with the Yoast SEO plugin v22.1 - https:\/\/yoast.com\/wordpress\/plugins\/seo\/ -->\n<title>M18 FUEL\u2122 Szlifierkatarczowa 125 mm z hamulcem, regulowan\u0105 bezkluczowo os\u0142on\u0105, FIXTEC - wymiana tarczy bez u\u017cycia narz\u0119dzi<\/title>\n<meta name=\"description\" content=\"M18 FUEL\u2122 Szlifierkatarczowa 125 mm z hamulcem, regulowan\u0105 bezkluczowo os\u0142on\u0105, FIXTEC - wymiana tarczy bez u\u017cycia narz\u0119dzi\" \/>\n<meta name=\"robots\" content=\"index, follow, max-snippet:-1, max-image-preview:large, max-video-preview:-1\" \/>\n<link rel=\"canonical\" href=\"https:\/\/www.fabrykachlodu.pl\/sklep\/produkt\/m18-fuel-pilarka-tarczowa-do-metalu-o-zredukowanym-iskrzeniu-idealna-dociecia-stalowych-profili-ocynkowanych-i-blachy\/\" \/>\n<meta name=\"twitter:label1\" content=\"Szacowany czas czytania\" \/>\n\t<meta name=\"twitter:data1\" content=\"3 minuty\" \/>\n<script type=\"application\/ld+json\" class=\"yoast-schema-graph\">{\"@context\":\"https:\/\/schema.org\",\"@graph\":[{\"@type\":\"WebPage\",\"@id\":\"https:\/\/www.fabrykachlodu.pl\/sklep\/produkt\/m18-fuel-pilarka-tarczowa-do-metalu-o-zredukowanym-iskrzeniu-idealna-dociecia-stalowych-profili-ocynkowanych-i-blachy\/\",\"url\":\"https:\/\/www.fabrykachlodu.pl\/sklep\/produkt\/m18-fuel-pilarka-tarczowa-do-metalu-o-zredukowanym-iskrzeniu-idealna-dociecia-stalowych-profili-ocynkowanych-i-blachy\/\",\"name\":\"M18 FUEL\u2122 Szlifierkatarczowa 125 mm z hamulcem, regulowan\u0105 bezkluczowo os\u0142on\u0105, FIXTEC - wymiana tarczy bez u\u017cycia narz\u0119dzi\",\"isPartOf\":{\"@id\":\"https:\/\/www.fabrykachlodu.pl\/sklep\/#website\"},\"datePublished\":\"2023-04-19T14:04:49+00:00\",\"dateModified\":\"2023-04-26T18:34:45+00:00\",\"description\":\"M18 FUEL\u2122 Szlifierkatarczowa 125 mm z hamulcem, regulowan\u0105 bezkluczowo os\u0142on\u0105, FIXTEC - wymiana tarczy bez u\u017cycia narz\u0119dzi\",\"breadcrumb\":{\"@id\":\"https:\/\/www.fabrykachlodu.pl\/sklep\/produkt\/m18-fuel-pilarka-tarczowa-do-metalu-o-zredukowanym-iskrzeniu-idealna-dociecia-stalowych-profili-ocynkowanych-i-blachy\/#breadcrumb\"},\"inLanguage\":\"pl-PL\",\"potentialAction\":[{\"@type\":\"ReadAction\",\"target\":[\"https:\/\/www.fabrykachlodu.pl\/sklep\/produkt\/m18-fuel-pilarka-tarczowa-do-metalu-o-zredukowanym-iskrzeniu-idealna-dociecia-stalowych-profili-ocynkowanych-i-blachy\/\"]}]},{\"@type\":\"BreadcrumbList\",\"@id\":\"https:\/\/www.fabrykachlodu.pl\/sklep\/produkt\/m18-fuel-pilarka-tarczowa-do-metalu-o-zredukowanym-iskrzeniu-idealna-dociecia-stalowych-profili-ocynkowanych-i-blachy\/#breadcrumb\",\"itemListElement\":[{\"@type\":\"ListItem\",\"position\":1,\"name\":\"Strona g\u0142\u00f3wna\",\"item\":\"https:\/\/www.fabrykachlodu.pl\/sklep\/\"},{\"@type\":\"ListItem\",\"position\":2,\"name\":\"Szukasz klimatzyacji biurowej sklepowej lub do mieszkania?\",\"item\":\"https:\/\/www.fabrykachlodu.pl\/sklep\/\"},{\"@type\":\"ListItem\",\"position\":3,\"name\":\"NARZ\u0118DZIA CH\u0141ODNICZE\",\"item\":\"https:\/\/www.fabrykachlodu.pl\/sklep\/product-category\/narzedzia-chlodnicze\/\"},{\"@type\":\"ListItem\",\"position\":4,\"name\":\"ELEKTRONARZ\u0118DZIA\",\"item\":\"https:\/\/www.fabrykachlodu.pl\/sklep\/product-category\/narzedzia-chlodnicze\/elektronarzedzia\/\"},{\"@type\":\"ListItem\",\"position\":5,\"name\":\"M18 FUEL\u2122 Szlifierkatarczowa 125 mm z hamulcem, regulowan\u0105 bezkluczowo os\u0142on\u0105, FIXTEC &#8211; wymiana tarczy bez u\u017cycia narz\u0119dzi\"}]},{\"@type\":\"WebSite\",\"@id\":\"https:\/\/www.fabrykachlodu.pl\/sklep\/#website\",\"url\":\"https:\/\/www.fabrykachlodu.pl\/sklep\/\",\"name\":\"\u00b0FC Sklep Internetowy monta\u017c klimatyzacji pomp ciep\u0142a\",\"description\":\"\u00b0FC monta\u017c klimatyzacji pomp ciep\u0142a z nami to szybki i tani wyb\u00f3r.  Us\u0142ugi monta\u017cowe i serwisowe W Warszawie i okolicach..\",\"potentialAction\":[{\"@type\":\"SearchAction\",\"target\":{\"@type\":\"EntryPoint\",\"urlTemplate\":\"https:\/\/www.fabrykachlodu.pl\/sklep\/?s={search_term_string}\"},\"query-input\":\"required name=search_term_string\"}],\"inLanguage\":\"pl-PL\"}]}<\/script>\n<!-- \/ Yoast SEO plugin. -->","yoast_head_json":{"title":"M18 FUEL\u2122 Szlifierkatarczowa 125 mm z hamulcem, regulowan\u0105 bezkluczowo os\u0142on\u0105, FIXTEC - wymiana tarczy bez u\u017cycia narz\u0119dzi","description":"M18 FUEL\u2122 Szlifierkatarczowa 125 mm z hamulcem, regulowan\u0105 bezkluczowo os\u0142on\u0105, FIXTEC - wymiana tarczy bez u\u017cycia narz\u0119dzi","robots":{"index":"index","follow":"follow","max-snippet":"max-snippet:-1","max-image-preview":"max-image-preview:large","max-video-preview":"max-video-preview:-1"},"canonical":"https:\/\/www.fabrykachlodu.pl\/sklep\/produkt\/m18-fuel-pilarka-tarczowa-do-metalu-o-zredukowanym-iskrzeniu-idealna-dociecia-stalowych-profili-ocynkowanych-i-blachy\/","twitter_misc":{"Szacowany czas czytania":"3 minuty"},"schema":{"@context":"https:\/\/schema.org","@graph":[{"@type":"WebPage","@id":"https:\/\/www.fabrykachlodu.pl\/sklep\/produkt\/m18-fuel-pilarka-tarczowa-do-metalu-o-zredukowanym-iskrzeniu-idealna-dociecia-stalowych-profili-ocynkowanych-i-blachy\/","url":"https:\/\/www.fabrykachlodu.pl\/sklep\/produkt\/m18-fuel-pilarka-tarczowa-do-metalu-o-zredukowanym-iskrzeniu-idealna-dociecia-stalowych-profili-ocynkowanych-i-blachy\/","name":"M18 FUEL\u2122 Szlifierkatarczowa 125 mm z hamulcem, regulowan\u0105 bezkluczowo os\u0142on\u0105, FIXTEC - wymiana tarczy bez u\u017cycia narz\u0119dzi","isPartOf":{"@id":"https:\/\/www.fabrykachlodu.pl\/sklep\/#website"},"datePublished":"2023-04-19T14:04:49+00:00","dateModified":"2023-04-26T18:34:45+00:00","description":"M18 FUEL\u2122 Szlifierkatarczowa 125 mm z hamulcem, regulowan\u0105 bezkluczowo os\u0142on\u0105, FIXTEC - wymiana tarczy bez u\u017cycia narz\u0119dzi","breadcrumb":{"@id":"https:\/\/www.fabrykachlodu.pl\/sklep\/produkt\/m18-fuel-pilarka-tarczowa-do-metalu-o-zredukowanym-iskrzeniu-idealna-dociecia-stalowych-profili-ocynkowanych-i-blachy\/#breadcrumb"},"inLanguage":"pl-PL","potentialAction":[{"@type":"ReadAction","target":["https:\/\/www.fabrykachlodu.pl\/sklep\/produkt\/m18-fuel-pilarka-tarczowa-do-metalu-o-zredukowanym-iskrzeniu-idealna-dociecia-stalowych-profili-ocynkowanych-i-blachy\/"]}]},{"@type":"BreadcrumbList","@id":"https:\/\/www.fabrykachlodu.pl\/sklep\/produkt\/m18-fuel-pilarka-tarczowa-do-metalu-o-zredukowanym-iskrzeniu-idealna-dociecia-stalowych-profili-ocynkowanych-i-blachy\/#breadcrumb","itemListElement":[{"@type":"ListItem","position":1,"name":"Strona g\u0142\u00f3wna","item":"https:\/\/www.fabrykachlodu.pl\/sklep\/"},{"@type":"ListItem","position":2,"name":"Szukasz klimatzyacji biurowej sklepowej lub do mieszkania?","item":"https:\/\/www.fabrykachlodu.pl\/sklep\/"},{"@type":"ListItem","position":3,"name":"NARZ\u0118DZIA CH\u0141ODNICZE","item":"https:\/\/www.fabrykachlodu.pl\/sklep\/product-category\/narzedzia-chlodnicze\/"},{"@type":"ListItem","position":4,"name":"ELEKTRONARZ\u0118DZIA","item":"https:\/\/www.fabrykachlodu.pl\/sklep\/product-category\/narzedzia-chlodnicze\/elektronarzedzia\/"},{"@type":"ListItem","position":5,"name":"M18 FUEL\u2122 Szlifierkatarczowa 125 mm z hamulcem, regulowan\u0105 bezkluczowo os\u0142on\u0105, FIXTEC &#8211; wymiana tarczy bez u\u017cycia narz\u0119dzi"}]},{"@type":"WebSite","@id":"https:\/\/www.fabrykachlodu.pl\/sklep\/#website","url":"https:\/\/www.fabrykachlodu.pl\/sklep\/","name":"\u00b0FC Sklep Internetowy monta\u017c klimatyzacji pomp ciep\u0142a","description":"\u00b0FC monta\u017c klimatyzacji pomp ciep\u0142a z nami to szybki i tani wyb\u00f3r.  Us\u0142ugi monta\u017cowe i serwisowe W Warszawie i okolicach..","potentialAction":[{"@type":"SearchAction","target":{"@type":"EntryPoint","urlTemplate":"https:\/\/www.fabrykachlodu.pl\/sklep\/?s={search_term_string}"},"query-input":"required name=search_term_string"}],"inLanguage":"pl-PL"}]}},"_links":{"self":[{"href":"https:\/\/www.fabrykachlodu.pl\/sklep\/wp-json\/wp\/v2\/product\/88653"}],"collection":[{"href":"https:\/\/www.fabrykachlodu.pl\/sklep\/wp-json\/wp\/v2\/product"}],"about":[{"href":"https:\/\/www.fabrykachlodu.pl\/sklep\/wp-json\/wp\/v2\/types\/product"}],"wp:featuredmedia":[{"embeddable":true,"href":"https:\/\/www.fabrykachlodu.pl\/sklep\/wp-json\/wp\/v2\/media\/89271"}],"wp:attachment":[{"href":"https:\/\/www.fabrykachlodu.pl\/sklep\/wp-json\/wp\/v2\/media?parent=88653"}],"wp:term":[{"taxonomy":"product_cat","embeddable":true,"href":"https:\/\/www.fabrykachlodu.pl\/sklep\/wp-json\/wp\/v2\/product_cat?post=88653"},{"taxonomy":"product_tag","embeddable":true,"href":"https:\/\/www.fabrykachlodu.pl\/sklep\/wp-json\/wp\/v2\/product_tag?post=88653"}],"curies":[{"name":"wp","href":"https:\/\/api.w.org\/{rel}","templated":true}]}}