{"id":88892,"date":"2023-04-19T16:07:14","date_gmt":"2023-04-19T14:07:14","guid":{"rendered":"https:\/\/www.fabrykachlodu.pl\/sklep\/?post_type=product&#038;p=88892"},"modified":"2023-04-26T20:36:00","modified_gmt":"2023-04-26T18:36:00","slug":"cu-mufa-redukcyjna-lwxlw-14","status":"publish","type":"product","link":"https:\/\/www.fabrykachlodu.pl\/sklep\/produkt\/cu-mufa-redukcyjna-lwxlw-14\/","title":{"rendered":"CU Mufa redukcyjna LWxLW Rozmiar mm 18&#215;15 KSZTA\u0141TKI MIEDZIANE"},"content":{"rendered":"<br \/>\n<h2>Zam\u00f3wienie dotyczy: CU Mufa redukcyjna LWxLW<\/h2>\n<p><h3><strong>W jednym miejscu poznasz:<\/strong><\/h3>\n<p>CU Mufa redukcyjna LWxLW i wa\u017cne informacje na temat z\u0142\u0105czek lutowanych, jak w\u0142a\u015bciwie lutowa\u0107, zastosowanie z\u0142\u0105czek lutowanych<br \/> Poznasz najwa\u017cniejsze funkcje<br \/> Por\u00f3wnasz produkty<br \/> Poznasz parametry techniczne<br \/> Poznasz cen\u0119 i zrealizujesz zam\u00f3wienie<br<strong><\/p>\n<h3>Jak u\u017cywa\u0107 kszta\u0142tki miedziane SANHA Seria 5000 i akcesoria do lutowania miedzi &#8222;SA&#8221;:<\/strong><\/h3>\n<p>Kszta\u0142tki do lutowania twardego, czyli seria 5000, zgodnie z norm\u0105 EN 1254, znajduj\u0105 szerokie zastosowanie w instalacjach grzewczych, solarnych, spr\u0119\u017conego powietrza i wody pitnej. <br \/>Wszystkie z\u0142\u0105czki s\u0105 dost\u0119pne w rozmiarach metrycznych. W instalacjach wody pitnej dozwolone jest tylko lutowanie mi\u0119kkie zgodnie z arkuszem roboczym DVGW GW 2. <br \/>W tym zakresie zalecamy r\u00f3wnie\u017c stosowanie z\u0142\u0105czek zaciskowych z materia\u0142\u00f3w bezo\u0142owiowych, takich jak stal nierdzewna lub br\u0105z krzemowy.<\/p>\n<p>Kwestie do rozwa\u017cenia podczas lutowania.<br \/>\nLuty mi\u0119kkie zosta\u0142y opracowane zgodnie z norm\u0105 EN 29453. Na podstawie DVGW-GW2 s\u0105 one dopuszczone do stosowania w instalacjach wody pitnej.<\/p>\n<p>S-Sn 97Cu (lut mi\u0119kki z 97% cyny i 3% miedzi, maks. 230\u00b0C-250\u00b0C, nr katalogowy 4933)<br \/>\nS-Sn97Ag3 (lut mi\u0119kki z 97% cyny i 3% srebra, max. 220\u00b0C-230\u00b0C, nr katalogowy 4934)<br \/>\nAby lut m\u00f3g\u0142 dzia\u0142a\u0107, wymagany jest topnik zgodny z EW 29454-1. Topniki nale\u017cy rozpu\u015bci\u0107 w zimnej wodzie. Topniki te posiadaj\u0105 certyfikat GW7 oraz znak DVGW. Topnik nale\u017cy stosowa\u0107 oszcz\u0119dnie. Nale\u017cy go nak\u0142ada\u0107 tylko na ko\u0144ce rur, kt\u00f3re zosta\u0142y wcze\u015bniej oczyszczone topnikiem bez metalu. W ten spos\u00f3b topnik nie mo\u017ce dosta\u0107 si\u0119 do instalacji.<\/p>\n<p>Szczeg\u00f3lnie popularne jest stosowanie pasty do lutowania mi\u0119kkiego. (flux-soldering compound). Sk\u0142adaj\u0105 si\u0119 one w co najmniej 60% z proszku lutowniczego i 40% topnika. 60% proszku lutowniczego i 40% topnika. Pasta lutownicza topi si\u0119 po osi\u0105gni\u0119ciu temperatury roboczej, w kt\u00f3rej lut mo\u017ce by\u0107 u\u017cywany i \u0142\u0105czony. Mo\u017cna to \u0142atwo rozpozna\u0107 po b\u0142yszcz\u0105cym srebrnym wygl\u0105dzie, w takim przypadku nale\u017cy u\u017cy\u0107 dodatkowego lutu, aby wype\u0142ni\u0107 szczelin\u0119. Eliminuje to ryzyko przypalenia (topnik mo\u017ce zawie\u015b\u0107).<\/p>\n<p>W przypadku instalacji wody pitnej pasta lutownicza (numer katalogowy: 4943) powinna posiada\u0107 oznaczenie DVGW.<\/p>\n<p>Jako topnik nale\u017cy stosowa\u0107 mi\u0119kk\u0105 past\u0119 lutownicz\u0105. Nale\u017cy j\u0105 nak\u0142ada\u0107 tylko cienk\u0105 warstw\u0105 na oczyszczon\u0105 powierzchni\u0119 zewn\u0119trzn\u0105. Podczas lutowania mi\u0119kkiego nale\u017cy podgrza\u0107 ca\u0142\u0105 powierzchni\u0119 lutowan\u0105 do temperatury oko\u0142o 30 &#8211; 50 C powy\u017cej temperatury topnienia lutu. Nast\u0119pnie nale\u017cy umie\u015bci\u0107 lut na ko\u0144cu z\u0142\u0105cza lutowanego i stopi\u0107 go bez bezpo\u015bredniego kontaktu z p\u0142omieniem. Lutowanie mi\u0119kkie, wymaga (dla rozmiar\u00f3w powy\u017cej DN 42) du\u017cego do\u015bwiadczenia w tym zakresie. Dlatego dla tych rozmiar\u00f3w zaleca si\u0119 lutowanie twarde.<\/p>\n<p>Lut ch\u0142odniczy<br \/>\nLut produkowany z czystych surowc\u00f3w, gwarantuj\u0105cy sta\u0142y sk\u0142ad chemiczny i wysok\u0105 jako\u015b\u0107.<br \/>\nOferujemy lut twardy do techniki ch\u0142odniczej w postaci pr\u0119t\u00f3w o d\u0142ugo\u015bci 500 mm.<\/p>\n<p>Lut miedziowo-fosforowy<\/p>\n<p>Luty fosforowe miedziowe nie wymagaj\u0105 u\u017cycia topnika, kt\u00f3ry jest niezb\u0119dny przy lutowaniu stop\u00f3w miedzi. Zawieraj\u0105 one mieszanin\u0119 srebra. Zakres topnienia wynosi 645 &#8211; 800oC. Nie powinny by\u0107 stosowane do lutowania stali i stop\u00f3w zawieraj\u0105cych nikiel oraz stop\u00f3w miedzi z niklem o zawarto\u015bci niklu powy\u017cej 10%.<\/p>\n<p>Lut Ag2CuP<br \/>\nStop lutowniczy Ag5CuP<br \/>\nStop lutowniczy Ag15CuP<br \/>\nLut z wysok\u0105 zawarto\u015bci\u0105 srebra w lutowiu<\/p>\n<p>Odpowiedni do \u0142\u0105czenia materia\u0142\u00f3w takich jak stal, \u017celazo, mied\u017a i mosi\u0105dz. Dost\u0119pne w lutach cynowych i bezcynowych. Zakres temperatur topnienia 660 &#8211; 710oC.<\/p>\n<p>Lut Ag40Sn<br \/>\nLut Ag44<br \/><strong><\/p>\n<h3>Zlecaj\u0105c nam monta\u017c otrzymasz:<\/strong><\/h3>\n<p> CU Mufa redukcyjna LWxLW z rabatem kupuj\u0105c w naszym sklepie online lub wybieraj\u0105c monta\u017c <br \/> Gwarancje <br \/> Kompletne pod\u0142\u0105czenie elektryczne oraz hydrauliczne<br \/>Z\u0142\u0105czki do lutowania twardego i mi\u0119kkiego<br \/>\nOptymalna odporno\u015b\u0107 na korozj\u0119 oraz higiena dzi\u0119ki niskiej zawarto\u015bci w\u0119gla (<0,5mg C\/dm2). Szerokie portfolio od 6 mm do 159 mmObszary zastosowania: Woda pitna, Ogrzewanie, Instalacje gazowe, Woda deszczowa, Systemy solarne\nSpr\u0119\u017cone powietrze, Systemy ga\u015bnicze.\n\nOto kilka wskaz\u00f3wek, kt\u00f3re mog\u0105 pom\u00f3c podczas lutowania kszta\u0142tek:\n\nWybierz odpowiedni rodzaj lutu, kt\u00f3ry b\u0119dzie odpowiedni do miedzi i b\u0119dzie mia\u0142 wystarczaj\u0105c\u0105 wytrzyma\u0142o\u015b\u0107 na warunki, w kt\u00f3rych b\u0119dzie u\u017cywana kszta\u0142tka. Dla lutowania miedzi, zwykle stosuje si\u0119 luty miedziane, srebrne lub fosforobr\u0105zowe.\n\nOczy\u015b\u0107 powierzchni\u0119 kszta\u0142tki, kt\u00f3r\u0105 chcesz po\u0142\u0105czy\u0107, aby usun\u0105\u0107 wszelkie zanieczyszczenia i t\u0142uste plamy. Mo\u017cesz to zrobi\u0107 za pomoc\u0105 papieru \u015bciernego lub specjalnego preparatu czyszcz\u0105cego.\n\nPodczas lutowania, nale\u017cy utrzymywa\u0107 odpowiedni\u0105 temperatur\u0119 lutownicy, aby zapewni\u0107 prawid\u0142owe topnienie lutu. U\u017cyj termometru lub pyrometeru, aby upewni\u0107 si\u0119, \u017ce temperatura jest odpowiednia.\n\nNale\u017cy stosowa\u0107 odpowiedni\u0105 ilo\u015b\u0107 lutu, aby uzyska\u0107 mocne i trwa\u0142e po\u0142\u0105czenie. Zbyt ma\u0142o lutu mo\u017ce spowodowa\u0107 s\u0142abe po\u0142\u0105czenie, a zbyt du\u017co lutu mo\u017ce spowodowa\u0107 przegrzanie kszta\u0142tki i os\u0142abienie jej struktury.\n\nPo zako\u0144czeniu lutowania, upewnij si\u0119, \u017ce po\u0142\u0105czenie jest odpowiednio sch\u0142odzone i \u017ce lut jest prawid\u0142owo roz\u0142o\u017cony. Mo\u017cesz to zrobi\u0107 za pomoc\u0105 wilgotnej szmatki, aby przyspieszy\u0107 proces sch\u0142adzania i zapobiec p\u0119kni\u0119ciom w po\u0142\u0105czeniu.\n\nMam nadziej\u0119, \u017ce te wskaz\u00f3wki pomog\u0105 w lutowaniu kszta\u0142tek miedzianych![su_service title=\"Wskaz\u00f3wka naszego eksperta\" icon=\"icon: check-circle\" icon_color=\"#22a0ed\" size=\"38\"][\/su_service]\n<h2><strong>Zapraszamy do por\u00f3wnania zalet i wad<\/strong><\/h2>\n<p><strong>Jakie s\u0105 zalety?<\/strong><br \/><div class=\"su-service\"><div class=\"su-service-title\" style=\"padding-left:52px;min-height:38px;line-height:38px\"><i class=\"sui sui-check-circle\" style=\"font-size:38px;color:#22a0ed\"><\/i> Wskaz\u00f3wka naszego eksperta<\/div><div class=\"su-service-content su-u-clearfix su-u-trim\" style=\"padding-left:52px\">Trwa\u0142o\u015b\u0107 i niezawodno\u015b\u0107 to g\u0142\u00f3wne zalety kszta\u0142tek miedzianych do lutowania, co przek\u0142ada si\u0119 na d\u0142ug\u0105 \u017cywotno\u015b\u0107 instalacji klimatyzacyjnej lub ch\u0142odniczej. Dodatkowo, ich precyzyjne wykonanie gwarantuje \u0142atwe i dok\u0142adne dopasowanie do rur miedzianych, co pozwala na zapewnienie w\u0142a\u015bciwej izolacji i unikni\u0119cie wyciek\u00f3w wody lub gazu.<br \/><\/div><\/div><strong>Jakie s\u0105 wady tego produktu?<\/strong><br \/><div class=\"su-service\"><div class=\"su-service-title\" style=\"padding-left:52px;min-height:38px;line-height:38px\"><i class=\"sui sui-check-circle\" style=\"font-size:38px;color:#22a0ed\"><\/i> Wskaz\u00f3wka naszego eksperta<\/div><div class=\"su-service-content su-u-clearfix su-u-trim\" style=\"padding-left:52px\">Kszta\u0142tki do lutowania z miedzi s\u0105 dosy\u0107 trudne w obr\u00f3bce ze wzgl\u0119du na ich sztywno\u015b\u0107 i wymagaj\u0105 specjalistycznych narz\u0119dzi, aby je odpowiednio przyci\u0105\u0107 i dostosowa\u0107 do potrzeb. Niestety, proces lutowania mo\u017ce by\u0107 trudny i wymaga du\u017cej precyzji. W przypadku niew\u0142a\u015bciwego u\u017cycia kszta\u0142tek, mo\u017ce doj\u015b\u0107 do niedoskona\u0142ego po\u0142\u0105czenia element\u00f3w, co skutkuje niedostateczn\u0105 trwa\u0142o\u015bci\u0105 lutowania. Dodatkowo, lutowanie z u\u017cyciem miedzi wymaga u\u017cycia odpowiedniego sprz\u0119tu oraz wiedzy technicznej, co mo\u017ce by\u0107 wyzwaniem dla pocz\u0105tkuj\u0105cych u\u017cytkownik\u00f3w.<br \/><\/div><\/div><div class=\"su-service\"><div class=\"su-service-title\" style=\"padding-left:52px;min-height:38px;line-height:38px\"><i class=\"sui sui-hand-o-right\" style=\"font-size:38px;color:#22a0ed\"><\/i> Podsumowuj\u0105c<\/div><div class=\"su-service-content su-u-clearfix su-u-trim\" style=\"padding-left:52px\">Ksztaltki, kolana, luki, trojniki, mufy, nyple, z\u0142\u0105czki, redukcje z miedzi to niezb\u0119dne elementy instalacji ch\u0142odniczych.<br \/>\nZaleta: \u0141\u0105czenie rur miedzianych za pomoc\u0105 ksztaltek zapewnia solidno\u015b\u0107 i trwa\u0142o\u015b\u0107 ca\u0142ego systemu.<br \/>\nWada: U\u017cycie miedzi w instalacjach ch\u0142odniczych wymaga spe\u0142nienia okre\u015blonych wymaga\u0144, takich jak wykorzystanie odpowiedniego czynnika ch\u0142odz\u0105cego i przestrzeganie przepis\u00f3w dotycz\u0105cych instalacji.<br \/>\nZach\u0119ta do zakupu: \u0141\u0105czenie rur miedzianych za pomoc\u0105 ksztaltek to niezawodny spos\u00f3b na zbudowanie trwa\u0142ego systemu ch\u0142odniczego. Wymaga to jednak spe\u0142nienia okre\u015blonych wymaga\u0144, aby zapewni\u0107 bezpiecze\u0144stwo u\u017cytkowania. Dlatego warto skonsultowa\u0107 si\u0119 z do\u015bwiadczonymi specjalistami oraz zapozna\u0107 si\u0119 z obowi\u0105zuj\u0105cymi przepisami, aby unikn\u0105\u0107 niepotrzebnych problem\u00f3w.<\/p>\n<p>U\u017cywanie rur miedzianych z \u0142\u0105cznikami i kszta\u0142tkami pozwala na skuteczne \u0142\u0105czenie element\u00f3w instalacji ch\u0142odniczych i klimatyzacyjnych, a tak\u017ce zwi\u0119ksza elastyczno\u015b\u0107 i \u0142atwo\u015b\u0107 monta\u017cu. Ponadto, rury miedziane spe\u0142niaj\u0105 wymagania dla instalacji ch\u0142odniczych, co zapewnia niezawodno\u015b\u0107 i bezpiecze\u0144stwo. Mimo nieco wy\u017cszej ceny, warto zainwestowa\u0107 w produkty wysokiej jako\u015bci, kt\u00f3re zapewni\u0105 d\u0142ugotrwa\u0142\u0105 i bezawaryjn\u0105 prac\u0119 ca\u0142ej instalacji.<br \/><\/div><\/div>\n<div class=\"hr-thin\"><\/div>\n<p>&#8221; <\/p>\n<p>PARAMETRY TECHNICZNE<\/p>\n<div class=\"su-tabs su-tabs-style-default su-tabs-mobile-stack\" data-active=\"1\" data-scroll-offset=\"0\" data-anchor-in-url=\"no\"><div class=\"su-tabs-nav\"><span class=\"\" data-url=\"\" data-target=\"blank\" tabindex=\"0\" role=\"button\">Kszta\u0142tki do lutowania<\/span><span class=\"\" data-url=\"\" data-target=\"blank\" tabindex=\"0\" role=\"button\">Adaptery, zl\u0105czki<\/span><span class=\"\" data-url=\"\" data-target=\"blank\" tabindex=\"0\" role=\"button\">Pompa pr\u00f3\u017cniowa<\/span><span class=\"\" data-url=\"\" data-target=\"blank\" tabindex=\"0\" role=\"button\">Akcesoria Monta\u017cowe<\/span><span class=\"\" data-url=\"\" data-target=\"blank\" tabindex=\"0\" role=\"button\">Klimatyzacja i pompy oferta<\/span><span class=\"\" data-url=\"\" data-target=\"blank\" tabindex=\"0\" role=\"button\">Ch\u0142odnictwo oferta<\/span><\/div><div class=\"su-tabs-panes\"><div class=\"su-tabs-pane su-u-clearfix su-u-trim\" data-title=\"Kszta\u0142tki do lutowania\"><div class=\"su-document su-u-responsive-media-yes\"><iframe src=\"\/\/docs.google.com\/viewer?embedded=true&url=https:\/\/www.fabrykachlodu.pl\/sklep\/wp-content\/uploads\/2023\/04\/Sahna_zlaczkidolutowaniaSASeria5000_2019.pdf\" width=\"600\" height=\"400\" class=\"su-document\" title=\"\"><\/iframe><\/div><\/div>\n<div class=\"su-tabs-pane su-u-clearfix su-u-trim\" data-title=\"Adaptery, zl\u0105czki\"><div class=\"su-document su-u-responsive-media-yes\"><iframe src=\"\/\/docs.google.com\/viewer?embedded=true&url=https:\/\/www.fabrykachlodu.pl\/sklep\/wp-content\/uploads\/2023\/04\/adaptery.zlaczki.do_.rur_.miedzianych.do_.lutowania.zawory.narzedzia.pdf\" width=\"600\" height=\"400\" class=\"su-document\" title=\"\"><\/iframe><\/div><\/div>\n<div class=\"su-tabs-pane su-u-clearfix su-u-trim\" data-title=\"Pompa pr\u00f3\u017cniowa\"><div class=\"su-document su-u-responsive-media-yes\"><iframe src=\"\/\/docs.google.com\/viewer?embedded=true&url=https:\/\/www.fabrykachlodu.pl\/sklep\/wp-content\/uploads\/2023\/04\/pompy.prozniowe.oleje_.do_.pomp_.pdf\" width=\"600\" height=\"400\" class=\"su-document\" title=\"\"><\/iframe><\/div><\/div>\n<div class=\"su-tabs-pane su-u-clearfix su-u-trim\" data-title=\"Akcesoria Monta\u017cowe\"><div class=\"su-document su-u-responsive-media-yes\"><iframe src=\"\/\/docs.google.com\/viewer?embedded=true&url=https:\/\/www.fabrykachlodu.pl\/sklep\/wp-content\/uploads\/2023\/04\/narzedzia.do_.rur_.frezy_.do_.gratowania.do_.giecia.do_.zaciskania.do_.rozcinania.otworow.pdf\" width=\"600\" height=\"400\" class=\"su-document\" title=\"\"><\/iframe><\/div><\/div>\n<div class=\"su-tabs-pane su-u-clearfix su-u-trim\" data-title=\"Klimatyzacja i pompy oferta\"><div class=\"su-document su-u-responsive-media-yes\"><iframe src=\"\/\/docs.google.com\/viewer?embedded=true&url=https:\/\/www.fabrykachlodu.pl\/oferta\/FC.Nowosci.pdf\" width=\"600\" height=\"400\" class=\"su-document\" title=\"\"><\/iframe><\/div><\/div>\n<div class=\"su-tabs-pane su-u-clearfix su-u-trim\" data-title=\"Ch\u0142odnictwo oferta\"><div class=\"su-document su-u-responsive-media-yes\"><iframe src=\"\/\/docs.google.com\/viewer?embedded=true&url=https:\/\/www.fabrykachlodu.pl\/oferta\/FC.Serwis_Chlodniczy.pdf\" width=\"600\" height=\"400\" class=\"su-document\" title=\"\"><\/iframe><\/div><\/div><\/div><\/div>\n<p>Dokumenty si\u0119 nie wy\u015bwietlaj\u0105? <input type=\"button\" value=\"Od\u015bwie\u017c stron\u0119\" onclick=\"location.reload();\"><\/p>\n","protected":false},"excerpt":{"rendered":"<p><span style=\"color: #000000;\"><strong>Najwa\u017cniejsze zalety<\/strong><\/span>[dt_list style=\"1\" bullet_position=\"middle\" dividers=\"true\"][dt_list style=\"1\" bullet_position=\"middle\" dividers=\"true\"][dt_list_item image=\"\"]Mog\u0105 by\u0107 one stosowane wraz z wszystkimi standardowymi rurami miedzianymi zgodnymi z PN-EN 1057 i DVGW. [\/dt_list_item][dt_list_item image=\"\"]Do urz\u0105dze\u0144 klimatyzacyjnych typu split i multisplit, pomp ciep\u0142a, lad ch\u0142odniczych oraz innych urz\u0105dze\u0144 ch\u0142odniczych[\/dt_list_item][dt_list_item image=\"\"]\u0141\u0105czniki zosta\u0142y sprawdzone i zatwierdzone przez DVGW, SVGW i inne europejskie instytuty certyfikacyjne.[\/dt_list_item][dt_list_item image=\"\"]W technice ch\u0142odniczej zaleca si\u0119 lutowanie twarde[\/dt_list_item][\/dt_list]<\/p>\n","protected":false},"featured_media":88185,"template":"","meta":[],"product_cat":[6746,4470,189],"product_tag":[6761],"yoast_head":"<!-- This site is optimized with the Yoast SEO plugin v22.1 - https:\/\/yoast.com\/wordpress\/plugins\/seo\/ -->\n<title>CU Mufa redukcyjna LWxLW<\/title>\n<meta name=\"description\" content=\"CU Mufa redukcyjna LWxLW\" \/>\n<meta name=\"robots\" content=\"index, nofollow, max-snippet:-1, max-image-preview:large, max-video-preview:-1, noarchive\" \/>\n<link rel=\"canonical\" href=\"https:\/\/www.fabrykachlodu.pl\/sklep\/produkt\/cu-mufa-redukcyjna-lwxlw-14\/\" \/>\n<script type=\"application\/ld+json\" class=\"yoast-schema-graph\">{\"@context\":\"https:\/\/schema.org\",\"@graph\":[{\"@type\":\"WebPage\",\"@id\":\"https:\/\/www.fabrykachlodu.pl\/sklep\/produkt\/cu-mufa-redukcyjna-lwxlw-14\/\",\"url\":\"https:\/\/www.fabrykachlodu.pl\/sklep\/produkt\/cu-mufa-redukcyjna-lwxlw-14\/\",\"name\":\"CU Mufa redukcyjna LWxLW\",\"isPartOf\":{\"@id\":\"https:\/\/www.fabrykachlodu.pl\/sklep\/#website\"},\"datePublished\":\"2023-04-19T14:07:14+00:00\",\"dateModified\":\"2023-04-26T18:36:00+00:00\",\"description\":\"CU Mufa redukcyjna LWxLW\",\"breadcrumb\":{\"@id\":\"https:\/\/www.fabrykachlodu.pl\/sklep\/produkt\/cu-mufa-redukcyjna-lwxlw-14\/#breadcrumb\"},\"inLanguage\":\"pl-PL\",\"potentialAction\":[{\"@type\":\"ReadAction\",\"target\":[\"https:\/\/www.fabrykachlodu.pl\/sklep\/produkt\/cu-mufa-redukcyjna-lwxlw-14\/\"]}]},{\"@type\":\"BreadcrumbList\",\"@id\":\"https:\/\/www.fabrykachlodu.pl\/sklep\/produkt\/cu-mufa-redukcyjna-lwxlw-14\/#breadcrumb\",\"itemListElement\":[{\"@type\":\"ListItem\",\"position\":1,\"name\":\"Strona g\u0142\u00f3wna\",\"item\":\"https:\/\/www.fabrykachlodu.pl\/sklep\/\"},{\"@type\":\"ListItem\",\"position\":2,\"name\":\"Szukasz klimatzyacji biurowej sklepowej lub do mieszkania?\",\"item\":\"https:\/\/www.fabrykachlodu.pl\/sklep\/\"},{\"@type\":\"ListItem\",\"position\":3,\"name\":\"AKCESORIA-MONTAZOWE\",\"item\":\"https:\/\/www.fabrykachlodu.pl\/sklep\/product-category\/akcesoria-montazowe\/\"},{\"@type\":\"ListItem\",\"position\":4,\"name\":\"KSZTA\u0141TKI MIEDZIANE\",\"item\":\"https:\/\/www.fabrykachlodu.pl\/sklep\/product-category\/akcesoria-montazowe\/ksztaltki-miedziane\/\"},{\"@type\":\"ListItem\",\"position\":5,\"name\":\"CU Mufa redukcyjna LWxLW Rozmiar mm 18&#215;15 KSZTA\u0141TKI MIEDZIANE\"}]},{\"@type\":\"WebSite\",\"@id\":\"https:\/\/www.fabrykachlodu.pl\/sklep\/#website\",\"url\":\"https:\/\/www.fabrykachlodu.pl\/sklep\/\",\"name\":\"\u00b0FC Sklep Internetowy monta\u017c klimatyzacji pomp ciep\u0142a\",\"description\":\"\u00b0FC monta\u017c klimatyzacji pomp ciep\u0142a z nami to szybki i tani wyb\u00f3r.  Us\u0142ugi monta\u017cowe i serwisowe W Warszawie i okolicach..\",\"potentialAction\":[{\"@type\":\"SearchAction\",\"target\":{\"@type\":\"EntryPoint\",\"urlTemplate\":\"https:\/\/www.fabrykachlodu.pl\/sklep\/?s={search_term_string}\"},\"query-input\":\"required name=search_term_string\"}],\"inLanguage\":\"pl-PL\"}]}<\/script>\n<!-- \/ Yoast SEO plugin. -->","yoast_head_json":{"title":"CU Mufa redukcyjna LWxLW","description":"CU Mufa redukcyjna LWxLW","robots":{"index":"index","follow":"nofollow","max-snippet":"max-snippet:-1","max-image-preview":"max-image-preview:large","max-video-preview":"max-video-preview:-1","archive":"noarchive"},"canonical":"https:\/\/www.fabrykachlodu.pl\/sklep\/produkt\/cu-mufa-redukcyjna-lwxlw-14\/","schema":{"@context":"https:\/\/schema.org","@graph":[{"@type":"WebPage","@id":"https:\/\/www.fabrykachlodu.pl\/sklep\/produkt\/cu-mufa-redukcyjna-lwxlw-14\/","url":"https:\/\/www.fabrykachlodu.pl\/sklep\/produkt\/cu-mufa-redukcyjna-lwxlw-14\/","name":"CU Mufa redukcyjna LWxLW","isPartOf":{"@id":"https:\/\/www.fabrykachlodu.pl\/sklep\/#website"},"datePublished":"2023-04-19T14:07:14+00:00","dateModified":"2023-04-26T18:36:00+00:00","description":"CU Mufa redukcyjna LWxLW","breadcrumb":{"@id":"https:\/\/www.fabrykachlodu.pl\/sklep\/produkt\/cu-mufa-redukcyjna-lwxlw-14\/#breadcrumb"},"inLanguage":"pl-PL","potentialAction":[{"@type":"ReadAction","target":["https:\/\/www.fabrykachlodu.pl\/sklep\/produkt\/cu-mufa-redukcyjna-lwxlw-14\/"]}]},{"@type":"BreadcrumbList","@id":"https:\/\/www.fabrykachlodu.pl\/sklep\/produkt\/cu-mufa-redukcyjna-lwxlw-14\/#breadcrumb","itemListElement":[{"@type":"ListItem","position":1,"name":"Strona g\u0142\u00f3wna","item":"https:\/\/www.fabrykachlodu.pl\/sklep\/"},{"@type":"ListItem","position":2,"name":"Szukasz klimatzyacji biurowej sklepowej lub do mieszkania?","item":"https:\/\/www.fabrykachlodu.pl\/sklep\/"},{"@type":"ListItem","position":3,"name":"AKCESORIA-MONTAZOWE","item":"https:\/\/www.fabrykachlodu.pl\/sklep\/product-category\/akcesoria-montazowe\/"},{"@type":"ListItem","position":4,"name":"KSZTA\u0141TKI MIEDZIANE","item":"https:\/\/www.fabrykachlodu.pl\/sklep\/product-category\/akcesoria-montazowe\/ksztaltki-miedziane\/"},{"@type":"ListItem","position":5,"name":"CU Mufa redukcyjna LWxLW Rozmiar mm 18&#215;15 KSZTA\u0141TKI MIEDZIANE"}]},{"@type":"WebSite","@id":"https:\/\/www.fabrykachlodu.pl\/sklep\/#website","url":"https:\/\/www.fabrykachlodu.pl\/sklep\/","name":"\u00b0FC Sklep Internetowy monta\u017c klimatyzacji pomp ciep\u0142a","description":"\u00b0FC monta\u017c klimatyzacji pomp ciep\u0142a z nami to szybki i tani wyb\u00f3r.  Us\u0142ugi monta\u017cowe i serwisowe W Warszawie i okolicach..","potentialAction":[{"@type":"SearchAction","target":{"@type":"EntryPoint","urlTemplate":"https:\/\/www.fabrykachlodu.pl\/sklep\/?s={search_term_string}"},"query-input":"required name=search_term_string"}],"inLanguage":"pl-PL"}]}},"_links":{"self":[{"href":"https:\/\/www.fabrykachlodu.pl\/sklep\/wp-json\/wp\/v2\/product\/88892"}],"collection":[{"href":"https:\/\/www.fabrykachlodu.pl\/sklep\/wp-json\/wp\/v2\/product"}],"about":[{"href":"https:\/\/www.fabrykachlodu.pl\/sklep\/wp-json\/wp\/v2\/types\/product"}],"wp:featuredmedia":[{"embeddable":true,"href":"https:\/\/www.fabrykachlodu.pl\/sklep\/wp-json\/wp\/v2\/media\/88185"}],"wp:attachment":[{"href":"https:\/\/www.fabrykachlodu.pl\/sklep\/wp-json\/wp\/v2\/media?parent=88892"}],"wp:term":[{"taxonomy":"product_cat","embeddable":true,"href":"https:\/\/www.fabrykachlodu.pl\/sklep\/wp-json\/wp\/v2\/product_cat?post=88892"},{"taxonomy":"product_tag","embeddable":true,"href":"https:\/\/www.fabrykachlodu.pl\/sklep\/wp-json\/wp\/v2\/product_tag?post=88892"}],"curies":[{"name":"wp","href":"https:\/\/api.w.org\/{rel}","templated":true}]}}