{"id":91207,"date":"2023-05-16T09:02:28","date_gmt":"2023-05-16T07:02:28","guid":{"rendered":"https:\/\/www.fabrykachlodu.pl\/sklep\/?post_type=product&#038;p=91207"},"modified":"2023-05-16T09:02:38","modified_gmt":"2023-05-16T07:02:38","slug":"kanalowe-inverter-mono-r32-chlodzenie-do-10c-grzanie-do-15c-sterownik-nascienny-w-komplecie-a-kit-z25ud3-kw-085-32","status":"publish","type":"product","link":"https:\/\/www.fabrykachlodu.pl\/sklep\/produkt\/kanalowe-inverter-mono-r32-chlodzenie-do-10c-grzanie-do-15c-sterownik-nascienny-w-komplecie-a-kit-z25ud3-kw-085-32\/","title":{"rendered":"KANA\u0141OWE INVERTER MONO &#8211; R32 \/ Ch\u0142odzenie do -10\u00b0C, Grzanie do -15\u00b0C, sterownik na\u015bcienny w komplecie A+ KIT-Z25UD3; kW 0,85-3,2"},"content":{"rendered":"","protected":false},"excerpt":{"rendered":"<p><span style=\"color: #000000;\"><strong>Najwa\u017cniejsze zalety<\/strong><\/span>[dt_list style=\"1\" bullet_position=\"middle\" dividers=\"true\"][dt_list style=\"1\" bullet_position=\"middle\" dividers=\"true\"][dt_list_item image=\"\"]Tryb Eco dla 20% oszcz\u0119dno\u015bci energii[\/dt_list_item][dt_list_item image=\"\"]Niezwykle kompaktowe jednostki wewn\u0119trzne bez utraty ci\u015bnienia statycznego (tylko 200 mm wysoko\u015bci)[\/dt_list_item][dt_list_item image=\"\"]Timer tygodniowy, 42 ustawienia na tydzie\u0144[\/dt_list_item][dt_list_item image=\"\"]Tryb \u0142atwego sprawdzania do wykrywania awarii[\/dt_list_item][\/dt_list]<\/p>\n","protected":false},"featured_media":89986,"template":"","meta":[],"product_cat":[7381,401,189],"product_tag":[7249,3100,6387],"yoast_head":"<!-- This site is optimized with the Yoast SEO plugin v22.1 - https:\/\/yoast.com\/wordpress\/plugins\/seo\/ -->\n<title>KANA\u0141OWE INVERTER MONO - R32 \/ Ch\u0142odzenie do -10\u00b0C, Grzanie do -15\u00b0C, sterownik na\u015bcienny w komplecie A+ KIT-Z25UD3; kW 0,85-3,2<\/title>\n<meta name=\"description\" content=\"KANA\u0141OWE INVERTER MONO - R32 \/ Ch\u0142odzenie do -10\u00b0C, Grzanie do -15\u00b0C, sterownik na\u015bcienny w komplecie A+ KIT-Z25UD3; kW 0,85-3,2\" \/>\n<meta name=\"robots\" content=\"index, follow, max-snippet:-1, max-image-preview:large, max-video-preview:-1\" \/>\n<link rel=\"canonical\" href=\"https:\/\/www.fabrykachlodu.pl\/sklep\/produkt\/kanalowe-inverter-mono-r32-chlodzenie-do-10c-grzanie-do-15c-sterownik-nascienny-w-komplecie-a-kit-z25ud3-kw-085-32\/\" \/>\n<script type=\"application\/ld+json\" class=\"yoast-schema-graph\">{\"@context\":\"https:\/\/schema.org\",\"@graph\":[{\"@type\":\"WebPage\",\"@id\":\"https:\/\/www.fabrykachlodu.pl\/sklep\/produkt\/kanalowe-inverter-mono-r32-chlodzenie-do-10c-grzanie-do-15c-sterownik-nascienny-w-komplecie-a-kit-z25ud3-kw-085-32\/\",\"url\":\"https:\/\/www.fabrykachlodu.pl\/sklep\/produkt\/kanalowe-inverter-mono-r32-chlodzenie-do-10c-grzanie-do-15c-sterownik-nascienny-w-komplecie-a-kit-z25ud3-kw-085-32\/\",\"name\":\"KANA\u0141OWE INVERTER MONO - R32 \/ Ch\u0142odzenie do -10\u00b0C, Grzanie do -15\u00b0C, sterownik na\u015bcienny w komplecie A+ KIT-Z25UD3; kW 0,85-3,2\",\"isPartOf\":{\"@id\":\"https:\/\/www.fabrykachlodu.pl\/sklep\/#website\"},\"datePublished\":\"2023-05-16T07:02:28+00:00\",\"dateModified\":\"2023-05-16T07:02:38+00:00\",\"description\":\"KANA\u0141OWE INVERTER MONO - R32 \/ Ch\u0142odzenie do -10\u00b0C, Grzanie do -15\u00b0C, sterownik na\u015bcienny w komplecie A+ KIT-Z25UD3; kW 0,85-3,2\",\"breadcrumb\":{\"@id\":\"https:\/\/www.fabrykachlodu.pl\/sklep\/produkt\/kanalowe-inverter-mono-r32-chlodzenie-do-10c-grzanie-do-15c-sterownik-nascienny-w-komplecie-a-kit-z25ud3-kw-085-32\/#breadcrumb\"},\"inLanguage\":\"pl-PL\",\"potentialAction\":[{\"@type\":\"ReadAction\",\"target\":[\"https:\/\/www.fabrykachlodu.pl\/sklep\/produkt\/kanalowe-inverter-mono-r32-chlodzenie-do-10c-grzanie-do-15c-sterownik-nascienny-w-komplecie-a-kit-z25ud3-kw-085-32\/\"]}]},{\"@type\":\"BreadcrumbList\",\"@id\":\"https:\/\/www.fabrykachlodu.pl\/sklep\/produkt\/kanalowe-inverter-mono-r32-chlodzenie-do-10c-grzanie-do-15c-sterownik-nascienny-w-komplecie-a-kit-z25ud3-kw-085-32\/#breadcrumb\",\"itemListElement\":[{\"@type\":\"ListItem\",\"position\":1,\"name\":\"Strona g\u0142\u00f3wna\",\"item\":\"https:\/\/www.fabrykachlodu.pl\/sklep\/\"},{\"@type\":\"ListItem\",\"position\":2,\"name\":\"Szukasz klimatzyacji biurowej sklepowej lub do mieszkania?\",\"item\":\"https:\/\/www.fabrykachlodu.pl\/sklep\/\"},{\"@type\":\"ListItem\",\"position\":3,\"name\":\"KANA\u0141OWE INVERTER MONO &#8211; R32 \/ Ch\u0142odzenie do -10\u00b0C, Grzanie do -15\u00b0C, sterownik na\u015bcienny w komplecie A+ KIT-Z25UD3; kW 0,85-3,2\"}]},{\"@type\":\"WebSite\",\"@id\":\"https:\/\/www.fabrykachlodu.pl\/sklep\/#website\",\"url\":\"https:\/\/www.fabrykachlodu.pl\/sklep\/\",\"name\":\"\u00b0FC Sklep Internetowy monta\u017c klimatyzacji pomp ciep\u0142a\",\"description\":\"\u00b0FC monta\u017c klimatyzacji pomp ciep\u0142a z nami to szybki i tani wyb\u00f3r.  Us\u0142ugi monta\u017cowe i serwisowe W Warszawie i okolicach..\",\"potentialAction\":[{\"@type\":\"SearchAction\",\"target\":{\"@type\":\"EntryPoint\",\"urlTemplate\":\"https:\/\/www.fabrykachlodu.pl\/sklep\/?s={search_term_string}\"},\"query-input\":\"required name=search_term_string\"}],\"inLanguage\":\"pl-PL\"}]}<\/script>\n<!-- \/ Yoast SEO plugin. -->","yoast_head_json":{"title":"KANA\u0141OWE INVERTER MONO - R32 \/ Ch\u0142odzenie do -10\u00b0C, Grzanie do -15\u00b0C, sterownik na\u015bcienny w komplecie A+ KIT-Z25UD3; kW 0,85-3,2","description":"KANA\u0141OWE INVERTER MONO - R32 \/ Ch\u0142odzenie do -10\u00b0C, Grzanie do -15\u00b0C, sterownik na\u015bcienny w komplecie A+ KIT-Z25UD3; kW 0,85-3,2","robots":{"index":"index","follow":"follow","max-snippet":"max-snippet:-1","max-image-preview":"max-image-preview:large","max-video-preview":"max-video-preview:-1"},"canonical":"https:\/\/www.fabrykachlodu.pl\/sklep\/produkt\/kanalowe-inverter-mono-r32-chlodzenie-do-10c-grzanie-do-15c-sterownik-nascienny-w-komplecie-a-kit-z25ud3-kw-085-32\/","schema":{"@context":"https:\/\/schema.org","@graph":[{"@type":"WebPage","@id":"https:\/\/www.fabrykachlodu.pl\/sklep\/produkt\/kanalowe-inverter-mono-r32-chlodzenie-do-10c-grzanie-do-15c-sterownik-nascienny-w-komplecie-a-kit-z25ud3-kw-085-32\/","url":"https:\/\/www.fabrykachlodu.pl\/sklep\/produkt\/kanalowe-inverter-mono-r32-chlodzenie-do-10c-grzanie-do-15c-sterownik-nascienny-w-komplecie-a-kit-z25ud3-kw-085-32\/","name":"KANA\u0141OWE INVERTER MONO - R32 \/ Ch\u0142odzenie do -10\u00b0C, Grzanie do -15\u00b0C, sterownik na\u015bcienny w komplecie A+ KIT-Z25UD3; kW 0,85-3,2","isPartOf":{"@id":"https:\/\/www.fabrykachlodu.pl\/sklep\/#website"},"datePublished":"2023-05-16T07:02:28+00:00","dateModified":"2023-05-16T07:02:38+00:00","description":"KANA\u0141OWE INVERTER MONO - R32 \/ Ch\u0142odzenie do -10\u00b0C, Grzanie do -15\u00b0C, sterownik na\u015bcienny w komplecie A+ KIT-Z25UD3; kW 0,85-3,2","breadcrumb":{"@id":"https:\/\/www.fabrykachlodu.pl\/sklep\/produkt\/kanalowe-inverter-mono-r32-chlodzenie-do-10c-grzanie-do-15c-sterownik-nascienny-w-komplecie-a-kit-z25ud3-kw-085-32\/#breadcrumb"},"inLanguage":"pl-PL","potentialAction":[{"@type":"ReadAction","target":["https:\/\/www.fabrykachlodu.pl\/sklep\/produkt\/kanalowe-inverter-mono-r32-chlodzenie-do-10c-grzanie-do-15c-sterownik-nascienny-w-komplecie-a-kit-z25ud3-kw-085-32\/"]}]},{"@type":"BreadcrumbList","@id":"https:\/\/www.fabrykachlodu.pl\/sklep\/produkt\/kanalowe-inverter-mono-r32-chlodzenie-do-10c-grzanie-do-15c-sterownik-nascienny-w-komplecie-a-kit-z25ud3-kw-085-32\/#breadcrumb","itemListElement":[{"@type":"ListItem","position":1,"name":"Strona g\u0142\u00f3wna","item":"https:\/\/www.fabrykachlodu.pl\/sklep\/"},{"@type":"ListItem","position":2,"name":"Szukasz klimatzyacji biurowej sklepowej lub do mieszkania?","item":"https:\/\/www.fabrykachlodu.pl\/sklep\/"},{"@type":"ListItem","position":3,"name":"KANA\u0141OWE INVERTER MONO &#8211; R32 \/ Ch\u0142odzenie do -10\u00b0C, Grzanie do -15\u00b0C, sterownik na\u015bcienny w komplecie A+ KIT-Z25UD3; kW 0,85-3,2"}]},{"@type":"WebSite","@id":"https:\/\/www.fabrykachlodu.pl\/sklep\/#website","url":"https:\/\/www.fabrykachlodu.pl\/sklep\/","name":"\u00b0FC Sklep Internetowy monta\u017c klimatyzacji pomp ciep\u0142a","description":"\u00b0FC monta\u017c klimatyzacji pomp ciep\u0142a z nami to szybki i tani wyb\u00f3r.  Us\u0142ugi monta\u017cowe i serwisowe W Warszawie i okolicach..","potentialAction":[{"@type":"SearchAction","target":{"@type":"EntryPoint","urlTemplate":"https:\/\/www.fabrykachlodu.pl\/sklep\/?s={search_term_string}"},"query-input":"required name=search_term_string"}],"inLanguage":"pl-PL"}]}},"_links":{"self":[{"href":"https:\/\/www.fabrykachlodu.pl\/sklep\/wp-json\/wp\/v2\/product\/91207"}],"collection":[{"href":"https:\/\/www.fabrykachlodu.pl\/sklep\/wp-json\/wp\/v2\/product"}],"about":[{"href":"https:\/\/www.fabrykachlodu.pl\/sklep\/wp-json\/wp\/v2\/types\/product"}],"wp:featuredmedia":[{"embeddable":true,"href":"https:\/\/www.fabrykachlodu.pl\/sklep\/wp-json\/wp\/v2\/media\/89986"}],"wp:attachment":[{"href":"https:\/\/www.fabrykachlodu.pl\/sklep\/wp-json\/wp\/v2\/media?parent=91207"}],"wp:term":[{"taxonomy":"product_cat","embeddable":true,"href":"https:\/\/www.fabrykachlodu.pl\/sklep\/wp-json\/wp\/v2\/product_cat?post=91207"},{"taxonomy":"product_tag","embeddable":true,"href":"https:\/\/www.fabrykachlodu.pl\/sklep\/wp-json\/wp\/v2\/product_tag?post=91207"}],"curies":[{"name":"wp","href":"https:\/\/api.w.org\/{rel}","templated":true}]}}