{"id":91214,"date":"2023-05-16T09:02:30","date_gmt":"2023-05-16T07:02:30","guid":{"rendered":"https:\/\/www.fabrykachlodu.pl\/sklep\/?post_type=product&#038;p=91214"},"modified":"2023-05-16T09:02:42","modified_gmt":"2023-05-16T07:02:42","slug":"agregaty-free-multi-r32-chlodzenie-do-10c-grzanie-do-15c-a-cu-4z80tbe-kw-3-92","status":"publish","type":"product","link":"https:\/\/www.fabrykachlodu.pl\/sklep\/produkt\/agregaty-free-multi-r32-chlodzenie-do-10c-grzanie-do-15c-a-cu-4z80tbe-kw-3-92\/","title":{"rendered":"AGREGATY FREE MULTI &#8211; R32 \/ Ch\u0142odzenie do -10\u00b0C, Grzanie do -15\u00b0C A++ CU-4Z80TBE; kW 3-9,2"},"content":{"rendered":"<br \/>\n<h2>Zam\u00f3wienie dotyczy: AGREGATY FREE MULTI &#8211; R32 \/ Ch\u0142odzenie do -10\u00b0C, Grzanie do -15\u00b0C A++ CU-4Z80TBE; kW 3-9,2Wydajno\u015b\u0107 ch\u0142odnicza (kW) 3-9,2 Wydajno\u015b\u0107 grzewcza (kW) 4,2-10,6 Klasa efektywno\u015bci energetycznej SEER SCOP A++ <\/h2>\n<p><h3><strong>W jednym miejscu poznasz:<\/strong><\/h3>\n<p> Najwa\u017cniejsze funkcje<br \/> Por\u00f3wnasz produkty<br \/> Poznasz parametry techniczne<br \/> Poznasz cen\u0119 i zrealizujesz zam\u00f3wienie<br \/> Otrzymasz ofert\u0119 zakupu ratalnego lub leasingu<br \/><strong><\/p>\n<h3>Czy wiesz, \u017ce:<\/strong><\/h3>\n<p>Wysoka sprawno\u015b\u0107 dla ch\u0142odzenie i grzania<strong><\/p>\n<h3>Zlecaj\u0105c nam monta\u017c otrzymasz:<\/strong><\/h3>\n<p> AGREGATY FREE MULTI &#8211; R32 \/ Ch\u0142odzenie do -10\u00b0C, Grzanie do -15\u00b0C A++ CU-4Z80TBE; kW 3-9,2 z rabatem kupuj\u0105c w naszym sklepie online lub wybieraj\u0105c monta\u017c <br \/> Gwarancje <br \/> Kompletne pod\u0142\u0105czenie elektryczne oraz hydrauliczne<br \/>AGREGATY FREE MULTI &#8211; R32 \/ Ch\u0142odzenie do -10\u00b0C, Grzanie do -15\u00b0C A++ CU-4Z80TBE; kW 3-9,2 z rabatem kupuj\u0105c w naszym sklepie online lub wybieraj\u0105c monta\u017c <br \/> Gwarancje <br \/> Kompletne pod\u0142\u0105czenie elektryczne oraz hydrauliczne<br \/>Jednostki zewn\u0119trzne Free Multi Z<\/p>\n<p>Jednostki zewn\u0119trzne\u00a0Panasonic Free Multi serii Z to linia modeli multisplit, do kt\u00f3rych mo\u017cna pod\u0142\u0105czy\u0107 od 2 do 5 jednostek wewn\u0119trznych. W jednostkach zastosowano czynnik ch\u0142odniczy R32. Zakres wydajno\u015bci nominalnej, od 3,5 do 9 kW. Linia ta charakteryzuje si\u0119:<\/p>\n<p>Mo\u017cliwo\u015b\u0107 pod\u0142\u0105czenia jednostek wewn\u0119trznych, \u015bciennych Etherea, TZ, konsoli przypod\u0142ogowych, kaset 60 x 60, kana\u0142owych.<br \/>\nKlasa energetyczna A+++<br \/>\nZakresy pracy (temp. zewn\u0119trzna): ch\u0142odzenie -10o do 45o C, grzanie -15o do 24o C<\/p>\n<p>Uk\u0142ady typu multi-split<\/p>\n<p>Praca w dzie\u0144 i w nocy<br \/>\nRozwi\u0105zanie idealne do 2 stref pracy &#8211; w dzie\u0144 i w nocy. Mo\u017cliwo\u015b\u0107 pracy r\u00f3wnoczesnej.<br \/>\nPraca r\u00f3wnoczesna<br \/>\nGdy jednostki wewn\u0119trzne wi\u0119kszo\u015b\u0107 czasu pracuj\u0105 r\u00f3wnocze\u015bnie.<br \/>\nNa ka\u017cde pomieszczenie lub stref\u0119 przypada osobna jedna jednostka wewn\u0119trzna.<br \/>\nOznacza to ogromn\u0105 popraw\u0119 komfortu. Na dachu zainstalowana jest tylko jedna jednostka zewn\u0119trzna.<\/p>\n<p>MODELE<\/p>\n<p>Jednostki zewn\u0119trzne<\/p>\n<p>CU-2Z35TBE &#8211; 3,2 \u00f7 6,0 kW<br \/>\nCU-2Z41TBE &#8211; 3,2 \u00f7 6,0 kW<br \/>\nCU-2Z50TBE &#8211; 3,2 \u00f7 7,7 kW<br \/>\nCU-3Z52TBE &#8211; 4,5 \u00f7 9,5 kW<br \/>\nCU-3Z68TBE &#8211; 4,5 \u00f7 11,2 kW<br \/>\nCU-4Z68TBE &#8211; 4,5 \u00f7 11,5 kW<br \/>\nCU-4Z80TBE &#8211; 4,5 \u00f7 14,7 kW<br \/>\nCU-5Z90TBE &#8211; 4,5 \u00f7 18,3 kWMODELE<\/p>\n","protected":false},"excerpt":{"rendered":"<p><span style=\"color: #000000;\"><strong>Najwa\u017cniejsze zalety<\/strong><\/span>[dt_list style=\"1\" bullet_position=\"middle\" dividers=\"true\"][dt_list style=\"1\" bullet_position=\"middle\" dividers=\"true\"][dt_list_item image=\"\"]Mo\u017cliwo\u015b\u0107 pod\u0142\u0105czenia jednostek wewn\u0119trznych, \u015bciennych etherea, tz, konsoli przypod\u0142ogowych, kaset 60 x 60, kana\u0142owych.[\/dt_list_item][dt_list_item image=\"\"]Klasa energetyczna a+++[\/dt_list_item][dt_list_item image=\"\"]Zakresy pracy (temp. zewn\u0119trzna): ch\u0142odzenie -10o do 45o c, grzanie -15o do 24o c[\/dt_list_item][dt_list_item image=\"\"]Cz\u0119\u015bci zamienne, akcesoria[\/dt_list_item][\/dt_list]<\/p>\n","protected":false},"featured_media":89937,"template":"","meta":[],"product_cat":[7382,401,189],"product_tag":[3100,6387,7173],"yoast_head":"<!-- This site is optimized with the Yoast SEO plugin v22.1 - https:\/\/yoast.com\/wordpress\/plugins\/seo\/ -->\n<title>AGREGATY FREE MULTI - R32 \/ Ch\u0142odzenie do -10\u00b0C, Grzanie do -15\u00b0C A++ CU-4Z80TBE; kW 3-9,2<\/title>\n<meta name=\"description\" content=\"AGREGATY FREE MULTI - R32 \/ Ch\u0142odzenie do -10\u00b0C, Grzanie do -15\u00b0C A++ CU-4Z80TBE; kW 3-9,2\" \/>\n<meta name=\"robots\" content=\"index, nofollow, max-snippet:-1, max-image-preview:large, max-video-preview:-1, noarchive\" \/>\n<link rel=\"canonical\" href=\"https:\/\/www.fabrykachlodu.pl\/sklep\/produkt\/agregaty-free-multi-r32-chlodzenie-do-10c-grzanie-do-15c-a-cu-4z80tbe-kw-3-92\/\" \/>\n<meta name=\"twitter:label1\" content=\"Szacowany czas czytania\" \/>\n\t<meta name=\"twitter:data1\" content=\"2 minuty\" \/>\n<script type=\"application\/ld+json\" class=\"yoast-schema-graph\">{\"@context\":\"https:\/\/schema.org\",\"@graph\":[{\"@type\":\"WebPage\",\"@id\":\"https:\/\/www.fabrykachlodu.pl\/sklep\/produkt\/agregaty-free-multi-r32-chlodzenie-do-10c-grzanie-do-15c-a-cu-4z80tbe-kw-3-92\/\",\"url\":\"https:\/\/www.fabrykachlodu.pl\/sklep\/produkt\/agregaty-free-multi-r32-chlodzenie-do-10c-grzanie-do-15c-a-cu-4z80tbe-kw-3-92\/\",\"name\":\"AGREGATY FREE MULTI - R32 \/ Ch\u0142odzenie do -10\u00b0C, Grzanie do -15\u00b0C A++ CU-4Z80TBE; kW 3-9,2\",\"isPartOf\":{\"@id\":\"https:\/\/www.fabrykachlodu.pl\/sklep\/#website\"},\"datePublished\":\"2023-05-16T07:02:30+00:00\",\"dateModified\":\"2023-05-16T07:02:42+00:00\",\"description\":\"AGREGATY FREE MULTI - R32 \/ Ch\u0142odzenie do -10\u00b0C, Grzanie do -15\u00b0C A++ CU-4Z80TBE; kW 3-9,2\",\"breadcrumb\":{\"@id\":\"https:\/\/www.fabrykachlodu.pl\/sklep\/produkt\/agregaty-free-multi-r32-chlodzenie-do-10c-grzanie-do-15c-a-cu-4z80tbe-kw-3-92\/#breadcrumb\"},\"inLanguage\":\"pl-PL\",\"potentialAction\":[{\"@type\":\"ReadAction\",\"target\":[\"https:\/\/www.fabrykachlodu.pl\/sklep\/produkt\/agregaty-free-multi-r32-chlodzenie-do-10c-grzanie-do-15c-a-cu-4z80tbe-kw-3-92\/\"]}]},{\"@type\":\"BreadcrumbList\",\"@id\":\"https:\/\/www.fabrykachlodu.pl\/sklep\/produkt\/agregaty-free-multi-r32-chlodzenie-do-10c-grzanie-do-15c-a-cu-4z80tbe-kw-3-92\/#breadcrumb\",\"itemListElement\":[{\"@type\":\"ListItem\",\"position\":1,\"name\":\"Strona g\u0142\u00f3wna\",\"item\":\"https:\/\/www.fabrykachlodu.pl\/sklep\/\"},{\"@type\":\"ListItem\",\"position\":2,\"name\":\"Szukasz klimatzyacji biurowej sklepowej lub do mieszkania?\",\"item\":\"https:\/\/www.fabrykachlodu.pl\/sklep\/\"},{\"@type\":\"ListItem\",\"position\":3,\"name\":\"AGREGATY FREE MULTI &#8211; R32 \/ Ch\u0142odzenie do -10\u00b0C, Grzanie do -15\u00b0C A++ CU-4Z80TBE; kW 3-9,2\"}]},{\"@type\":\"WebSite\",\"@id\":\"https:\/\/www.fabrykachlodu.pl\/sklep\/#website\",\"url\":\"https:\/\/www.fabrykachlodu.pl\/sklep\/\",\"name\":\"\u00b0FC Sklep Internetowy monta\u017c klimatyzacji pomp ciep\u0142a\",\"description\":\"\u00b0FC monta\u017c klimatyzacji pomp ciep\u0142a z nami to szybki i tani wyb\u00f3r.  Us\u0142ugi monta\u017cowe i serwisowe W Warszawie i okolicach..\",\"potentialAction\":[{\"@type\":\"SearchAction\",\"target\":{\"@type\":\"EntryPoint\",\"urlTemplate\":\"https:\/\/www.fabrykachlodu.pl\/sklep\/?s={search_term_string}\"},\"query-input\":\"required name=search_term_string\"}],\"inLanguage\":\"pl-PL\"}]}<\/script>\n<!-- \/ Yoast SEO plugin. -->","yoast_head_json":{"title":"AGREGATY FREE MULTI - R32 \/ Ch\u0142odzenie do -10\u00b0C, Grzanie do -15\u00b0C A++ CU-4Z80TBE; kW 3-9,2","description":"AGREGATY FREE MULTI - R32 \/ Ch\u0142odzenie do -10\u00b0C, Grzanie do -15\u00b0C A++ CU-4Z80TBE; kW 3-9,2","robots":{"index":"index","follow":"nofollow","max-snippet":"max-snippet:-1","max-image-preview":"max-image-preview:large","max-video-preview":"max-video-preview:-1","archive":"noarchive"},"canonical":"https:\/\/www.fabrykachlodu.pl\/sklep\/produkt\/agregaty-free-multi-r32-chlodzenie-do-10c-grzanie-do-15c-a-cu-4z80tbe-kw-3-92\/","twitter_misc":{"Szacowany czas czytania":"2 minuty"},"schema":{"@context":"https:\/\/schema.org","@graph":[{"@type":"WebPage","@id":"https:\/\/www.fabrykachlodu.pl\/sklep\/produkt\/agregaty-free-multi-r32-chlodzenie-do-10c-grzanie-do-15c-a-cu-4z80tbe-kw-3-92\/","url":"https:\/\/www.fabrykachlodu.pl\/sklep\/produkt\/agregaty-free-multi-r32-chlodzenie-do-10c-grzanie-do-15c-a-cu-4z80tbe-kw-3-92\/","name":"AGREGATY FREE MULTI - R32 \/ Ch\u0142odzenie do -10\u00b0C, Grzanie do -15\u00b0C A++ CU-4Z80TBE; kW 3-9,2","isPartOf":{"@id":"https:\/\/www.fabrykachlodu.pl\/sklep\/#website"},"datePublished":"2023-05-16T07:02:30+00:00","dateModified":"2023-05-16T07:02:42+00:00","description":"AGREGATY FREE MULTI - R32 \/ Ch\u0142odzenie do -10\u00b0C, Grzanie do -15\u00b0C A++ CU-4Z80TBE; kW 3-9,2","breadcrumb":{"@id":"https:\/\/www.fabrykachlodu.pl\/sklep\/produkt\/agregaty-free-multi-r32-chlodzenie-do-10c-grzanie-do-15c-a-cu-4z80tbe-kw-3-92\/#breadcrumb"},"inLanguage":"pl-PL","potentialAction":[{"@type":"ReadAction","target":["https:\/\/www.fabrykachlodu.pl\/sklep\/produkt\/agregaty-free-multi-r32-chlodzenie-do-10c-grzanie-do-15c-a-cu-4z80tbe-kw-3-92\/"]}]},{"@type":"BreadcrumbList","@id":"https:\/\/www.fabrykachlodu.pl\/sklep\/produkt\/agregaty-free-multi-r32-chlodzenie-do-10c-grzanie-do-15c-a-cu-4z80tbe-kw-3-92\/#breadcrumb","itemListElement":[{"@type":"ListItem","position":1,"name":"Strona g\u0142\u00f3wna","item":"https:\/\/www.fabrykachlodu.pl\/sklep\/"},{"@type":"ListItem","position":2,"name":"Szukasz klimatzyacji biurowej sklepowej lub do mieszkania?","item":"https:\/\/www.fabrykachlodu.pl\/sklep\/"},{"@type":"ListItem","position":3,"name":"AGREGATY FREE MULTI &#8211; R32 \/ Ch\u0142odzenie do -10\u00b0C, Grzanie do -15\u00b0C A++ CU-4Z80TBE; kW 3-9,2"}]},{"@type":"WebSite","@id":"https:\/\/www.fabrykachlodu.pl\/sklep\/#website","url":"https:\/\/www.fabrykachlodu.pl\/sklep\/","name":"\u00b0FC Sklep Internetowy monta\u017c klimatyzacji pomp ciep\u0142a","description":"\u00b0FC monta\u017c klimatyzacji pomp ciep\u0142a z nami to szybki i tani wyb\u00f3r.  Us\u0142ugi monta\u017cowe i serwisowe W Warszawie i okolicach..","potentialAction":[{"@type":"SearchAction","target":{"@type":"EntryPoint","urlTemplate":"https:\/\/www.fabrykachlodu.pl\/sklep\/?s={search_term_string}"},"query-input":"required name=search_term_string"}],"inLanguage":"pl-PL"}]}},"_links":{"self":[{"href":"https:\/\/www.fabrykachlodu.pl\/sklep\/wp-json\/wp\/v2\/product\/91214"}],"collection":[{"href":"https:\/\/www.fabrykachlodu.pl\/sklep\/wp-json\/wp\/v2\/product"}],"about":[{"href":"https:\/\/www.fabrykachlodu.pl\/sklep\/wp-json\/wp\/v2\/types\/product"}],"wp:featuredmedia":[{"embeddable":true,"href":"https:\/\/www.fabrykachlodu.pl\/sklep\/wp-json\/wp\/v2\/media\/89937"}],"wp:attachment":[{"href":"https:\/\/www.fabrykachlodu.pl\/sklep\/wp-json\/wp\/v2\/media?parent=91214"}],"wp:term":[{"taxonomy":"product_cat","embeddable":true,"href":"https:\/\/www.fabrykachlodu.pl\/sklep\/wp-json\/wp\/v2\/product_cat?post=91214"},{"taxonomy":"product_tag","embeddable":true,"href":"https:\/\/www.fabrykachlodu.pl\/sklep\/wp-json\/wp\/v2\/product_tag?post=91214"}],"curies":[{"name":"wp","href":"https:\/\/api.w.org\/{rel}","templated":true}]}}