{"id":91292,"date":"2023-05-16T09:03:14","date_gmt":"2023-05-16T07:03:14","guid":{"rendered":"https:\/\/www.fabrykachlodu.pl\/sklep\/?post_type=product&#038;p=91292"},"modified":"2023-05-16T09:03:26","modified_gmt":"2023-05-16T07:03:26","slug":"przewody-cn-cnt-do-sterowania-2-jednostkami-praca-rotacyjna-rezerwowa-cz-rcc5","status":"publish","type":"product","link":"https:\/\/www.fabrykachlodu.pl\/sklep\/produkt\/przewody-cn-cnt-do-sterowania-2-jednostkami-praca-rotacyjna-rezerwowa-cz-rcc5\/","title":{"rendered":"Przewody CN-CNT do sterowania 2 jednostkami (praca rotacyjna, rezerwowa) CZ-RCC5"},"content":{"rendered":"<br \/>\n<h2>Zam\u00f3wienie dotyczy: Przewody CN-CNT do sterowania 2 jednostkami (praca rotacyjna, rezerwowa) CZ-RCC5 Opis Przewody CN-CNT do sterowania 2 jednostkami (praca rotacyjna, rezerwowa) Cena katologowa komplet PLN 440   <\/h2>\n<p><h3><strong>W jednym miejscu poznasz:<\/strong><\/h3>\n<p> Najwa\u017cniejsze funkcje<br \/> Por\u00f3wnasz produkty<br \/> Poznasz parametry techniczne<br \/> Poznasz cen\u0119 i zrealizujesz zam\u00f3wienie<br \/> Otrzymasz ofert\u0119 zakupu ratalnego lub leasingu<br \/><strong><\/p>\n<h3>Czy wiesz, \u017ce:<\/strong><\/h3>\n<p>0<strong><\/p>\n<h3>Zlecaj\u0105c nam monta\u017c otrzymasz:<\/strong><\/h3>\n<p> Przewody CN-CNT do sterowania 2 jednostkami (praca rotacyjna, rezerwowa) CZ-RCC5  z rabatem kupuj\u0105c w naszym sklepie online lub wybieraj\u0105c monta\u017c <br \/> Gwarancje <br \/> Kompletne pod\u0142\u0105czenie elektryczne oraz hydrauliczne<br \/>Przewody CN-CNT do sterowania 2 jednostkami (praca rotacyjna, rezerwowa) CZ-RCC5  z rabatem kupuj\u0105c w naszym sklepie online lub wybieraj\u0105c monta\u017c <br \/> Gwarancje <br \/> Kompletne pod\u0142\u0105czenie elektryczne oraz hydrauliczne<br \/>0<\/p>\n","protected":false},"excerpt":{"rendered":"<p><span style=\"color: #000000;\"><strong>Najwa\u017cniejsze zalety<\/strong><\/span>[dt_list style=\"1\" bullet_position=\"middle\" dividers=\"true\"][dt_list style=\"1\" bullet_position=\"middle\" dividers=\"true\"][dt_list_item image=\"\"]Szybka dostawa[\/dt_list_item][dt_list_item image=\"\"]Zwroty[\/dt_list_item][dt_list_item image=\"\"]Zakup na raty[\/dt_list_item][dt_list_item image=\"\"]Profesjonlane wsparcie[\/dt_list_item][\/dt_list]<\/p>\n","protected":false},"featured_media":89918,"template":"","meta":[],"product_cat":[7384,401,189],"product_tag":[7249,6387],"yoast_head":"<!-- This site is optimized with the Yoast SEO plugin v22.1 - https:\/\/yoast.com\/wordpress\/plugins\/seo\/ -->\n<title>Przewody CN-CNT do sterowania 2 jednostkami (praca rotacyjna, rezerwowa) CZ-RCC5<\/title>\n<meta name=\"description\" content=\"Przewody CN-CNT do sterowania 2 jednostkami (praca rotacyjna, rezerwowa) CZ-RCC5\" \/>\n<meta name=\"robots\" content=\"index, follow, max-snippet:-1, max-image-preview:large, max-video-preview:-1\" \/>\n<link rel=\"canonical\" href=\"https:\/\/www.fabrykachlodu.pl\/sklep\/produkt\/przewody-cn-cnt-do-sterowania-2-jednostkami-praca-rotacyjna-rezerwowa-cz-rcc5\/\" \/>\n<meta name=\"twitter:label1\" content=\"Szacowany czas czytania\" \/>\n\t<meta name=\"twitter:data1\" content=\"1 minuta\" \/>\n<script type=\"application\/ld+json\" class=\"yoast-schema-graph\">{\"@context\":\"https:\/\/schema.org\",\"@graph\":[{\"@type\":\"WebPage\",\"@id\":\"https:\/\/www.fabrykachlodu.pl\/sklep\/produkt\/przewody-cn-cnt-do-sterowania-2-jednostkami-praca-rotacyjna-rezerwowa-cz-rcc5\/\",\"url\":\"https:\/\/www.fabrykachlodu.pl\/sklep\/produkt\/przewody-cn-cnt-do-sterowania-2-jednostkami-praca-rotacyjna-rezerwowa-cz-rcc5\/\",\"name\":\"Przewody CN-CNT do sterowania 2 jednostkami (praca rotacyjna, rezerwowa) CZ-RCC5\",\"isPartOf\":{\"@id\":\"https:\/\/www.fabrykachlodu.pl\/sklep\/#website\"},\"datePublished\":\"2023-05-16T07:03:14+00:00\",\"dateModified\":\"2023-05-16T07:03:26+00:00\",\"description\":\"Przewody CN-CNT do sterowania 2 jednostkami (praca rotacyjna, rezerwowa) CZ-RCC5\",\"breadcrumb\":{\"@id\":\"https:\/\/www.fabrykachlodu.pl\/sklep\/produkt\/przewody-cn-cnt-do-sterowania-2-jednostkami-praca-rotacyjna-rezerwowa-cz-rcc5\/#breadcrumb\"},\"inLanguage\":\"pl-PL\",\"potentialAction\":[{\"@type\":\"ReadAction\",\"target\":[\"https:\/\/www.fabrykachlodu.pl\/sklep\/produkt\/przewody-cn-cnt-do-sterowania-2-jednostkami-praca-rotacyjna-rezerwowa-cz-rcc5\/\"]}]},{\"@type\":\"BreadcrumbList\",\"@id\":\"https:\/\/www.fabrykachlodu.pl\/sklep\/produkt\/przewody-cn-cnt-do-sterowania-2-jednostkami-praca-rotacyjna-rezerwowa-cz-rcc5\/#breadcrumb\",\"itemListElement\":[{\"@type\":\"ListItem\",\"position\":1,\"name\":\"Strona g\u0142\u00f3wna\",\"item\":\"https:\/\/www.fabrykachlodu.pl\/sklep\/\"},{\"@type\":\"ListItem\",\"position\":2,\"name\":\"Szukasz klimatzyacji biurowej sklepowej lub do mieszkania?\",\"item\":\"https:\/\/www.fabrykachlodu.pl\/sklep\/\"},{\"@type\":\"ListItem\",\"position\":3,\"name\":\"Przewody CN-CNT do sterowania 2 jednostkami (praca rotacyjna, rezerwowa) CZ-RCC5\"}]},{\"@type\":\"WebSite\",\"@id\":\"https:\/\/www.fabrykachlodu.pl\/sklep\/#website\",\"url\":\"https:\/\/www.fabrykachlodu.pl\/sklep\/\",\"name\":\"\u00b0FC Sklep Internetowy monta\u017c klimatyzacji pomp ciep\u0142a\",\"description\":\"\u00b0FC monta\u017c klimatyzacji pomp ciep\u0142a z nami to szybki i tani wyb\u00f3r.  Us\u0142ugi monta\u017cowe i serwisowe W Warszawie i okolicach..\",\"potentialAction\":[{\"@type\":\"SearchAction\",\"target\":{\"@type\":\"EntryPoint\",\"urlTemplate\":\"https:\/\/www.fabrykachlodu.pl\/sklep\/?s={search_term_string}\"},\"query-input\":\"required name=search_term_string\"}],\"inLanguage\":\"pl-PL\"}]}<\/script>\n<!-- \/ Yoast SEO plugin. -->","yoast_head_json":{"title":"Przewody CN-CNT do sterowania 2 jednostkami (praca rotacyjna, rezerwowa) CZ-RCC5","description":"Przewody CN-CNT do sterowania 2 jednostkami (praca rotacyjna, rezerwowa) CZ-RCC5","robots":{"index":"index","follow":"follow","max-snippet":"max-snippet:-1","max-image-preview":"max-image-preview:large","max-video-preview":"max-video-preview:-1"},"canonical":"https:\/\/www.fabrykachlodu.pl\/sklep\/produkt\/przewody-cn-cnt-do-sterowania-2-jednostkami-praca-rotacyjna-rezerwowa-cz-rcc5\/","twitter_misc":{"Szacowany czas czytania":"1 minuta"},"schema":{"@context":"https:\/\/schema.org","@graph":[{"@type":"WebPage","@id":"https:\/\/www.fabrykachlodu.pl\/sklep\/produkt\/przewody-cn-cnt-do-sterowania-2-jednostkami-praca-rotacyjna-rezerwowa-cz-rcc5\/","url":"https:\/\/www.fabrykachlodu.pl\/sklep\/produkt\/przewody-cn-cnt-do-sterowania-2-jednostkami-praca-rotacyjna-rezerwowa-cz-rcc5\/","name":"Przewody CN-CNT do sterowania 2 jednostkami (praca rotacyjna, rezerwowa) CZ-RCC5","isPartOf":{"@id":"https:\/\/www.fabrykachlodu.pl\/sklep\/#website"},"datePublished":"2023-05-16T07:03:14+00:00","dateModified":"2023-05-16T07:03:26+00:00","description":"Przewody CN-CNT do sterowania 2 jednostkami (praca rotacyjna, rezerwowa) CZ-RCC5","breadcrumb":{"@id":"https:\/\/www.fabrykachlodu.pl\/sklep\/produkt\/przewody-cn-cnt-do-sterowania-2-jednostkami-praca-rotacyjna-rezerwowa-cz-rcc5\/#breadcrumb"},"inLanguage":"pl-PL","potentialAction":[{"@type":"ReadAction","target":["https:\/\/www.fabrykachlodu.pl\/sklep\/produkt\/przewody-cn-cnt-do-sterowania-2-jednostkami-praca-rotacyjna-rezerwowa-cz-rcc5\/"]}]},{"@type":"BreadcrumbList","@id":"https:\/\/www.fabrykachlodu.pl\/sklep\/produkt\/przewody-cn-cnt-do-sterowania-2-jednostkami-praca-rotacyjna-rezerwowa-cz-rcc5\/#breadcrumb","itemListElement":[{"@type":"ListItem","position":1,"name":"Strona g\u0142\u00f3wna","item":"https:\/\/www.fabrykachlodu.pl\/sklep\/"},{"@type":"ListItem","position":2,"name":"Szukasz klimatzyacji biurowej sklepowej lub do mieszkania?","item":"https:\/\/www.fabrykachlodu.pl\/sklep\/"},{"@type":"ListItem","position":3,"name":"Przewody CN-CNT do sterowania 2 jednostkami (praca rotacyjna, rezerwowa) CZ-RCC5"}]},{"@type":"WebSite","@id":"https:\/\/www.fabrykachlodu.pl\/sklep\/#website","url":"https:\/\/www.fabrykachlodu.pl\/sklep\/","name":"\u00b0FC Sklep Internetowy monta\u017c klimatyzacji pomp ciep\u0142a","description":"\u00b0FC monta\u017c klimatyzacji pomp ciep\u0142a z nami to szybki i tani wyb\u00f3r.  Us\u0142ugi monta\u017cowe i serwisowe W Warszawie i okolicach..","potentialAction":[{"@type":"SearchAction","target":{"@type":"EntryPoint","urlTemplate":"https:\/\/www.fabrykachlodu.pl\/sklep\/?s={search_term_string}"},"query-input":"required name=search_term_string"}],"inLanguage":"pl-PL"}]}},"_links":{"self":[{"href":"https:\/\/www.fabrykachlodu.pl\/sklep\/wp-json\/wp\/v2\/product\/91292"}],"collection":[{"href":"https:\/\/www.fabrykachlodu.pl\/sklep\/wp-json\/wp\/v2\/product"}],"about":[{"href":"https:\/\/www.fabrykachlodu.pl\/sklep\/wp-json\/wp\/v2\/types\/product"}],"wp:featuredmedia":[{"embeddable":true,"href":"https:\/\/www.fabrykachlodu.pl\/sklep\/wp-json\/wp\/v2\/media\/89918"}],"wp:attachment":[{"href":"https:\/\/www.fabrykachlodu.pl\/sklep\/wp-json\/wp\/v2\/media?parent=91292"}],"wp:term":[{"taxonomy":"product_cat","embeddable":true,"href":"https:\/\/www.fabrykachlodu.pl\/sklep\/wp-json\/wp\/v2\/product_cat?post=91292"},{"taxonomy":"product_tag","embeddable":true,"href":"https:\/\/www.fabrykachlodu.pl\/sklep\/wp-json\/wp\/v2\/product_tag?post=91292"}],"curies":[{"name":"wp","href":"https:\/\/api.w.org\/{rel}","templated":true}]}}