{"id":91320,"date":"2023-05-16T09:03:35","date_gmt":"2023-05-16T07:03:35","guid":{"rendered":"https:\/\/www.fabrykachlodu.pl\/sklep\/?post_type=product&#038;p=91320"},"modified":"2023-05-16T09:03:47","modified_gmt":"2023-05-16T07:03:47","slug":"zestaw-do-wspolpracy-z-ahu-dla-agregatow-paci-nx-i-big-pac-7900-cold-kw-36-232-hot-kw-40-280-sku-paw-280pah3m-1","status":"publish","type":"product","link":"https:\/\/www.fabrykachlodu.pl\/sklep\/produkt\/zestaw-do-wspolpracy-z-ahu-dla-agregatow-paci-nx-i-big-pac-7900-cold-kw-36-232-hot-kw-40-280-sku-paw-280pah3m-1\/","title":{"rendered":"ZESTAW DO WSP\u00d3\u0141PRACY Z AHU DLA AGREGAT\u00d3W PACi NX I BIG PAC- 7900; COLD kW 3,6-23,2; HOT kW 4,0-28,0; SKU PAW-280PAH3M-1"},"content":{"rendered":"<br \/>\n<h2>Zam\u00f3wienie dotyczy: ZESTAW DO WSP\u00d3\u0141PRACY Z AHU DLA AGREGAT\u00d3W PACi NX I BIG PAC- 7900; COLD kW 3,6-23,2; HOT kW 4,0-28,0; SKU S-3650PK3EWydajno\u015b\u0107 ch\u0142odnicza (kW) 3,6-23,2 Wydajno\u015b\u0107 grzewcza (kW) 4,0-28,0 Cena katalogowa PLN 7900 <\/h2>\n<p><h3><strong>W jednym miejscu poznasz:<\/strong><\/h3>\n<p> Najwa\u017cniejsze funkcje<br \/> Por\u00f3wnasz produkty<br \/> Poznasz parametry techniczne<br \/> Poznasz cen\u0119 i zrealizujesz zam\u00f3wienie<br \/> Otrzymasz ofert\u0119 zakupu ratalnego lub leasingu<br \/><strong><\/p>\n<h3>Czy wiesz, \u017ce:<\/strong><\/h3>\n<p>Zwi\u0119kszony komfort i znaczne oszcz\u0119dno\u015bci.<strong><\/p>\n<h3>Zlecaj\u0105c nam monta\u017c otrzymasz:<\/strong><\/h3>\n<p> ZESTAW DO WSP\u00d3\u0141PRACY Z AHU DLA AGREGAT\u00d3W PACi NX I BIG PAC- 7900; COLD kW 3,6-23,2; HOT kW 4,0-28,0; SKU S-3650PK3E z rabatem kupuj\u0105c w naszym sklepie online lub wybieraj\u0105c monta\u017c <br \/> Gwarancje <br \/> Kompletne pod\u0142\u0105czenie elektryczne oraz hydrauliczne<br \/>ZESTAW DO WSP\u00d3\u0141PRACY Z AHU DLA AGREGAT\u00d3W PACi NX I BIG PAC- 7900; COLD kW 3,6-23,2; HOT kW 4,0-28,0; SKU S-3650PK3E z rabatem kupuj\u0105c w naszym sklepie online lub wybieraj\u0105c monta\u017c <br \/> Gwarancje <br \/> Kompletne pod\u0142\u0105czenie elektryczne oraz hydrauliczne<br \/>Zestawy AHU PACi Panasonic<\/p>\n<p>Zestawy AHU oferowane przez firm\u0119 Panasonic wyposa\u017cono w wiele opcji przy\u0142\u0105czeniowych w taki spos\u00f3b, \u017ce mo\u017cna je \u0142atwo wbudowywa\u0107 w istniej\u0105ce uk\u0142ady. Zastosowanie: hotele, biurowce, serwerownie i wszystkie du\u017ce budynki wymagaj\u0105ce kontroli jako\u015bci powietrza, a zw\u0142aszcza kontroli wilgotno\u015bci i dop\u0142ywu powietrza \u015bwie\u017cego.<\/p>\n<p>Charakterystyka techniczna<\/p>\n<p>Zestawy AHU pozwalaj\u0105 pod\u0142\u0105czy\u0107 do wymiennika w centrali wentylacyjnej jednostk\u0105 zewn\u0119trzn\u0105 PACi (Elie i Strandard) w zakresie wydajno\u015bci od 5 do 25 kW.<\/p>\n<p>G\u0142\u00f3wne podzespo\u0142y systemu wentylacji mechanicznej to: centrala wentylacyjna (AHU), kana\u0142y powietrza oraz elementy s\u0142u\u017c\u0105ce do rozprowadzania powietrza.<br \/>\nZestaw AHU-KIT zosta\u0142 opracowany w celu lepszego zaspokojenia potrzeb klient\u00f3w: zwi\u0119kszono stopie\u0144 ochrony do IP 65 (mo\u017cliwa instalacja na zewn\u0105trz), oraz dodano mo\u017cliwo\u015b\u0107 wysterowania sygna\u0142em 0-10V*, co u\u0142atwi\u0142o zarz\u0105dzanie z systemu BMS.<\/p>\n<p>MODELE<\/p>\n<p>Zestaw Deluxe PAW-280PAH2 <\/p>\n<p>IP 65<br \/>\nSterowanie zapotrzebowaniem sygna\u0142em 0-10 V*<br \/>\nKompensacja zmiany temperatury zewn\u0119trznej. Zapobieganie zimnemu nadmuchowi.<\/p>\n<p>Zestaw Medium PAW-280PAH2M <\/p>\n<p>IP 65<br \/>\nSterowanie zapotrzebowaniem sygna\u0142em 0-10 V*<\/p>\n<p>Zestaw Light PAW-280PAH2L<\/p>\n<p>IP 65MODELE<\/p>\n","protected":false},"excerpt":{"rendered":"<p><span style=\"color: #000000;\"><strong>Najwa\u017cniejsze zalety<\/strong><\/span>[dt_list style=\"1\" bullet_position=\"middle\" dividers=\"true\"][dt_list style=\"1\" bullet_position=\"middle\" dividers=\"true\"][dt_list_item image=\"\"]G\u0142\u00f3wne podzespo\u0142y systemu wentylacji mechanicznej to: centrala wentylacyjna (ahu), kana\u0142y powietrza oraz elementy s\u0142u\u017c\u0105ce do rozprowadzania powietrza.[\/dt_list_item][dt_list_item image=\"\"]Zestaw ahu-kit zosta\u0142 opracowany w celu lepszego zaspokojenia potrzeb klient\u00f3w: zwi\u0119kszono stopie\u0144 ochrony do ip 65 (mo\u017cliwa instalacja na zewn\u0105trz), oraz dodano mo\u017cliwo\u015b\u0107 wysterowania sygna\u0142em 0-10v*, co u\u0142atwi\u0142o zarz\u0105dzanie z systemu bms.[\/dt_list_item][dt_list_item image=\"\"]Szybka dostawa, serwis, cz\u0119\u015bci zamienne, akcesoria[\/dt_list_item][dt_list_item image=\"\"]Szybka dostawa, serwis, cz\u0119\u015bci zamienne, akcesoria[\/dt_list_item][\/dt_list]<\/p>\n","protected":false},"featured_media":89990,"template":"","meta":[],"product_cat":[7384,401,189],"product_tag":[7242],"yoast_head":"<!-- This site is optimized with the Yoast SEO plugin v22.1 - https:\/\/yoast.com\/wordpress\/plugins\/seo\/ -->\n<title>ZESTAW DO WSP\u00d3\u0141PRACY Z AHU DLA AGREGAT\u00d3W PACi NX I BIG PAC- 7900; COLD kW 3,6-23,2; HOT kW 4,0-28,0; SKU PAW-280PAH3M-1<\/title>\n<meta name=\"description\" content=\"ZESTAW DO WSP\u00d3\u0141PRACY Z AHU DLA AGREGAT\u00d3W PACi NX I BIG PAC- 7900; COLD kW 3,6-23,2; HOT kW 4,0-28,0; SKU PAW-280PAH3M-1\" \/>\n<meta name=\"robots\" content=\"index, follow, max-snippet:-1, max-image-preview:large, max-video-preview:-1\" \/>\n<link rel=\"canonical\" href=\"https:\/\/www.fabrykachlodu.pl\/sklep\/produkt\/zestaw-do-wspolpracy-z-ahu-dla-agregatow-paci-nx-i-big-pac-7900-cold-kw-36-232-hot-kw-40-280-sku-paw-280pah3m-1\/\" \/>\n<meta name=\"twitter:label1\" content=\"Szacowany czas czytania\" \/>\n\t<meta name=\"twitter:data1\" content=\"2 minuty\" \/>\n<script type=\"application\/ld+json\" class=\"yoast-schema-graph\">{\"@context\":\"https:\/\/schema.org\",\"@graph\":[{\"@type\":\"WebPage\",\"@id\":\"https:\/\/www.fabrykachlodu.pl\/sklep\/produkt\/zestaw-do-wspolpracy-z-ahu-dla-agregatow-paci-nx-i-big-pac-7900-cold-kw-36-232-hot-kw-40-280-sku-paw-280pah3m-1\/\",\"url\":\"https:\/\/www.fabrykachlodu.pl\/sklep\/produkt\/zestaw-do-wspolpracy-z-ahu-dla-agregatow-paci-nx-i-big-pac-7900-cold-kw-36-232-hot-kw-40-280-sku-paw-280pah3m-1\/\",\"name\":\"ZESTAW DO WSP\u00d3\u0141PRACY Z AHU DLA AGREGAT\u00d3W PACi NX I BIG PAC- 7900; COLD kW 3,6-23,2; HOT kW 4,0-28,0; SKU PAW-280PAH3M-1\",\"isPartOf\":{\"@id\":\"https:\/\/www.fabrykachlodu.pl\/sklep\/#website\"},\"datePublished\":\"2023-05-16T07:03:35+00:00\",\"dateModified\":\"2023-05-16T07:03:47+00:00\",\"description\":\"ZESTAW DO WSP\u00d3\u0141PRACY Z AHU DLA AGREGAT\u00d3W PACi NX I BIG PAC- 7900; COLD kW 3,6-23,2; HOT kW 4,0-28,0; SKU PAW-280PAH3M-1\",\"breadcrumb\":{\"@id\":\"https:\/\/www.fabrykachlodu.pl\/sklep\/produkt\/zestaw-do-wspolpracy-z-ahu-dla-agregatow-paci-nx-i-big-pac-7900-cold-kw-36-232-hot-kw-40-280-sku-paw-280pah3m-1\/#breadcrumb\"},\"inLanguage\":\"pl-PL\",\"potentialAction\":[{\"@type\":\"ReadAction\",\"target\":[\"https:\/\/www.fabrykachlodu.pl\/sklep\/produkt\/zestaw-do-wspolpracy-z-ahu-dla-agregatow-paci-nx-i-big-pac-7900-cold-kw-36-232-hot-kw-40-280-sku-paw-280pah3m-1\/\"]}]},{\"@type\":\"BreadcrumbList\",\"@id\":\"https:\/\/www.fabrykachlodu.pl\/sklep\/produkt\/zestaw-do-wspolpracy-z-ahu-dla-agregatow-paci-nx-i-big-pac-7900-cold-kw-36-232-hot-kw-40-280-sku-paw-280pah3m-1\/#breadcrumb\",\"itemListElement\":[{\"@type\":\"ListItem\",\"position\":1,\"name\":\"Strona g\u0142\u00f3wna\",\"item\":\"https:\/\/www.fabrykachlodu.pl\/sklep\/\"},{\"@type\":\"ListItem\",\"position\":2,\"name\":\"Szukasz klimatzyacji biurowej sklepowej lub do mieszkania?\",\"item\":\"https:\/\/www.fabrykachlodu.pl\/sklep\/\"},{\"@type\":\"ListItem\",\"position\":3,\"name\":\"ZESTAW DO WSP\u00d3\u0141PRACY Z AHU DLA AGREGAT\u00d3W PACi NX I BIG PAC- 7900; COLD kW 3,6-23,2; HOT kW 4,0-28,0; SKU PAW-280PAH3M-1\"}]},{\"@type\":\"WebSite\",\"@id\":\"https:\/\/www.fabrykachlodu.pl\/sklep\/#website\",\"url\":\"https:\/\/www.fabrykachlodu.pl\/sklep\/\",\"name\":\"\u00b0FC Sklep Internetowy monta\u017c klimatyzacji pomp ciep\u0142a\",\"description\":\"\u00b0FC monta\u017c klimatyzacji pomp ciep\u0142a z nami to szybki i tani wyb\u00f3r.  Us\u0142ugi monta\u017cowe i serwisowe W Warszawie i okolicach..\",\"potentialAction\":[{\"@type\":\"SearchAction\",\"target\":{\"@type\":\"EntryPoint\",\"urlTemplate\":\"https:\/\/www.fabrykachlodu.pl\/sklep\/?s={search_term_string}\"},\"query-input\":\"required name=search_term_string\"}],\"inLanguage\":\"pl-PL\"}]}<\/script>\n<!-- \/ Yoast SEO plugin. -->","yoast_head_json":{"title":"ZESTAW DO WSP\u00d3\u0141PRACY Z AHU DLA AGREGAT\u00d3W PACi NX I BIG PAC- 7900; COLD kW 3,6-23,2; HOT kW 4,0-28,0; SKU PAW-280PAH3M-1","description":"ZESTAW DO WSP\u00d3\u0141PRACY Z AHU DLA AGREGAT\u00d3W PACi NX I BIG PAC- 7900; COLD kW 3,6-23,2; HOT kW 4,0-28,0; SKU PAW-280PAH3M-1","robots":{"index":"index","follow":"follow","max-snippet":"max-snippet:-1","max-image-preview":"max-image-preview:large","max-video-preview":"max-video-preview:-1"},"canonical":"https:\/\/www.fabrykachlodu.pl\/sklep\/produkt\/zestaw-do-wspolpracy-z-ahu-dla-agregatow-paci-nx-i-big-pac-7900-cold-kw-36-232-hot-kw-40-280-sku-paw-280pah3m-1\/","twitter_misc":{"Szacowany czas czytania":"2 minuty"},"schema":{"@context":"https:\/\/schema.org","@graph":[{"@type":"WebPage","@id":"https:\/\/www.fabrykachlodu.pl\/sklep\/produkt\/zestaw-do-wspolpracy-z-ahu-dla-agregatow-paci-nx-i-big-pac-7900-cold-kw-36-232-hot-kw-40-280-sku-paw-280pah3m-1\/","url":"https:\/\/www.fabrykachlodu.pl\/sklep\/produkt\/zestaw-do-wspolpracy-z-ahu-dla-agregatow-paci-nx-i-big-pac-7900-cold-kw-36-232-hot-kw-40-280-sku-paw-280pah3m-1\/","name":"ZESTAW DO WSP\u00d3\u0141PRACY Z AHU DLA AGREGAT\u00d3W PACi NX I BIG PAC- 7900; COLD kW 3,6-23,2; HOT kW 4,0-28,0; SKU PAW-280PAH3M-1","isPartOf":{"@id":"https:\/\/www.fabrykachlodu.pl\/sklep\/#website"},"datePublished":"2023-05-16T07:03:35+00:00","dateModified":"2023-05-16T07:03:47+00:00","description":"ZESTAW DO WSP\u00d3\u0141PRACY Z AHU DLA AGREGAT\u00d3W PACi NX I BIG PAC- 7900; COLD kW 3,6-23,2; HOT kW 4,0-28,0; SKU PAW-280PAH3M-1","breadcrumb":{"@id":"https:\/\/www.fabrykachlodu.pl\/sklep\/produkt\/zestaw-do-wspolpracy-z-ahu-dla-agregatow-paci-nx-i-big-pac-7900-cold-kw-36-232-hot-kw-40-280-sku-paw-280pah3m-1\/#breadcrumb"},"inLanguage":"pl-PL","potentialAction":[{"@type":"ReadAction","target":["https:\/\/www.fabrykachlodu.pl\/sklep\/produkt\/zestaw-do-wspolpracy-z-ahu-dla-agregatow-paci-nx-i-big-pac-7900-cold-kw-36-232-hot-kw-40-280-sku-paw-280pah3m-1\/"]}]},{"@type":"BreadcrumbList","@id":"https:\/\/www.fabrykachlodu.pl\/sklep\/produkt\/zestaw-do-wspolpracy-z-ahu-dla-agregatow-paci-nx-i-big-pac-7900-cold-kw-36-232-hot-kw-40-280-sku-paw-280pah3m-1\/#breadcrumb","itemListElement":[{"@type":"ListItem","position":1,"name":"Strona g\u0142\u00f3wna","item":"https:\/\/www.fabrykachlodu.pl\/sklep\/"},{"@type":"ListItem","position":2,"name":"Szukasz klimatzyacji biurowej sklepowej lub do mieszkania?","item":"https:\/\/www.fabrykachlodu.pl\/sklep\/"},{"@type":"ListItem","position":3,"name":"ZESTAW DO WSP\u00d3\u0141PRACY Z AHU DLA AGREGAT\u00d3W PACi NX I BIG PAC- 7900; COLD kW 3,6-23,2; HOT kW 4,0-28,0; SKU PAW-280PAH3M-1"}]},{"@type":"WebSite","@id":"https:\/\/www.fabrykachlodu.pl\/sklep\/#website","url":"https:\/\/www.fabrykachlodu.pl\/sklep\/","name":"\u00b0FC Sklep Internetowy monta\u017c klimatyzacji pomp ciep\u0142a","description":"\u00b0FC monta\u017c klimatyzacji pomp ciep\u0142a z nami to szybki i tani wyb\u00f3r.  Us\u0142ugi monta\u017cowe i serwisowe W Warszawie i okolicach..","potentialAction":[{"@type":"SearchAction","target":{"@type":"EntryPoint","urlTemplate":"https:\/\/www.fabrykachlodu.pl\/sklep\/?s={search_term_string}"},"query-input":"required name=search_term_string"}],"inLanguage":"pl-PL"}]}},"_links":{"self":[{"href":"https:\/\/www.fabrykachlodu.pl\/sklep\/wp-json\/wp\/v2\/product\/91320"}],"collection":[{"href":"https:\/\/www.fabrykachlodu.pl\/sklep\/wp-json\/wp\/v2\/product"}],"about":[{"href":"https:\/\/www.fabrykachlodu.pl\/sklep\/wp-json\/wp\/v2\/types\/product"}],"wp:featuredmedia":[{"embeddable":true,"href":"https:\/\/www.fabrykachlodu.pl\/sklep\/wp-json\/wp\/v2\/media\/89990"}],"wp:attachment":[{"href":"https:\/\/www.fabrykachlodu.pl\/sklep\/wp-json\/wp\/v2\/media?parent=91320"}],"wp:term":[{"taxonomy":"product_cat","embeddable":true,"href":"https:\/\/www.fabrykachlodu.pl\/sklep\/wp-json\/wp\/v2\/product_cat?post=91320"},{"taxonomy":"product_tag","embeddable":true,"href":"https:\/\/www.fabrykachlodu.pl\/sklep\/wp-json\/wp\/v2\/product_tag?post=91320"}],"curies":[{"name":"wp","href":"https:\/\/api.w.org\/{rel}","templated":true}]}}